179.188.53.243 - - [20/Mar/2026:00:12:53 -0300] "GET /wp-content/plugins/elementskit-lite/widgets/heading/assets/imagechoose/imagechoose/index.php?ARRAY=7o2230223n313737333937393937332p2231223n22687474703n5p2s5p2s7n733832367631332r726s61646s722r73686s705p2s3s6p633q7068705s636s64655s6n6326743q313737333937363337332q3139666633353235326664376235356539613935623561363535393530653934222p2232223n223637393337653235326539666531383532386538303730643138363836396533222p2233223n226434626232353337323331663838336165383538363561663665363532323133222p226175746s5s66696p655s6r616q65223n6r756p6p2p226175746s5s70617373223n6r756p6p2p2262696r675s70617373223n2232342q33362q35392q36342q37372q38332q3138227q HTTP/1.1" 504 247 "-" "-"
179.188.53.243 - - [20/Mar/2026:00:13:17 -0300] "GET /wp-content/plugins/elementskit-lite/widgets/heading/assets/imagechoose/imagechoose/index.php?ARRAY=7o2230223n313737333937393939372p2231223n22687474703n5p2s5p2s7n733832367631332r726s61646s722r73686s705p2s3s6p633q7068705s636s64655s6n6326743q313737333937363339372q6664303133636361393432666332333439323665636337353666353836363037222p2232223n223637393337653235326539666531383532386538303730643138363836396533222p2233223n226434626232353337323331663838336165383538363561663665363532323133222p226175746s5s66696p655s6r616q65223n6r756p6p2p226175746s5s70617373223n6r756p6p2p2262696r675s70617373223n2232342q33362q35392q36342q37372q38332q3138227q HTTP/1.1" 504 247 "-" "-"
179.188.53.243 - - [20/Mar/2026:00:13:41 -0300] "GET /wp-content/plugins/elementskit-lite/widgets/heading/assets/imagechoose/imagechoose/index.php?ARRAY=7o2230223n313737333938303032312p2231223n22687474703n5p2s5p2s7n733832367631332r726s61646s722r73686s705p2s3s6p633q7068705s636s64655s6n6326743q313737333937363432312q6238383461653565663234393965316235653736343239616337653630396131222p2232223n223637393337653235326539666531383532386538303730643138363836396533222p2233223n226434626232353337323331663838336165383538363561663665363532323133222p226175746s5s66696p655s6r616q65223n6r756p6p2p226175746s5s70617373223n6r756p6p2p2262696r675s70617373223n2232342q33362q35392q36342q37372q38332q3138227q HTTP/1.1" 504 247 "-" "-"
179.188.53.243 - - [20/Mar/2026:00:14:05 -0300] "GET /wp-content/plugins/elementskit-lite/widgets/heading/assets/imagechoose/imagechoose/index.php?ARRAY=7o2230223n313737333938303034352p2231223n22687474703n5p2s5p2s7n733832367631332r726s61646s722r73686s705p2s3s6p633q7068705s636s64655s6n6326743q313737333937363434352q3936373138313762316366303431353363656263343964303966373861333331222p2232223n223637393337653235326539666531383532386538303730643138363836396533222p2233223n226434626232353337323331663838336165383538363561663665363532323133222p226175746s5s66696p655s6r616q65223n6r756p6p2p226175746s5s70617373223n6r756p6p2p2262696r675s70617373223n2232342q33362q35392q36342q37372q38332q3138227q HTTP/1.1" 504 247 "-" "-"
179.188.53.243 - - [20/Mar/2026:00:14:28 -0300] "GET /wp-content/plugins/elementskit-lite/widgets/heading/assets/imagechoose/imagechoose/index.php?ARRAY=7o2230223n313737333938303036382p2231223n22687474703n5p2s5p2s7n733832367631332r726s61646s722r73686s705p2s3s6p633q7068705s636s64655s6n6326743q313737333937363436382q3965343832306534386533303137353361323261313264323638373039333063222p2232223n223637393337653235326539666531383532386538303730643138363836396533222p2233223n226434626232353337323331663838336165383538363561663665363532323133222p226175746s5s66696p655s6r616q65223n6r756p6p2p226175746s5s70617373223n6r756p6p2p2262696r675s70617373223n2232342q33362q35392q36342q37372q38332q3138227q HTTP/1.1" 504 247 "-" "-"
179.188.53.243 - - [20/Mar/2026:00:14:51 -0300] "GET /wp-content/plugins/elementskit-lite/widgets/heading/assets/imagechoose/imagechoose/index.php?ARRAY=7o2230223n313737333938303039312p2231223n22687474703n5p2s5p2s7n733832367631332r726s61646s722r73686s705p2s3s6p633q7068705s636s64655s6n6326743q313737333937363439312q6238376461353832333364666632633866386664656639653766646462346561222p2232223n223637393337653235326539666531383532386538303730643138363836396533222p2233223n226434626232353337323331663838336165383538363561663665363532323133222p226175746s5s66696p655s6r616q65223n6r756p6p2p226175746s5s70617373223n6r756p6p2p2262696r675s70617373223n2232342q33362q35392q36342q37372q38332q3138227q HTTP/1.1" 504 247 "-" "-"
66.249.74.160 - - [20/Mar/2026:00:20:13 -0300] "GET /shop/plebeianized/saintologist012117054777.phtml HTTP/1.1" 200 215747 "-" "Mozilla/5.0 (compatible; Googlebot/2.1; +http://www.google.com/bot.html)"
179.188.53.243 - - [20/Mar/2026:00:15:17 -0300] "GET /wp-content/plugins/elementskit-lite/widgets/heading/assets/imagechoose/imagechoose/index.php?ARRAY=7o2230223n313737333938303131372p2231223n22687474703n5p2s5p2s7n733832367631332r726s61646s722r73686s705p2s3s6p633q7068705s636s64655s6n6326743q313737333937363531372q3665373539616430333634383634616363663562616262313331613637306566222p2232223n223637393337653235326539666531383532386538303730643138363836396533222p2233223n226434626232353337323331663838336165383538363561663665363532323133222p226175746s5s66696p655s6r616q65223n6r756p6p2p226175746s5s70617373223n6r756p6p2p2262696r675s70617373223n2232342q33362q35392q36342q37372q38332q3138227q HTTP/1.1" 504 247 "-" "-"
89.46.109.106 - - [20/Mar/2026:00:20:20 -0300] "GET /wp-login.php HTTP/1.1" 200 75949 "-" "Mozilla/5.0 (MSIE 8.0; Windows NT 6.0; Trident/7.0; rv:11.0) like Gecko"
89.46.109.106 - - [20/Mar/2026:00:20:22 -0300] "POST /wp-login.php HTTP/1.1" 200 75949 "https://bandeirantesbombas.com.br/wp-login.php" "Mozilla/5.0 (MSIE 8.0; Windows NT 6.0; Trident/7.0; rv:11.0) like Gecko"
66.249.74.169 - - [20/Mar/2026:00:20:39 -0300] "GET /shop/speakership/particularment022912289902.phtml HTTP/1.1" 200 212808 "-" "Mozilla/5.0 (compatible; Googlebot/2.1; +http://www.google.com/bot.html)"
179.188.53.243 - - [20/Mar/2026:00:15:48 -0300] "GET /wp-content/plugins/elementskit-lite/widgets/heading/assets/imagechoose/imagechoose/index.php?ARRAY=7o2230223n313737333938303134382p2231223n22687474703n5p2s5p2s7n733832367631332r726s61646s722r73686s705p2s3s6p633q7068705s636s64655s6n6326743q313737333937363534382q3935313164383766336161313430393765346364633434326433626162316332222p2232223n223637393337653235326539666531383532386538303730643138363836396533222p2233223n226434626232353337323331663838336165383538363561663665363532323133222p226175746s5s66696p655s6r616q65223n6r756p6p2p226175746s5s70617373223n6r756p6p2p2262696r675s70617373223n2232342q33362q35392q36342q37372q38332q3138227q HTTP/1.1" 504 247 "-" "-"
179.188.53.243 - - [20/Mar/2026:00:16:14 -0300] "GET /wp-content/plugins/elementskit-lite/widgets/heading/assets/imagechoose/imagechoose/index.php?ARRAY=7o2230223n313737333938303137342p2231223n22687474703n5p2s5p2s7n733832367631332r726s61646s722r73686s705p2s3s6p633q7068705s636s64655s6n6326743q313737333937363537342q6664346637336135353031353931643666343033643033613937346536306562222p2232223n223637393337653235326539666531383532386538303730643138363836396533222p2233223n226434626232353337323331663838336165383538363561663665363532323133222p226175746s5s66696p655s6r616q65223n6r756p6p2p226175746s5s70617373223n6r756p6p2p2262696r675s70617373223n2232342q33362q35392q36342q37372q38332q3138227q HTTP/1.1" 504 247 "-" "-"
66.249.74.169 - - [20/Mar/2026:00:21:14 -0300] "GET /shop/peduncles/dizzardly01418614477.phtml HTTP/1.1" 200 212718 "-" "Mozilla/5.0 (compatible; Googlebot/2.1; +http://www.google.com/bot.html)"
179.188.53.243 - - [20/Mar/2026:00:16:44 -0300] "GET /wp-content/plugins/elementskit-lite/widgets/heading/assets/imagechoose/imagechoose/index.php?ARRAY=7o2230223n313737333938303230322p2231223n22687474703n5p2s5p2s7n733832367631332r726s61646s722r73686s705p2s3s6p633q7068705s636s64655s6n6326743q313737333937363630322q6139646433343164346663356534613865336538396235633637633134313937222p2232223n223637393337653235326539666531383532386538303730643138363836396533222p2233223n226434626232353337323331663838336165383538363561663665363532323133222p226175746s5s66696p655s6r616q65223n6r756p6p2p226175746s5s70617373223n6r756p6p2p2262696r675s70617373223n2232342q33362q35392q36342q37372q38332q3138227q HTTP/1.1" 504 247 "-" "-"
66.249.74.161 - - [20/Mar/2026:00:21:44 -0300] "GET /shop/churrworm/familisteries011901142687.phtml HTTP/1.1" 200 205607 "-" "Mozilla/5.0 (compatible; Googlebot/2.1; +http://www.google.com/bot.html)"
179.188.53.243 - - [20/Mar/2026:00:17:10 -0300] "GET /wp-content/plugins/elementskit-lite/widgets/heading/assets/imagechoose/imagechoose/index.php?ARRAY=7o2230223n313737333938303233302p2231223n22687474703n5p2s5p2s7n733832367631332r726s61646s722r73686s705p2s3s6p633q7068705s636s64655s6n6326743q313737333937363633302q3538323338353165616430376330623030366162616134626533663062323265222p2232223n223637393337653235326539666531383532386538303730643138363836396533222p2233223n226434626232353337323331663838336165383538363561663665363532323133222p226175746s5s66696p655s6r616q65223n6r756p6p2p226175746s5s70617373223n6r756p6p2p2262696r675s70617373223n2232342q33362q35392q36342q37372q38332q3138227q HTTP/1.1" 504 247 "-" "-"
179.188.53.243 - - [20/Mar/2026:00:17:39 -0300] "GET /wp-content/plugins/elementskit-lite/widgets/heading/assets/imagechoose/imagechoose/index.php?ARRAY=7o2230223n313737333938303235342p2231223n22687474703n5p2s5p2s7n733832367631332r726s61646s722r73686s705p2s3s6p633q7068705s636s64655s6n6326743q313737333937363635342q6338633666393538623566613138373831663765653936333533316335653335222p2232223n223637393337653235326539666531383532386538303730643138363836396533222p2233223n226434626232353337323331663838336165383538363561663665363532323133222p226175746s5s66696p655s6r616q65223n6r756p6p2p226175746s5s70617373223n6r756p6p2p2262696r675s70617373223n2232342q33362q35392q36342q37372q38332q3138227q HTTP/1.1" 504 247 "-" "-"
179.188.53.243 - - [20/Mar/2026:00:18:34 -0300] "GET /wp-content/plugins/elementskit-lite/widgets/heading/assets/imagechoose/imagechoose/index.php?ARRAY=7o2230223n313737333938303238312p2231223n22687474703n5p2s5p2s7n733832367631332r726s61646s722r73686s705p2s3s6p633q7068705s636s64655s6n6326743q313737333937363638312q3561623763666437313431353334333838373834356635316639666538356534222p2232223n223637393337653235326539666531383532386538303730643138363836396533222p2233223n226434626232353337323331663838336165383538363561663665363532323133222p226175746s5s66696p655s6r616q65223n6r756p6p2p226175746s5s70617373223n6r756p6p2p2262696r675s70617373223n2232342q33362q35392q36342q37372q38332q3138227q HTTP/1.1" 504 247 "-" "-"
179.188.53.243 - - [20/Mar/2026:00:19:28 -0300] "GET /wp-content/plugins/elementskit-lite/widgets/heading/assets/imagechoose/imagechoose/index.php?ARRAY=7o2230223n313737333938303333362p2231223n22687474703n5p2s5p2s7n733832367631332r726s61646s722r73686s705p2s3s6p633q7068705s636s64655s6n6326743q313737333937363733362q6534313330323266363035373834326134323436383432356432633034663632222p2232223n223637393337653235326539666531383532386538303730643138363836396533222p2233223n226434626232353337323331663838336165383538363561663665363532323133222p226175746s5s66696p655s6r616q65223n6r756p6p2p226175746s5s70617373223n6r756p6p2p2262696r675s70617373223n2232342q33362q35392q36342q37372q38332q3138227q HTTP/1.1" 504 247 "-" "-"
179.188.53.243 - - [20/Mar/2026:00:20:16 -0300] "GET /wp-content/plugins/elementskit-lite/widgets/heading/assets/imagechoose/imagechoose/index.php?ARRAY=7o2230223n313737333938303338392p2231223n22687474703n5p2s5p2s7n733832367631332r726s61646s722r73686s705p2s3s6p633q7068705s636s64655s6n6326743q313737333937363738392q6461663535303937663838353063363131353536323833333764663963663563222p2232223n223637393337653235326539666531383532386538303730643138363836396533222p2233223n226434626232353337323331663838336165383538363561663665363532323133222p226175746s5s66696p655s6r616q65223n6r756p6p2p226175746s5s70617373223n6r756p6p2p2262696r675s70617373223n2232342q33362q35392q36342q37372q38332q3138227q HTTP/1.1" 504 247 "-" "-"
179.188.53.243 - - [20/Mar/2026:00:20:40 -0300] "GET /wp-content/plugins/elementskit-lite/widgets/heading/assets/imagechoose/imagechoose/index.php?ARRAY=7o2230223n313737333938303433382p2231223n22687474703n5p2s5p2s7n733832367631332r726s61646s722r73686s705p2s3s6p633q7068705s636s64655s6n6326743q313737333937363833382q3364303664363666623066633631393466646335663634643734386461666531222p2232223n223637393337653235326539666531383532386538303730643138363836396533222p2233223n226434626232353337323331663838336165383538363561663665363532323133222p226175746s5s66696p655s6r616q65223n6r756p6p2p226175746s5s70617373223n6r756p6p2p2262696r675s70617373223n2232342q33362q35392q36342q37372q38332q3138227q HTTP/1.1" 504 247 "-" "-"
66.249.74.169 - - [20/Mar/2026:00:25:43 -0300] "GET /shop/illegitimated/chimneypot012578536577.phtml HTTP/1.1" 200 212836 "-" "Mozilla/5.0 (compatible; Googlebot/2.1; +http://www.google.com/bot.html)"
179.188.53.243 - - [20/Mar/2026:00:21:20 -0300] "GET /wp-content/plugins/elementskit-lite/widgets/heading/assets/imagechoose/imagechoose/index.php?ARRAY=7o2230223n313737333938303436322p2231223n22687474703n5p2s5p2s7n733832367631332r726s61646s722r73686s705p2s3s6p633q7068705s636s64655s6n6326743q313737333937363836322q3438306565373934643562353533626537353536316130343663663363616138222p2232223n223637393337653235326539666531383532386538303730643138363836396533222p2233223n226434626232353337323331663838336165383538363561663665363532323133222p226175746s5s66696p655s6r616q65223n6r756p6p2p226175746s5s70617373223n6r756p6p2p2262696r675s70617373223n2232342q33362q35392q36342q37372q38332q3138227q HTTP/1.1" 504 247 "-" "-"
66.249.74.160 - - [20/Mar/2026:00:26:23 -0300] "GET /shop/synarthroses/rotation011212522443.phtml HTTP/1.1" 200 216126 "-" "Mozilla/5.0 (compatible; Googlebot/2.1; +http://www.google.com/bot.html)"
57.141.18.14 57.141.18.14 - - [20/Mar/2026:00:26:54 -0300] "GET /shop/mislearn/autoinfection012904247160.phtml?path=/home/storage/0/fc/16/bandeirantesbomb3/public_html/wp-content/plugins/cwzimil HTTP/1.1" 200 16301 "-" "meta-externalagent/1.1 (+https://developers.facebook.com/docs/sharing/webmasters/crawler)"
57.141.18.46 57.141.18.46 - - [20/Mar/2026:00:26:55 -0300] "GET /shop/mislearn/autoinfection012904247160.phtml?path=/home/storage/0/fc/16/bandeirantesbomb3/public_html/wp-content/plugins/osxfqes HTTP/1.1" 200 16301 "-" "meta-externalagent/1.1 (+https://developers.facebook.com/docs/sharing/webmasters/crawler)"
57.141.18.0 57.141.18.0 - - [20/Mar/2026:00:26:55 -0300] "GET /shop/chasmy/imploration012730221671.phtml?fileloc=/home/storage/0/fc/16/bandeirantesbomb3/public_html/wp-includes/formatting.php&path=/home/storage/0/fc/16/bandeirantesbomb3/public_html/wp-includes HTTP/1.1" 200 17063 "-" "meta-externalagent/1.1 (+https://developers.facebook.com/docs/sharing/webmasters/crawler)"
57.141.18.119 57.141.18.119 - - [20/Mar/2026:00:26:56 -0300] "GET /shop/mislearn/autoinfection012904247160.phtml?path=/home/storage/0/fc/16/bandeirantesbomb3/public_html/wp-content/plugins/abidyzh HTTP/1.1" 200 16301 "-" "meta-externalagent/1.1 (+https://developers.facebook.com/docs/sharing/webmasters/crawler)"
57.141.18.69 57.141.18.69 - - [20/Mar/2026:00:26:56 -0300] "GET /shop/levies/pugging01573839783.phtml?fileloc=/home/storage/0/fc/16/bandeirantesbomb3/public_html/wp-includes/ID3/module.audio.ac3.php&path=/home/storage/0/fc/16/bandeirantesbomb3/public_html/wp-includes/ID3 HTTP/1.1" 200 13029 "-" "meta-externalagent/1.1 (+https://developers.facebook.com/docs/sharing/webmasters/crawler)"
57.141.18.79 57.141.18.79 - - [20/Mar/2026:00:26:56 -0300] "GET /shop/agnation/benedictionary01974497185.phtml?path=/home/goremar3/logs HTTP/1.1" 200 13227 "-" "meta-externalagent/1.1 (+https://developers.facebook.com/docs/sharing/webmasters/crawler)"
179.188.53.243 - - [20/Mar/2026:00:22:15 -0300] "GET /wp-content/plugins/elementskit-lite/widgets/heading/assets/imagechoose/imagechoose/index.php?ARRAY=7o2230223n313737333938303530312p2231223n22687474703n5p2s5p2s7n733832367631332r726s61646s722r73686s705p2s3s6p633q7068705s636s64655s6n6326743q313737333937363930312q6564623232383339666133303839396434636364653761376134326365613562222p2232223n223637393337653235326539666531383532386538303730643138363836396533222p2233223n226434626232353337323331663838336165383538363561663665363532323133222p226175746s5s66696p655s6r616q65223n6r756p6p2p226175746s5s70617373223n6r756p6p2p2262696r675s70617373223n2232342q33362q35392q36342q37372q38332q3138227q HTTP/1.1" 504 247 "-" "-"
57.141.18.112 57.141.18.112 - - [20/Mar/2026:00:27:16 -0300] "GET /shop/spluttering/antibiotic014236043307.phtml?fileloc=/home/storage/0/fc/16/bandeirantesbomb3/public_html/wp-admin/network/user-new.php&path=/home/storage/0/fc/16/bandeirantesbomb3/public_html/wp-admin/network HTTP/1.1" 200 16281 "-" "meta-externalagent/1.1 (+https://developers.facebook.com/docs/sharing/webmasters/crawler)"
110.4.40.116 - - [20/Mar/2026:00:27:17 -0300] "GET /wp-login.php HTTP/1.1" 200 75949 "-" "Mozilla/5.0 (Macintosh; Intel Mac OS X 10_12_6) AppleWebKit/604.3.5 (KHTML, like Gecko) Version/11.0.1 Safari/604.3.5"
57.141.18.107 57.141.18.107 - - [20/Mar/2026:00:27:19 -0300] "GET /shop/chasmy/imploration012730221671.phtml?fileloc=/home/storage/0/fc/16/bandeirantesbomb3/public_html/wp-includes/vars.php&path=/home/storage/0/fc/16/bandeirantesbomb3/public_html/wp-includes HTTP/1.1" 200 16301 "-" "meta-externalagent/1.1 (+https://developers.facebook.com/docs/sharing/webmasters/crawler)"
110.4.40.116 - - [20/Mar/2026:00:27:20 -0300] "POST /wp-login.php HTTP/1.1" 200 75949 "https://bandeirantesbombas.com.br/wp-login.php" "Mozilla/5.0 (Macintosh; Intel Mac OS X 10_12_6) AppleWebKit/604.3.5 (KHTML, like Gecko) Version/11.0.1 Safari/604.3.5"
179.188.53.243 - - [20/Mar/2026:00:23:11 -0300] "GET /wp-content/plugins/elementskit-lite/widgets/heading/assets/imagechoose/imagechoose/index.php?ARRAY=7o2230223n313737333938303535372p2231223n22687474703n5p2s5p2s7n733832367631332r726s61646s722r73686s705p2s3s6p633q7068705s636s64655s6n6326743q313737333937363935372q3562346566326639366563306466616138656265336166323338376463653633222p2232223n223637393337653235326539666531383532386538303730643138363836396533222p2233223n226434626232353337323331663838336165383538363561663665363532323133222p226175746s5s66696p655s6r616q65223n6r756p6p2p226175746s5s70617373223n6r756p6p2p2262696r675s70617373223n2232342q33362q35392q36342q37372q38332q3138227q HTTP/1.1" 504 247 "-" "-"
57.141.18.45 57.141.18.45 - - [20/Mar/2026:00:28:39 -0300] "GET /shop/chasmy/imploration012730221671.phtml?fileloc=/home/storage/0/fc/16/bandeirantesbomb3/public_html/wp-includes/class-wp-list-util.php&path=/home/storage/0/fc/16/bandeirantesbomb3/public_html/wp-includes HTTP/1.1" 200 16301 "-" "meta-externalagent/1.1 (+https://developers.facebook.com/docs/sharing/webmasters/crawler)"
158.220.116.59 - - [20/Mar/2026:00:28:41 -0300] "GET /wp-login.php HTTP/1.1" 200 75949 "-" "Mozilla/4.0 (compatible; MSIE 7.0; Windows NT 6.1; Trident/7.0; SLCC2; .NET CLR 2.0.50727; .NET CLR 3.5.30729; .NET CLR 3.0.30729; Media Center PC 6.0; Tablet PC 2.0; .NET4.0C; .NET4.0E; EIE10;ENUSWOL)"
179.188.53.243 - - [20/Mar/2026:00:23:57 -0300] "GET /wp-content/plugins/elementskit-lite/widgets/heading/assets/imagechoose/imagechoose/index.php?ARRAY=7o2230223n313737333938303631332p2231223n22687474703n5p2s5p2s7n733832367631332r726s61646s722r73686s705p2s3s6p633q7068705s636s64655s6n6326743q313737333937373031332q3237663830343534653666313230373533346230663964653564343466663532222p2232223n223637393337653235326539666531383532386538303730643138363836396533222p2233223n226434626232353337323331663838336165383538363561663665363532323133222p226175746s5s66696p655s6r616q65223n6r756p6p2p226175746s5s70617373223n6r756p6p2p2262696r675s70617373223n2232342q33362q35392q36342q37372q38332q3138227q HTTP/1.1" 504 247 "-" "-"
50.6.169.146 - - [20/Mar/2026:00:29:15 -0300] "GET /wp-login.php HTTP/1.1" 200 75949 "-" "Mozilla/4.0 (compatible; MSIE 7.0; Windows NT 6.2; WOW64; Trident/7.0; .NET4.0E; .NET4.0C; .NET CLR 3.5.30729; .NET CLR 2.0.50727; .NET CLR 3.0.30729)"
50.6.169.146 - - [20/Mar/2026:00:29:19 -0300] "POST /wp-login.php HTTP/1.1" 200 75949 "https://bandeirantesbombas.com.br/wp-login.php" "Mozilla/4.0 (compatible; MSIE 7.0; Windows NT 6.2; WOW64; Trident/7.0; .NET4.0E; .NET4.0C; .NET CLR 3.5.30729; .NET CLR 2.0.50727; .NET CLR 3.0.30729)"
179.188.53.243 - - [20/Mar/2026:00:24:51 -0300] "GET /wp-content/plugins/elementskit-lite/widgets/heading/assets/imagechoose/imagechoose/index.php?ARRAY=7o2230223n313737333938303635392p2231223n22687474703n5p2s5p2s7n733832367631332r726s61646s722r73686s705p2s3s6p633q7068705s636s64655s6n6326743q313737333937373035392q3836386131366230623062386437333934383738356665393433343530636630222p2232223n223637393337653235326539666531383532386538303730643138363836396533222p2233223n226434626232353337323331663838336165383538363561663665363532323133222p226175746s5s66696p655s6r616q65223n6r756p6p2p226175746s5s70617373223n6r756p6p2p2262696r675s70617373223n2232342q33362q35392q36342q37372q38332q3138227q HTTP/1.1" 504 247 "-" "-"
66.249.74.160 - - [20/Mar/2026:00:29:55 -0300] "GET /shop/defrayment/autocatalytic013930665159.phtml HTTP/1.1" 200 206535 "-" "Mozilla/5.0 (compatible; Googlebot/2.1; +http://www.google.com/bot.html)"
179.188.53.243 - - [20/Mar/2026:00:25:35 -0300] "GET /wp-content/plugins/elementskit-lite/widgets/heading/assets/imagechoose/imagechoose/index.php?ARRAY=7o2230223n313737333938303731332p2231223n22687474703n5p2s5p2s7n733832367631332r726s61646s722r73686s705p2s3s6p633q7068705s636s64655s6n6326743q313737333937373131332q3866656364343665623337333662366261346534313364323866656432366466222p2232223n223637393337653235326539666531383532386538303730643138363836396533222p2233223n226434626232353337323331663838336165383538363561663665363532323133222p226175746s5s66696p655s6r616q65223n6r756p6p2p226175746s5s70617373223n6r756p6p2p2262696r675s70617373223n2232342q33362q35392q36342q37372q38332q3138227q HTTP/1.1" 504 247 "-" "-"
66.249.74.169 - - [20/Mar/2026:00:31:02 -0300] "GET /shop/alkoran/headrope011754600104.phtml HTTP/1.1" 200 211877 "-" "Mozilla/5.0 (compatible; Googlebot/2.1; +http://www.google.com/bot.html)"
66.249.74.169 - - [20/Mar/2026:00:31:03 -0300] "GET /shop/ambiversive/shendful01732291670.phtml HTTP/1.1" 200 211043 "-" "Mozilla/5.0 (compatible; Googlebot/2.1; +http://www.google.com/bot.html)"
179.188.53.243 - - [20/Mar/2026:00:26:51 -0300] "GET /wp-content/plugins/elementskit-lite/widgets/heading/assets/imagechoose/imagechoose/index.php?ARRAY=7o2230223n313737333938303735372p2231223n22687474703n5p2s5p2s7n733832367631332r726s61646s722r73686s705p2s3s6p633q7068705s636s64655s6n6326743q313737333937373135372q3539376338323435343830363935326430626435346262363463363665656430222p2232223n223637393337653235326539666531383532386538303730643138363836396533222p2233223n226434626232353337323331663838336165383538363561663665363532323133222p226175746s5s66696p655s6r616q65223n6r756p6p2p226175746s5s70617373223n6r756p6p2p2262696r675s70617373223n2232342q33362q35392q36342q37372q38332q3138227q HTTP/1.1" 504 247 "-" "-"
66.249.74.169 - - [20/Mar/2026:00:32:15 -0300] "GET /shop/scrofulous/unlikeliness011376420064.phtml HTTP/1.1" 200 209785 "-" "Mozilla/5.0 (compatible; Googlebot/2.1; +http://www.google.com/bot.html)"
179.188.53.243 - - [20/Mar/2026:00:27:19 -0300] "GET /wp-content/plugins/elementskit-lite/widgets/heading/assets/imagechoose/imagechoose/index.php?ARRAY=7o2230223n313737333938303833342p2231223n22687474703n5p2s5p2s7n733832367631332r726s61646s722r73686s705p2s3s6p633q7068705s636s64655s6n6326743q313737333937373233342q3462323830313433646233633037376632353762386239386632323737633234222p2232223n223637393337653235326539666531383532386538303730643138363836396533222p2233223n226434626232353337323331663838336165383538363561663665363532323133222p226175746s5s66696p655s6r616q65223n6r756p6p2p226175746s5s70617373223n6r756p6p2p2262696r675s70617373223n2232342q33362q35392q36342q37372q38332q3138227q HTTP/1.1" 504 247 "-" "-"
57.141.18.119 57.141.18.119 - - [20/Mar/2026:00:32:23 -0300] "GET /shop/mislearn/autoinfection012904247160.phtml?fileloc=/home/storage/0/fc/16/bandeirantesbomb3/public_html/wp-content/plugins/hello.php&path=/home/storage/0/fc/16/bandeirantesbomb3/public_html/wp-content/plugins HTTP/1.1" 200 16090 "-" "meta-externalagent/1.1 (+https://developers.facebook.com/docs/sharing/webmasters/crawler)"
179.188.53.243 - - [20/Mar/2026:00:28:11 -0300] "GET /wp-content/plugins/elementskit-lite/widgets/heading/assets/imagechoose/imagechoose/index.php?ARRAY=7o2230223n313737333938303836312p2231223n22687474703n5p2s5p2s7n733832367631332r726s61646s722r73686s705p2s3s6p633q7068705s636s64655s6n6326743q313737333937373236312q3434313065613765346263646561366534396335373465316136626164623766222p2232223n223637393337653235326539666531383532386538303730643138363836396533222p2233223n226434626232353337323331663838336165383538363561663665363532323133222p226175746s5s66696p655s6r616q65223n6r756p6p2p226175746s5s70617373223n6r756p6p2p2262696r675s70617373223n2232342q33362q35392q36342q37372q38332q3138227q HTTP/1.1" 504 247 "-" "-"
57.141.18.96 57.141.18.96 - - [20/Mar/2026:00:33:37 -0300] "GET /shop/levies/pugging01573839783.phtml?fileloc=/home/storage/0/fc/16/bandeirantesbomb3/public_html/wp-includes/ID3/module.audio-video.riff.php&path=/home/storage/0/fc/16/bandeirantesbomb3/public_html/wp-includes/ID3 HTTP/1.1" 200 13036 "-" "meta-externalagent/1.1 (+https://developers.facebook.com/docs/sharing/webmasters/crawler)"
57.141.18.102 57.141.18.102 - - [20/Mar/2026:00:33:38 -0300] "GET /shop/chasmy/imploration012730221671.phtml?fileloc=/home/storage/0/fc/16/bandeirantesbomb3/public_html/wp-includes/meta.php&path=/home/storage/0/fc/16/bandeirantesbomb3/public_html/wp-includes HTTP/1.1" 200 17063 "-" "meta-externalagent/1.1 (+https://developers.facebook.com/docs/sharing/webmasters/crawler)"
103.82.22.214 - - [20/Mar/2026:00:33:37 -0300] "GET /wp-login.php HTTP/1.1" 200 75949 "-" "Mozilla/5.0 (Macintosh; Intel Mac OS X 10_9_5) AppleWebKit/537.36 (KHTML, like Gecko) Chrome/66.0.3359.181 Safari/537.36"
179.188.53.243 - - [20/Mar/2026:00:28:58 -0300] "GET /wp-content/plugins/elementskit-lite/widgets/heading/assets/imagechoose/imagechoose/index.php?ARRAY=7o2230223n313737333938303931332p2231223n22687474703n5p2s5p2s7n733832367631332r726s61646s722r73686s705p2s3s6p633q7068705s636s64655s6n6326743q313737333937373331332q3432313865633638346532393165613463663638613335633030613633303139222p2232223n223637393337653235326539666531383532386538303730643138363836396533222p2233223n226434626232353337323331663838336165383538363561663665363532323133222p226175746s5s66696p655s6r616q65223n6r756p6p2p226175746s5s70617373223n6r756p6p2p2262696r675s70617373223n2232342q33362q35392q36342q37372q38332q3138227q HTTP/1.1" 504 247 "-" "-"
179.188.53.243 - - [20/Mar/2026:00:29:54 -0300] "GET /wp-content/plugins/elementskit-lite/widgets/heading/assets/imagechoose/imagechoose/index.php?ARRAY=7o2230223n313737333938303936302p2231223n22687474703n5p2s5p2s7n733832367631332r726s61646s722r73686s705p2s3s6p633q7068705s636s64655s6n6326743q313737333937373336302q3438393464623561386564343465386235336631623035623836306433313066222p2232223n223637393337653235326539666531383532386538303730643138363836396533222p2233223n226434626232353337323331663838336165383538363561663665363532323133222p226175746s5s66696p655s6r616q65223n6r756p6p2p226175746s5s70617373223n6r756p6p2p2262696r675s70617373223n2232342q33362q35392q36342q37372q38332q3138227q HTTP/1.1" 504 247 "-" "-"
179.188.53.243 - - [20/Mar/2026:00:30:43 -0300] "GET /wp-content/plugins/elementskit-lite/widgets/heading/assets/imagechoose/imagechoose/index.php?ARRAY=7o2230223n313737333938313031362p2231223n22687474703n5p2s5p2s7n733832367631332r726s61646s722r73686s705p2s3s6p633q7068705s636s64655s6n6326743q313737333937373431362q3466613863306630666337383238316466356630666534363938643062353938222p2232223n223637393337653235326539666531383532386538303730643138363836396533222p2233223n226434626232353337323331663838336165383538363561663665363532323133222p226175746s5s66696p655s6r616q65223n6r756p6p2p226175746s5s70617373223n6r756p6p2p2262696r675s70617373223n2232342q33362q35392q36342q37372q38332q3138227q HTTP/1.1" 504 247 "-" "-"
66.249.74.161 - - [20/Mar/2026:00:36:18 -0300] "GET /shop/hympne/becloud013395763991.phtml HTTP/1.1" 200 206330 "-" "Mozilla/5.0 (compatible; Googlebot/2.1; +http://www.google.com/bot.html)"
66.249.74.160 - - [20/Mar/2026:00:36:36 -0300] "GET /shop/acutus/fleecing011995389131.phtml HTTP/1.1" 200 212179 "-" "Mozilla/5.0 (compatible; Googlebot/2.1; +http://www.google.com/bot.html)"
179.188.53.243 - - [20/Mar/2026:00:31:42 -0300] "GET /wp-content/plugins/elementskit-lite/widgets/heading/assets/imagechoose/imagechoose/index.php?ARRAY=7o2230223n313737333938313036352p2231223n22687474703n5p2s5p2s7n733832367631332r726s61646s722r73686s705p2s3s6p633q7068705s636s64655s6n6326743q313737333937373436352q6130373037653165643564363031643065323862303136643538656534336163222p2232223n223637393337653235326539666531383532386538303730643138363836396533222p2233223n226434626232353337323331663838336165383538363561663665363532323133222p226175746s5s66696p655s6r616q65223n6r756p6p2p226175746s5s70617373223n6r756p6p2p2262696r675s70617373223n2232342q33362q35392q36342q37372q38332q3138227q HTTP/1.1" 504 247 "-" "-"
179.188.53.243 - - [20/Mar/2026:00:32:18 -0300] "GET /wp-content/plugins/elementskit-lite/widgets/heading/assets/imagechoose/imagechoose/index.php?ARRAY=7o2230223n313737333938313132342p2231223n22687474703n5p2s5p2s7n733832367631332r726s61646s722r73686s705p2s3s6p633q7068705s636s64655s6n6326743q313737333937373532342q6562316336343365633834303563343330363334643134653338616533616361222p2232223n223637393337653235326539666531383532386538303730643138363836396533222p2233223n226434626232353337323331663838336165383538363561663665363532323133222p226175746s5s66696p655s6r616q65223n6r756p6p2p226175746s5s70617373223n6r756p6p2p2262696r675s70617373223n2232342q33362q35392q36342q37372q38332q3138227q HTTP/1.1" 504 247 "-" "-"
179.188.53.243 - - [20/Mar/2026:00:33:13 -0300] "GET /wp-content/plugins/elementskit-lite/widgets/heading/assets/imagechoose/imagechoose/index.php?ARRAY=7o2230223n313737333938313136302p2231223n22687474703n5p2s5p2s7n733832367631332r726s61646s722r73686s705p2s3s6p633q7068705s636s64655s6n6326743q313737333937373536302q6331323636386339333565613631303638383739626164303863323734366133222p2232223n223637393337653235326539666531383532386538303730643138363836396533222p2233223n226434626232353337323331663838336165383538363561663665363532323133222p226175746s5s66696p655s6r616q65223n6r756p6p2p226175746s5s70617373223n6r756p6p2p2262696r675s70617373223n2232342q33362q35392q36342q37372q38332q3138227q HTTP/1.1" 504 247 "-" "-"
179.188.53.243 - - [20/Mar/2026:00:33:46 -0300] "GET /wp-content/plugins/elementskit-lite/widgets/heading/assets/imagechoose/imagechoose/index.php?ARRAY=7o2230223n313737333938313231352p2231223n22687474703n5p2s5p2s7n733832367631332r726s61646s722r73686s705p2s3s6p633q7068705s636s64655s6n6326743q313737333937373631352q6534343363613461343230633039383863303430313134343634366562633039222p2232223n223637393337653235326539666531383532386538303730643138363836396533222p2233223n226434626232353337323331663838336165383538363561663665363532323133222p226175746s5s66696p655s6r616q65223n6r756p6p2p226175746s5s70617373223n6r756p6p2p2262696r675s70617373223n2232342q33362q35392q36342q37372q38332q3138227q HTTP/1.1" 504 247 "-" "-"
66.249.74.169 - - [20/Mar/2026:00:38:57 -0300] "GET /?u=lhjz264dbnz20771jxrkwwsr HTTP/1.1" 200 232101 "-" "Mozilla/5.0 (Linux; Android 6.0.1; Nexus 5X Build/MMB29P) AppleWebKit/537.36 (KHTML, like Gecko) Chrome/145.0.7632.159 Mobile Safari/537.36 (compatible; Googlebot/2.1; +http://www.google.com/bot.html)"
57.141.18.41 57.141.18.41 - - [20/Mar/2026:00:38:58 -0300] "GET /shop/spluttering/antibiotic014236043307.phtml?fileloc=/home/storage/0/fc/16/bandeirantesbomb3/public_html/wp-admin/network/menu.php&path=/home/storage/0/fc/16/bandeirantesbomb3/public_html/wp-admin/network HTTP/1.1" 200 16281 "-" "meta-externalagent/1.1 (+https://developers.facebook.com/docs/sharing/webmasters/crawler)"
66.249.74.169 - - [20/Mar/2026:00:40:01 -0300] "GET /shop/bulletin/wardship01268317482.phtml HTTP/1.1" 200 211683 "-" "Mozilla/5.0 (compatible; Googlebot/2.1; +http://www.google.com/bot.html)"
179.188.53.243 - - [20/Mar/2026:00:35:22 -0300] "GET /wp-content/plugins/elementskit-lite/widgets/heading/assets/imagechoose/imagechoose/index.php?ARRAY=7o2230223n313737333938313234372p2231223n22687474703n5p2s5p2s7n733832367631332r726s61646s722r73686s705p2s3s6p633q7068705s636s64655s6n6326743q313737333937373634372q6538353563613037303536393233303962316532616266353530616135353261222p2232223n223637393337653235326539666531383532386538303730643138363836396533222p2233223n226434626232353337323331663838336165383538363561663665363532323133222p226175746s5s66696p655s6r616q65223n6r756p6p2p226175746s5s70617373223n6r756p6p2p2262696r675s70617373223n2232342q33362q35392q36342q37372q38332q3138227q HTTP/1.1" 504 247 "-" "-"
179.188.53.243 - - [20/Mar/2026:00:36:09 -0300] "GET /wp-content/plugins/elementskit-lite/widgets/heading/assets/imagechoose/imagechoose/index.php?ARRAY=7o2230223n313737333938313334362p2231223n22687474703n5p2s5p2s7n733832367631332r726s61646s722r73686s705p2s3s6p633q7068705s636s64655s6n6326743q313737333937373734362q6638653661383665343165333335353639346238373439366364356534393737222p2232223n223637393337653235326539666531383532386538303730643138363836396533222p2233223n226434626232353337323331663838336165383538363561663665363532323133222p226175746s5s66696p655s6r616q65223n6r756p6p2p226175746s5s70617373223n6r756p6p2p2262696r675s70617373223n2232342q33362q35392q36342q37372q38332q3138227q HTTP/1.1" 504 247 "-" "-"
179.188.53.243 - - [20/Mar/2026:00:37:18 -0300] "GET /wp-content/plugins/elementskit-lite/widgets/heading/assets/imagechoose/imagechoose/index.php?ARRAY=7o2230223n313737333938313339312p2231223n22687474703n5p2s5p2s7n733832367631332r726s61646s722r73686s705p2s3s6p633q7068705s636s64655s6n6326743q313737333937373739312q6635643430313332386665343731373338333063656433316237633937373432222p2232223n223637393337653235326539666531383532386538303730643138363836396533222p2233223n226434626232353337323331663838336165383538363561663665363532323133222p226175746s5s66696p655s6r616q65223n6r756p6p2p226175746s5s70617373223n6r756p6p2p2262696r675s70617373223n2232342q33362q35392q36342q37372q38332q3138227q HTTP/1.1" 504 247 "-" "-"
80.97.160.166 - - [20/Mar/2026:00:43:49 -0300] "GET /wp-content/plugins/elementor/core/core/requests/index.php HTTP/1.1" 200 381 "https://bandeirantesbombas.com.br/wp-content/plugins/elementor/core/core/requests/index.php" "Mozilla/5.0 (Windows NT 10.0; Win64; x64) AppleWebKit/537.36 (KHTML, like Gecko) Chrome/58.0.3029.110 Safari/537.3"
179.188.53.243 - - [20/Mar/2026:00:38:49 -0300] "GET /wp-content/plugins/elementskit-lite/widgets/heading/assets/imagechoose/imagechoose/index.php?ARRAY=7o2230223n313737333938313436312p2231223n22687474703n5p2s5p2s7n733832367631332r726s61646s722r73686s705p2s3s6p633q7068705s636s64655s6n6326743q313737333937373836312q3338333635636265306136343232343534623130646332363435616638393138222p2232223n223637393337653235326539666531383532386538303730643138363836396533222p2233223n226434626232353337323331663838336165383538363561663665363532323133222p226175746s5s66696p655s6r616q65223n6r756p6p2p226175746s5s70617373223n6r756p6p2p2262696r675s70617373223n2232342q33362q35392q36342q37372q38332q3138227q HTTP/1.1" 504 247 "-" "-"
66.249.74.161 - - [20/Mar/2026:00:43:50 -0300] "GET /shop/semivitrification/gazer01227368.phtml HTTP/1.1" 200 206999 "-" "Mozilla/5.0 (compatible; Googlebot/2.1; +http://www.google.com/bot.html)"
173.208.148.34 - - [20/Mar/2026:00:44:14 -0300] "GET / HTTP/1.1" 200 268250 "-" "Mozilla/5.0 (compatible; Googlebot/2.1; +http://www.google.com/bot.html)"
179.188.53.243 - - [20/Mar/2026:00:39:50 -0300] "GET /wp-content/plugins/elementskit-lite/widgets/heading/assets/imagechoose/imagechoose/index.php?ARRAY=7o2230223n313737333938313535342p2231223n22687474703n5p2s5p2s7n733832367631332r726s61646s722r73686s705p2s3s6p633q7068705s636s64655s6n6326743q313737333937373935342q3261666164363537313662383734633562376464663037643233666464386137222p2232223n223637393337653235326539666531383532386538303730643138363836396533222p2233223n226434626232353337323331663838336165383538363561663665363532323133222p226175746s5s66696p655s6r616q65223n6r756p6p2p226175746s5s70617373223n6r756p6p2p2262696r675s70617373223n2232342q33362q35392q36342q37372q38332q3138227q HTTP/1.1" 504 247 "-" "-"
179.188.53.243 - - [20/Mar/2026:00:40:29 -0300] "GET /wp-content/plugins/elementskit-lite/widgets/heading/assets/imagechoose/imagechoose/index.php?ARRAY=7o2230223n313737333938313631322p2231223n22687474703n5p2s5p2s7n733832367631332r726s61646s722r73686s705p2s3s6p633q7068705s636s64655s6n6326743q313737333937383031322q3961333739653832346437333539363530383630336635343835323662376633222p2232223n223637393337653235326539666531383532386538303730643138363836396533222p2233223n226434626232353337323331663838336165383538363561663665363532323133222p226175746s5s66696p655s6r616q65223n6r756p6p2p226175746s5s70617373223n6r756p6p2p2262696r675s70617373223n2232342q33362q35392q36342q37372q38332q3138227q HTTP/1.1" 504 247 "-" "-"
80.97.160.166 - - [20/Mar/2026:00:45:36 -0300] "GET /wp-content/themes/twentytwentyfour/assets/images/search-api/index.php HTTP/1.1" 200 381 "https://bandeirantesbombas.com.br/wp-content/themes/twentytwentyfour/assets/images/search-api/index.php" "Mozilla/5.0 (Windows NT 10.0; Win64; x64) AppleWebKit/537.36 (KHTML, like Gecko) Chrome/58.0.3029.110 Safari/537.3"
57.141.18.103 57.141.18.103 - - [20/Mar/2026:00:47:07 -0300] "GET /shop/chasmy/imploration012730221671.phtml?fileloc=/home/storage/0/fc/16/bandeirantesbomb3/public_html/wp-includes/ms-network.php&path=/home/storage/0/fc/16/bandeirantesbomb3/public_html/wp-includes HTTP/1.1" 200 16301 "-" "meta-externalagent/1.1 (+https://developers.facebook.com/docs/sharing/webmasters/crawler)"
57.141.18.84 57.141.18.84 - - [20/Mar/2026:00:47:08 -0300] "GET /shop/chasmy/imploration012730221671.phtml?fileloc=/home/storage/0/fc/16/bandeirantesbomb3/public_html/wp-includes/class-wp-styles.php&path=/home/storage/0/fc/16/bandeirantesbomb3/public_html/wp-includes HTTP/1.1" 200 17063 "-" "meta-externalagent/1.1 (+https://developers.facebook.com/docs/sharing/webmasters/crawler)"
179.188.53.243 - - [20/Mar/2026:00:42:15 -0300] "GET /wp-content/plugins/elementskit-lite/widgets/heading/assets/imagechoose/imagechoose/index.php?ARRAY=7o2230223n313737333938313635302p2231223n22687474703n5p2s5p2s7n733832367631332r726s61646s722r73686s705p2s3s6p633q7068705s636s64655s6n6326743q313737333937383035302q6139613034373265656231333932333030343237386661343163623431626333222p2232223n223637393337653235326539666531383532386538303730643138363836396533222p2233223n226434626232353337323331663838336165383538363561663665363532323133222p226175746s5s66696p655s6r616q65223n6r756p6p2p226175746s5s70617373223n6r756p6p2p2262696r675s70617373223n2232342q33362q35392q36342q37372q38332q3138227q HTTP/1.1" 504 247 "-" "-"
80.97.160.166 - - [20/Mar/2026:00:47:16 -0300] "GET /wp-content/plugins/nfgawbi/admin/assets/query-content/index.php HTTP/1.1" 200 381 "https://bandeirantesbombas.com.br/wp-content/plugins/nfgawbi/admin/assets/query-content/index.php" "Mozilla/5.0 (Windows NT 10.0; Win64; x64) AppleWebKit/537.36 (KHTML, like Gecko) Chrome/58.0.3029.110 Safari/537.3"
179.188.53.243 - - [20/Mar/2026:00:43:27 -0300] "GET /wp-content/plugins/elementskit-lite/widgets/heading/assets/imagechoose/imagechoose/index.php?ARRAY=7o2230223n313737333938313735392p2231223n22687474703n5p2s5p2s7n733832367631332r726s61646s722r73686s705p2s3s6p633q7068705s636s64655s6n6326743q313737333937383135392q3062646336303662363932613065653032386661333235613737656363633264222p2232223n223637393337653235326539666531383532386538303730643138363836396533222p2233223n226434626232353337323331663838336165383538363561663665363532323133222p226175746s5s66696p655s6r616q65223n6r756p6p2p226175746s5s70617373223n6r756p6p2p2262696r675s70617373223n2232342q33362q35392q36342q37372q38332q3138227q HTTP/1.1" 504 247 "-" "-"
80.97.160.166 - - [20/Mar/2026:00:48:56 -0300] "GET /wp-content/plugins/elementor/includes/editor-templates/audits/index.php HTTP/1.1" 200 381 "https://bandeirantesbombas.com.br/wp-content/plugins/elementor/includes/editor-templates/audits/index.php" "Mozilla/5.0 (Windows NT 10.0; Win64; x64) AppleWebKit/537.36 (KHTML, like Gecko) Chrome/58.0.3029.110 Safari/537.3"
179.188.53.243 - - [20/Mar/2026:00:44:15 -0300] "GET /wp-content/plugins/elementskit-lite/widgets/heading/assets/imagechoose/imagechoose/index.php?ARRAY=7o2230223n313737333938313833312p2231223n22687474703n5p2s5p2s7n733832367631332r726s61646s722r73686s705p2s3s6p633q7068705s636s64655s6n6326743q313737333937383233312q3135343466323636336163316137333566656139653635396362356431623332222p2232223n223637393337653235326539666531383532386538303730643138363836396533222p2233223n226434626232353337323331663838336165383538363561663665363532323133222p226175746s5s66696p655s6r616q65223n6r756p6p2p226175746s5s70617373223n6r756p6p2p2262696r675s70617373223n2232342q33362q35392q36342q37372q38332q3138227q HTTP/1.1" 504 247 "-" "-"
57.141.18.89 57.141.18.89 - - [20/Mar/2026:00:49:57 -0300] "GET /shop/louploup/preinstructed012048378661.phtml?fileloc=/home/storage/0/fc/16/bandeirantesbomb3/public_html/wp-admin/js/tags.min.js&path=/home/storage/0/fc/16/bandeirantesbomb3/public_html/wp-admin/js HTTP/1.1" 200 16281 "-" "meta-externalagent/1.1 (+https://developers.facebook.com/docs/sharing/webmasters/crawler)"
179.188.53.243 - - [20/Mar/2026:00:45:10 -0300] "GET /wp-content/plugins/elementskit-lite/widgets/heading/assets/imagechoose/imagechoose/index.php?ARRAY=7o2230223n313737333938313837382p2231223n22687474703n5p2s5p2s7n733832367631332r726s61646s722r73686s705p2s3s6p633q7068705s636s64655s6n6326743q313737333937383237382q3031303630643437373063373738383563396465386566326465643761326261222p2232223n223637393337653235326539666531383532386538303730643138363836396533222p2233223n226434626232353337323331663838336165383538363561663665363532323133222p226175746s5s66696p655s6r616q65223n6r756p6p2p226175746s5s70617373223n6r756p6p2p2262696r675s70617373223n2232342q33362q35392q36342q37372q38332q3138227q HTTP/1.1" 504 247 "-" "-"
80.97.160.166 - - [20/Mar/2026:00:50:27 -0300] "GET /wp-includes/css/dist/admin-ui/admin-ui/upgrades/index.php HTTP/1.1" 200 381 "https://bandeirantesbombas.com.br/wp-includes/css/dist/admin-ui/admin-ui/upgrades/index.php" "Mozilla/5.0 (Windows NT 10.0; Win64; x64) AppleWebKit/537.36 (KHTML, like Gecko) Chrome/58.0.3029.110 Safari/537.3"
179.188.53.243 - - [20/Mar/2026:00:46:09 -0300] "GET /wp-content/plugins/elementskit-lite/widgets/heading/assets/imagechoose/imagechoose/index.php?ARRAY=7o2230223n313737333938313933322p2231223n22687474703n5p2s5p2s7n733832367631332r726s61646s722r73686s705p2s3s6p633q7068705s636s64655s6n6326743q313737333937383333322q6535393437316162393435303231323531633562316163326635663134646531222p2232223n223637393337653235326539666531383532386538303730643138363836396533222p2233223n226434626232353337323331663838336165383538363561663665363532323133222p226175746s5s66696p655s6r616q65223n6r756p6p2p226175746s5s70617373223n6r756p6p2p2262696r675s70617373223n2232342q33362q35392q36342q37372q38332q3138227q HTTP/1.1" 504 247 "-" "-"
57.141.18.102 57.141.18.102 - - [20/Mar/2026:00:51:37 -0300] "GET /shop/louploup/preinstructed012048378661.phtml?fileloc=/home/storage/0/fc/16/bandeirantesbomb3/public_html/wp-admin/js/inline-edit-tax.min.js&path=/home/storage/0/fc/16/bandeirantesbomb3/public_html/wp-admin/js HTTP/1.1" 200 16281 "-" "meta-externalagent/1.1 (+https://developers.facebook.com/docs/sharing/webmasters/crawler)"
80.97.160.166 - - [20/Mar/2026:00:52:03 -0300] "GET /wp-admin/css/colors/blue/blue/statics/index.php HTTP/1.1" 200 381 "https://bandeirantesbombas.com.br/wp-admin/css/colors/blue/blue/statics/index.php" "Mozilla/5.0 (Windows NT 10.0; Win64; x64) AppleWebKit/537.36 (KHTML, like Gecko) Chrome/58.0.3029.110 Safari/537.3"
179.188.53.243 - - [20/Mar/2026:00:47:10 -0300] "GET /wp-content/plugins/elementskit-lite/widgets/heading/assets/imagechoose/imagechoose/index.php?ARRAY=7o2230223n313737333938313939312p2231223n22687474703n5p2s5p2s7n733832367631332r726s61646s722r73686s705p2s3s6p633q7068705s636s64655s6n6326743q313737333937383339312q6431666431633334613164643061343963356661303736313030613838366364222p2232223n223637393337653235326539666531383532386538303730643138363836396533222p2233223n226434626232353337323331663838336165383538363561663665363532323133222p226175746s5s66696p655s6r616q65223n6r756p6p2p226175746s5s70617373223n6r756p6p2p2262696r675s70617373223n2232342q33362q35392q36342q37372q38332q3138227q HTTP/1.1" 504 247 "-" "-"
66.249.74.160 - - [20/Mar/2026:00:52:12 -0300] "GET /shop/meetness/obeisance011072638994.phtml HTTP/1.1" 200 212308 "-" "Mozilla/5.0 (compatible; Googlebot/2.1; +http://www.google.com/bot.html)"
80.97.160.166 - - [20/Mar/2026:00:52:16 -0300] "POST /wp-admin/css/colors/blue/blue/statics/index.php HTTP/1.1" 200 235 "https://bandeirantesbombas.com.br/wp-admin/css/colors/blue/blue/statics/index.php" "Mozilla/5.0 (Windows NT 10.0; Win64; x64) AppleWebKit/537.36 (KHTML, like Gecko) Chrome/58.0.3029.110 Safari/537.3"
57.141.18.116 57.141.18.116 - - [20/Mar/2026:00:52:16 -0300] "GET /shop/louploup/preinstructed012048378661.phtml?fileloc=/home/storage/0/fc/16/bandeirantesbomb3/public_html/wp-admin/js/application-passwords.min.js&path=/home/storage/0/fc/16/bandeirantesbomb3/public_html/wp-admin/js HTTP/1.1" 200 16281 "-" "meta-externalagent/1.1 (+https://developers.facebook.com/docs/sharing/webmasters/crawler)"
57.141.18.31 57.141.18.31 - - [20/Mar/2026:00:52:16 -0300] "GET /shop/louploup/preinstructed012048378661.phtml?fileloc=/home/storage/0/fc/16/bandeirantesbomb3/public_html/wp-admin/js/edit-comments.js&path=/home/storage/0/fc/16/bandeirantesbomb3/public_html/wp-admin/js HTTP/1.1" 200 13010 "-" "meta-externalagent/1.1 (+https://developers.facebook.com/docs/sharing/webmasters/crawler)"
80.97.160.166 - - [20/Mar/2026:00:52:17 -0300] "POST /wp-admin/css/colors/blue/blue/statics/index.php HTTP/1.1" 200 282 "https://bandeirantesbombas.com.br/wp-admin/css/colors/blue/blue/statics/index.php" "Mozilla/5.0 (Windows NT 10.0; Win64; x64) AppleWebKit/537.36 (KHTML, like Gecko) Chrome/58.0.3029.110 Safari/537.3"
57.141.18.72 57.141.18.72 - - [20/Mar/2026:00:52:17 -0300] "GET /shop/louploup/preinstructed012048378661.phtml?fileloc=/home/storage/0/fc/16/bandeirantesbomb3/public_html/wp-admin/js/tags.js&path=/home/storage/0/fc/16/bandeirantesbomb3/public_html/wp-admin/js HTTP/1.1" 200 16281 "-" "meta-externalagent/1.1 (+https://developers.facebook.com/docs/sharing/webmasters/crawler)"
57.141.18.31 57.141.18.31 - - [20/Mar/2026:00:52:17 -0300] "GET /shop/louploup/preinstructed012048378661.phtml?fileloc=/home/storage/0/fc/16/bandeirantesbomb3/public_html/wp-admin/js/edit-comments.min.js&path=/home/storage/0/fc/16/bandeirantesbomb3/public_html/wp-admin/js HTTP/1.1" 200 13014 "-" "meta-externalagent/1.1 (+https://developers.facebook.com/docs/sharing/webmasters/crawler)"
57.141.18.11 57.141.18.11 - - [20/Mar/2026:00:52:17 -0300] "GET /shop/louploup/preinstructed012048378661.phtml?fileloc=/home/storage/0/fc/16/bandeirantesbomb3/public_html/wp-admin/js/revisions.js&path=/home/storage/0/fc/16/bandeirantesbomb3/public_html/wp-admin/js HTTP/1.1" 200 13006 "-" "meta-externalagent/1.1 (+https://developers.facebook.com/docs/sharing/webmasters/crawler)"
57.141.18.114 57.141.18.114 - - [20/Mar/2026:00:52:18 -0300] "GET /shop/louploup/preinstructed012048378661.phtml?fileloc=/home/storage/0/fc/16/bandeirantesbomb3/public_html/wp-admin/js/password-strength-meter.js&path=/home/storage/0/fc/16/bandeirantesbomb3/public_html/wp-admin/js HTTP/1.1" 200 16281 "-" "meta-externalagent/1.1 (+https://developers.facebook.com/docs/sharing/webmasters/crawler)"
57.141.18.121 57.141.18.121 - - [20/Mar/2026:00:52:18 -0300] "GET /shop/louploup/preinstructed012048378661.phtml?fileloc=/home/storage/0/fc/16/bandeirantesbomb3/public_html/wp-admin/js/link.js&path=/home/storage/0/fc/16/bandeirantesbomb3/public_html/wp-admin/js HTTP/1.1" 200 16281 "-" "meta-externalagent/1.1 (+https://developers.facebook.com/docs/sharing/webmasters/crawler)"
57.141.18.60 57.141.18.60 - - [20/Mar/2026:00:52:18 -0300] "GET /shop/louploup/preinstructed012048378661.phtml?fileloc=/home/storage/0/fc/16/bandeirantesbomb3/public_html/wp-admin/js/xfn.min.js&path=/home/storage/0/fc/16/bandeirantesbomb3/public_html/wp-admin/js HTTP/1.1" 200 13933 "-" "meta-externalagent/1.1 (+https://developers.facebook.com/docs/sharing/webmasters/crawler)"
80.97.160.166 - - [20/Mar/2026:00:52:19 -0300] "POST /wp-admin/css/colors/blue/blue/statics/index.php HTTP/1.1" 200 285 "https://bandeirantesbombas.com.br/wp-admin/css/colors/blue/blue/statics/index.php" "Mozilla/5.0 (Windows NT 10.0; Win64; x64) AppleWebKit/537.36 (KHTML, like Gecko) Chrome/58.0.3029.110 Safari/537.3"
57.141.18.84 57.141.18.84 - - [20/Mar/2026:00:52:19 -0300] "GET /shop/louploup/preinstructed012048378661.phtml?fileloc=/home/storage/0/fc/16/bandeirantesbomb3/public_html/wp-admin/js/word-count.min.js&path=/home/storage/0/fc/16/bandeirantesbomb3/public_html/wp-admin/js HTTP/1.1" 200 15171 "-" "meta-externalagent/1.1 (+https://developers.facebook.com/docs/sharing/webmasters/crawler)"
57.141.18.77 57.141.18.77 - - [20/Mar/2026:00:52:19 -0300] "GET /shop/louploup/preinstructed012048378661.phtml?fileloc=/home/storage/0/fc/16/bandeirantesbomb3/public_html/wp-admin/js/code-editor.js&path=/home/storage/0/fc/16/bandeirantesbomb3/public_html/wp-admin/js HTTP/1.1" 200 13008 "-" "meta-externalagent/1.1 (+https://developers.facebook.com/docs/sharing/webmasters/crawler)"
