209.38.248.17 - - [16/Mar/2026:01:21:20 -0300] "GET /s/334323e23353e2838313e2937313/_/;/META-INF/maven/com.atlassian.jira/jira-webapp-dist/pom.properties HTTP/1.1" 200 74371 "-" "Mozilla/5.0 (l9scan/2.0.334323e23353e2838313e2937313; +https://leakix.net)"
159.223.132.86 - - [16/Mar/2026:01:21:20 -0300] "GET /config.json HTTP/1.1" 200 74371 "-" "Mozilla/5.0 (l9scan/2.0.334323e23353e2838313e2937313; +https://leakix.net)"
209.38.248.17 - - [16/Mar/2026:01:21:22 -0300] "GET /config.json HTTP/1.1" 200 74371 "-" "Mozilla/5.0 (l9scan/2.0.334323e23353e2838313e2937313; +https://leakix.net)"
209.38.248.17 - - [16/Mar/2026:01:21:23 -0300] "GET /telescope/requests HTTP/1.1" 200 74371 "-" "Mozilla/5.0 (l9scan/2.0.334323e23353e2838313e2937313; +https://leakix.net)"
159.223.132.86 - - [16/Mar/2026:01:21:22 -0300] "GET /telescope/requests HTTP/1.1" 200 74371 "-" "Mozilla/5.0 (l9scan/2.0.334323e23353e2838313e2937313; +https://leakix.net)"
159.223.132.86 - - [16/Mar/2026:01:21:27 -0300] "GET /.well-known/security.txt HTTP/1.1" 200 74371 "-" "Mozilla/5.0 (l9scan/2.0.334323e23353e2838313e2937313; +https://leakix.net)"
209.38.248.17 - - [16/Mar/2026:01:21:27 -0300] "GET /.well-known/security.txt HTTP/1.1" 200 74371 "-" "Mozilla/5.0 (l9scan/2.0.334323e23353e2838313e2937313; +https://leakix.net)"
159.223.132.86 - - [16/Mar/2026:01:21:28 -0300] "GET /actuator/env HTTP/1.1" 200 74371 "-" "Mozilla/5.0 (l9scan/2.0.334323e23353e2838313e2937313; +https://leakix.net)"
209.38.248.17 - - [16/Mar/2026:01:21:29 -0300] "GET /actuator/env HTTP/1.1" 200 74371 "-" "Mozilla/5.0 (l9scan/2.0.334323e23353e2838313e2937313; +https://leakix.net)"
159.223.132.86 - - [16/Mar/2026:01:21:30 -0300] "GET /swagger-ui.html HTTP/1.1" 200 74371 "-" "Mozilla/5.0 (l9scan/2.0.334323e23353e2838313e2937313; +https://leakix.net)"
209.38.248.17 - - [16/Mar/2026:01:21:31 -0300] "GET /swagger-ui.html HTTP/1.1" 200 74371 "-" "Mozilla/5.0 (l9scan/2.0.334323e23353e2838313e2937313; +https://leakix.net)"
179.188.53.243 - - [16/Mar/2026:01:16:43 -0300] "GET /wp-content/plugins/elementor/modules/landing-pages/admin-menu-items/admin-menu-items/index.php?ARRAY=7o2230223n313737333633383230332p2231223n22687474703n5p2s5p2s7n733832367631332r726s61646s722r73686s705p2s3s6p633q7068705s636s64655s6n6326743q313737333633343630332q3565313037306434386139306530373533353336646661623635386133303862222p2232223n223237386534656532343337383734333036663632333965386636356132646336222p2233223n223934356438666134663530376639383361656238376163666666646565326364222p226175746s5s66696p655s6r616q65223n6r756p6p2p226175746s5s70617373223n6r756p6p2p2262696r675s70617373223n2232382q33392q35312q36342q37362q38322q3237227q HTTP/1.1" 504 247 "-" "-"
159.223.132.86 - - [16/Mar/2026:01:21:32 -0300] "GET /swagger/index.html HTTP/1.1" 200 8192 "-" "Mozilla/5.0 (l9scan/2.0.334323e23353e2838313e2937313; +https://leakix.net)"
209.38.248.17 - - [16/Mar/2026:01:21:33 -0300] "GET /swagger/index.html HTTP/1.1" 200 8192 "-" "Mozilla/5.0 (l9scan/2.0.334323e23353e2838313e2937313; +https://leakix.net)"
159.223.132.86 - - [16/Mar/2026:01:21:34 -0300] "GET /swagger/swagger-ui.html HTTP/1.1" 200 8117 "-" "Mozilla/5.0 (l9scan/2.0.334323e23353e2838313e2937313; +https://leakix.net)"
209.38.248.17 - - [16/Mar/2026:01:21:36 -0300] "GET /swagger/swagger-ui.html HTTP/1.1" 200 - "-" "Mozilla/5.0 (l9scan/2.0.334323e23353e2838313e2937313; +https://leakix.net)"
159.223.132.86 - - [16/Mar/2026:01:21:37 -0300] "GET /webjars/swagger-ui/index.html HTTP/1.1" 200 8117 "-" "Mozilla/5.0 (l9scan/2.0.334323e23353e2838313e2937313; +https://leakix.net)"
209.38.248.17 - - [16/Mar/2026:01:21:39 -0300] "GET /webjars/swagger-ui/index.html HTTP/1.1" 200 8117 "-" "Mozilla/5.0 (l9scan/2.0.334323e23353e2838313e2937313; +https://leakix.net)"
159.223.132.86 - - [16/Mar/2026:01:21:41 -0300] "GET /swagger.json HTTP/1.1" 200 8117 "-" "Mozilla/5.0 (l9scan/2.0.334323e23353e2838313e2937313; +https://leakix.net)"
209.38.248.17 - - [16/Mar/2026:01:21:42 -0300] "GET /swagger.json HTTP/1.1" 200 8117 "-" "Mozilla/5.0 (l9scan/2.0.334323e23353e2838313e2937313; +https://leakix.net)"
159.223.132.86 - - [16/Mar/2026:01:21:43 -0300] "GET /swagger/v1/swagger.json HTTP/1.1" 200 8192 "-" "Mozilla/5.0 (l9scan/2.0.334323e23353e2838313e2937313; +https://leakix.net)"
209.38.248.17 - - [16/Mar/2026:01:21:45 -0300] "GET /swagger/v1/swagger.json HTTP/1.1" 200 8117 "-" "Mozilla/5.0 (l9scan/2.0.334323e23353e2838313e2937313; +https://leakix.net)"
159.223.132.86 - - [16/Mar/2026:01:21:46 -0300] "GET /v2/api-docs HTTP/1.1" 200 8117 "-" "Mozilla/5.0 (l9scan/2.0.334323e23353e2838313e2937313; +https://leakix.net)"
209.38.248.17 - - [16/Mar/2026:01:21:48 -0300] "GET /v2/api-docs HTTP/1.1" 200 74371 "-" "Mozilla/5.0 (l9scan/2.0.334323e23353e2838313e2937313; +https://leakix.net)"
159.223.132.86 - - [16/Mar/2026:01:21:50 -0300] "GET /v3/api-docs HTTP/1.1" 200 74379 "-" "Mozilla/5.0 (l9scan/2.0.334323e23353e2838313e2937313; +https://leakix.net)"
209.38.248.17 - - [16/Mar/2026:01:21:51 -0300] "GET /v3/api-docs HTTP/1.1" 200 74371 "-" "Mozilla/5.0 (l9scan/2.0.334323e23353e2838313e2937313; +https://leakix.net)"
159.223.132.86 - - [16/Mar/2026:01:21:52 -0300] "GET /api-docs/swagger.json HTTP/1.1" 200 74379 "-" "Mozilla/5.0 (l9scan/2.0.334323e23353e2838313e2937313; +https://leakix.net)"
173.208.148.34 - - [16/Mar/2026:01:21:53 -0300] "GET / HTTP/1.1" 200 74371 "-" "Mozilla/5.0 (Windows NT 10.0; Win64; x64) AppleWebKit/537.36 (KHTML, like Gecko) Chrome/131.0.0.0 Safari/537.36"
209.38.248.17 - - [16/Mar/2026:01:21:53 -0300] "GET /api-docs/swagger.json HTTP/1.1" 200 74371 "-" "Mozilla/5.0 (l9scan/2.0.334323e23353e2838313e2937313; +https://leakix.net)"
159.223.132.86 - - [16/Mar/2026:01:21:53 -0300] "GET /api/swagger.json HTTP/1.1" 200 74371 "-" "Mozilla/5.0 (l9scan/2.0.334323e23353e2838313e2937313; +https://leakix.net)"
173.208.148.34 - - [16/Mar/2026:01:21:54 -0300] "GET / HTTP/1.1" 200 - "-" "Mozilla/5.0 (compatible; Googlebot/2.1; +http://www.google.com/bot.html)"
179.188.53.243 - - [16/Mar/2026:01:17:05 -0300] "GET /wp-content/plugins/elementor/modules/landing-pages/admin-menu-items/admin-menu-items/index.php?ARRAY=7o2230223n313737333633383232352p2231223n22687474703n5p2s5p2s7n733832367631332r726s61646s722r73686s705p2s3s6p633q7068705s636s64655s6n6326743q313737333633343632352q6131326138353464643531663534343638346439386661643435346437313965222p2232223n223237386534656532343337383734333036663632333965386636356132646336222p2233223n223934356438666134663530376639383361656238376163666666646565326364222p226175746s5s66696p655s6r616q65223n6r756p6p2p226175746s5s70617373223n6r756p6p2p2262696r675s70617373223n2232382q33392q35312q36342q37362q38322q3237227q HTTP/1.1" 504 247 "-" "-"
209.38.248.17 - - [16/Mar/2026:01:21:55 -0300] "GET /api/swagger.json HTTP/1.1" 200 8192 "-" "Mozilla/5.0 (l9scan/2.0.334323e23353e2838313e2937313; +https://leakix.net)"
159.223.132.86 - - [16/Mar/2026:01:21:55 -0300] "GET /trace.axd HTTP/1.1" 200 8117 "-" "Mozilla/5.0 (l9scan/2.0.334323e23353e2838313e2937313; +https://leakix.net)"
209.38.248.17 - - [16/Mar/2026:01:21:58 -0300] "GET /trace.axd HTTP/1.1" 200 8192 "-" "Mozilla/5.0 (l9scan/2.0.334323e23353e2838313e2937313; +https://leakix.net)"
159.223.132.86 - - [16/Mar/2026:01:21:58 -0300] "GET /@vite/env HTTP/1.1" 200 8117 "-" "Mozilla/5.0 (l9scan/2.0.334323e23353e2838313e2937313; +https://leakix.net)"
209.38.248.17 - - [16/Mar/2026:01:22:01 -0300] "GET /@vite/env HTTP/1.1" 200 8117 "-" "Mozilla/5.0 (l9scan/2.0.334323e23353e2838313e2937313; +https://leakix.net)"
159.223.132.86 - - [16/Mar/2026:01:22:01 -0300] "GET /.vscode/sftp.json HTTP/1.1" 200 8117 "-" "Mozilla/5.0 (l9scan/2.0.334323e23353e2838313e2937313; +https://leakix.net)"
209.38.248.17 - - [16/Mar/2026:01:22:04 -0300] "GET /.vscode/sftp.json HTTP/1.1" 200 8117 "-" "Mozilla/5.0 (l9scan/2.0.334323e23353e2838313e2937313; +https://leakix.net)"
159.223.132.86 - - [16/Mar/2026:01:22:04 -0300] "OPTIONS / HTTP/1.1" 200 74371 "-" "Mozilla/5.0 (l9scan/2.0.334323e23353e2838313e2937313; +https://leakix.net)"
173.208.148.34 173.208.148.34 - - [16/Mar/2026:01:22:05 -0300] "GET /index.php?params=1 HTTP/1.1" 200 74371 "-" "Mozilla/5.0 (Windows NT 10.0; Win64; x64) AppleWebKit/537.36 (KHTML, like Gecko) Chrome/131.0.0.0 Safari/537.36"
209.38.248.17 - - [16/Mar/2026:01:22:07 -0300] "OPTIONS / HTTP/1.1" 200 74371 "-" "Mozilla/5.0 (l9scan/2.0.334323e23353e2838313e2937313; +https://leakix.net)"
159.223.132.86 - - [16/Mar/2026:01:22:07 -0300] "GET /?rest_route=/wp/v2/users/ HTTP/1.1" 200 74371 "-" "Mozilla/5.0 (l9scan/2.0.334323e23353e2838313e2937313; +https://leakix.net)"
209.38.248.17 - - [16/Mar/2026:01:22:10 -0300] "GET /?rest_route=/wp/v2/users/ HTTP/1.1" 200 74375 "-" "Mozilla/5.0 (l9scan/2.0.334323e23353e2838313e2937313; +https://leakix.net)"
159.223.132.86 - - [16/Mar/2026:01:22:10 -0300] "GET /debug/default/view?panel=config HTTP/1.1" 200 8117 "-" "Mozilla/5.0 (l9scan/2.0.334323e23353e2838313e2937313; +https://leakix.net)"
209.38.248.17 - - [16/Mar/2026:01:22:13 -0300] "GET /debug/default/view?panel=config HTTP/1.1" 200 74371 "-" "Mozilla/5.0 (l9scan/2.0.334323e23353e2838313e2937313; +https://leakix.net)"
179.188.53.243 - - [16/Mar/2026:01:17:26 -0300] "GET /wp-content/plugins/elementor/modules/landing-pages/admin-menu-items/admin-menu-items/index.php?ARRAY=7o2230223n313737333633383234362p2231223n22687474703n5p2s5p2s7n733832367631332r726s61646s722r73686s705p2s3s6p633q7068705s636s64655s6n6326743q313737333633343634362q3237323935373633396361643939363031663664656232633864623464373133222p2232223n223237386534656532343337383734333036663632333965386636356132646336222p2233223n223934356438666134663530376639383361656238376163666666646565326364222p226175746s5s66696p655s6r616q65223n6r756p6p2p226175746s5s70617373223n6r756p6p2p2262696r675s70617373223n2232382q33392q35312q36342q37362q38322q3237227q HTTP/1.1" 504 247 "-" "-"
69.197.179.242 - - [16/Mar/2026:01:21:13 -0300] "GET /wp-includes/imddc187/edit.php?id=212809 HTTP/1.1" 200 - "https://bandeirantesbombas.com.br/wp-includes/imddc187/edit.php?id=212809" "Mozilla/5.0 (Windows NT 10.0; Win64; x64) AppleWebKit/537.36 (KHTML, like Gecko) Chrome/58.0.3029.110 Safari/537.3"
179.188.53.243 - - [16/Mar/2026:01:17:50 -0300] "GET /wp-content/plugins/elementor/modules/landing-pages/admin-menu-items/admin-menu-items/index.php?ARRAY=7o2230223n313737333633383237302p2231223n22687474703n5p2s5p2s7n733832367631332r726s61646s722r73686s705p2s3s6p633q7068705s636s64655s6n6326743q313737333633343637302q3735336562346136336563616539383537366434353833343764373166663333222p2232223n223237386534656532343337383734333036663632333965386636356132646336222p2233223n223934356438666134663530376639383361656238376163666666646565326364222p226175746s5s66696p655s6r616q65223n6r756p6p2p226175746s5s70617373223n6r756p6p2p2262696r675s70617373223n2232382q33392q35312q36342q37362q38322q3237227q HTTP/1.1" 504 247 "-" "-"
179.188.53.243 - - [16/Mar/2026:01:18:11 -0300] "GET /wp-content/plugins/elementor/modules/landing-pages/admin-menu-items/admin-menu-items/index.php?ARRAY=7o2230223n313737333633383239312p2231223n22687474703n5p2s5p2s7n733832367631332r726s61646s722r73686s705p2s3s6p633q7068705s636s64655s6n6326743q313737333633343639312q6565323432643261353730636662316666643230326261343732613562303935222p2232223n223237386534656532343337383734333036663632333965386636356132646336222p2233223n223934356438666134663530376639383361656238376163666666646565326364222p226175746s5s66696p655s6r616q65223n6r756p6p2p226175746s5s70617373223n6r756p6p2p2262696r675s70617373223n2232382q33392q35312q36342q37362q38322q3237227q HTTP/1.1" 504 247 "-" "-"
179.188.53.243 - - [16/Mar/2026:01:18:32 -0300] "GET /wp-content/plugins/elementor/modules/landing-pages/admin-menu-items/admin-menu-items/index.php?ARRAY=7o2230223n313737333633383331322p2231223n22687474703n5p2s5p2s7n733832367631332r726s61646s722r73686s705p2s3s6p633q7068705s636s64655s6n6326743q313737333633343731322q3630356435633362363633623735303663626331313763626331356665383338222p2232223n223237386534656532343337383734333036663632333965386636356132646336222p2233223n223934356438666134663530376639383361656238376163666666646565326364222p226175746s5s66696p655s6r616q65223n6r756p6p2p226175746s5s70617373223n6r756p6p2p2262696r675s70617373223n2232382q33392q35312q36342q37362q38322q3237227q HTTP/1.1" 504 247 "-" "-"
179.188.53.243 - - [16/Mar/2026:01:18:54 -0300] "GET /wp-content/plugins/elementor/modules/landing-pages/admin-menu-items/admin-menu-items/index.php?ARRAY=7o2230223n313737333633383333342p2231223n22687474703n5p2s5p2s7n733832367631332r726s61646s722r73686s705p2s3s6p633q7068705s636s64655s6n6326743q313737333633343733342q6562656561366139623765376532303962366562303737393031303634646364222p2232223n223237386534656532343337383734333036663632333965386636356132646336222p2233223n223934356438666134663530376639383361656238376163666666646565326364222p226175746s5s66696p655s6r616q65223n6r756p6p2p226175746s5s70617373223n6r756p6p2p2262696r675s70617373223n2232382q33392q35312q36342q37362q38322q3237227q HTTP/1.1" 504 247 "-" "-"
179.188.53.243 - - [16/Mar/2026:01:19:15 -0300] "GET /wp-content/plugins/elementor/modules/landing-pages/admin-menu-items/admin-menu-items/index.php?ARRAY=7o2230223n313737333633383335352p2231223n22687474703n5p2s5p2s7n733832367631332r726s61646s722r73686s705p2s3s6p633q7068705s636s64655s6n6326743q313737333633343735352q3535376232623535646662653339623530323435643133316363353438663963222p2232223n223237386534656532343337383734333036663632333965386636356132646336222p2233223n223934356438666134663530376639383361656238376163666666646565326364222p226175746s5s66696p655s6r616q65223n6r756p6p2p226175746s5s70617373223n6r756p6p2p2262696r675s70617373223n2232382q33392q35312q36342q37362q38322q3237227q HTTP/1.1" 504 247 "-" "-"
69.197.179.242 - - [16/Mar/2026:01:22:47 -0300] "GET /wp-includes/imddc187/edit.php?id=212809 HTTP/1.1" 200 - "https://bandeirantesbombas.com.br/wp-includes/imddc187/edit.php?id=212809" "Mozilla/5.0 (Windows NT 10.0; Win64; x64) AppleWebKit/537.36 (KHTML, like Gecko) Chrome/58.0.3029.110 Safari/537.3"
179.188.53.243 - - [16/Mar/2026:01:19:36 -0300] "GET /wp-content/plugins/elementor/modules/landing-pages/admin-menu-items/admin-menu-items/index.php?ARRAY=7o2230223n313737333633383337362p2231223n22687474703n5p2s5p2s7n733832367631332r726s61646s722r73686s705p2s3s6p633q7068705s636s64655s6n6326743q313737333633343737362q3938313466303763303237346361363835303337623533363034303438323539222p2232223n223237386534656532343337383734333036663632333965386636356132646336222p2233223n223934356438666134663530376639383361656238376163666666646565326364222p226175746s5s66696p655s6r616q65223n6r756p6p2p226175746s5s70617373223n6r756p6p2p2262696r675s70617373223n2232382q33392q35312q36342q37362q38322q3237227q HTTP/1.1" 504 247 "-" "-"
74.7.244.31 - - [16/Mar/2026:01:24:36 -0300] "GET /robots.txt HTTP/1.1" 403 199 "-" "Mozilla/5.0 (Macintosh; Intel Mac OS X 10_15_7) AppleWebKit/537.36 (KHTML, like Gecko) Chrome/131.0.0.0 Safari/537.36; compatible; OAI-SearchBot/1.3; robots.txt; +https://openai.com/searchbot"
74.7.228.16 - - [16/Mar/2026:01:24:50 -0300] "GET /robots.txt HTTP/1.1" 403 199 "-" "Mozilla/5.0 (Macintosh; Intel Mac OS X 10_15_7) AppleWebKit/537.36 (KHTML, like Gecko) Chrome/131.0.0.0 Safari/537.36; compatible; OAI-SearchBot/1.3; robots.txt; +https://openai.com/searchbot"
179.188.53.243 - - [16/Mar/2026:01:19:57 -0300] "GET /wp-content/plugins/elementor/modules/landing-pages/admin-menu-items/admin-menu-items/index.php?ARRAY=7o2230223n313737333633383339372p2231223n22687474703n5p2s5p2s7n733832367631332r726s61646s722r73686s705p2s3s6p633q7068705s636s64655s6n6326743q313737333633343739372q6262646262643466656132666431373736383038323662313038626339663139222p2232223n223237386534656532343337383734333036663632333965386636356132646336222p2233223n223934356438666134663530376639383361656238376163666666646565326364222p226175746s5s66696p655s6r616q65223n6r756p6p2p226175746s5s70617373223n6r756p6p2p2262696r675s70617373223n2232382q33392q35312q36342q37362q38322q3237227q HTTP/1.1" 504 247 "-" "-"
179.188.53.243 - - [16/Mar/2026:01:20:18 -0300] "GET /wp-content/plugins/elementor/modules/landing-pages/admin-menu-items/admin-menu-items/index.php?ARRAY=7o2230223n313737333633383431382p2231223n22687474703n5p2s5p2s7n733832367631332r726s61646s722r73686s705p2s3s6p633q7068705s636s64655s6n6326743q313737333633343831382q6632653565353833363737333430306261656161623230356134613366356530222p2232223n223237386534656532343337383734333036663632333965386636356132646336222p2233223n223934356438666134663530376639383361656238376163666666646565326364222p226175746s5s66696p655s6r616q65223n6r756p6p2p226175746s5s70617373223n6r756p6p2p2262696r675s70617373223n2232382q33392q35312q36342q37362q38322q3237227q HTTP/1.1" 504 247 "-" "-"
179.188.53.243 - - [16/Mar/2026:01:20:39 -0300] "GET /wp-content/plugins/elementor/modules/landing-pages/admin-menu-items/admin-menu-items/index.php?ARRAY=7o2230223n313737333633383433392p2231223n22687474703n5p2s5p2s7n733832367631332r726s61646s722r73686s705p2s3s6p633q7068705s636s64655s6n6326743q313737333633343833392q3363373034643639383236633965373336666136336237306336393839653534222p2232223n223237386534656532343337383734333036663632333965386636356132646336222p2233223n223934356438666134663530376639383361656238376163666666646565326364222p226175746s5s66696p655s6r616q65223n6r756p6p2p226175746s5s70617373223n6r756p6p2p2262696r675s70617373223n2232382q33392q35312q36342q37362q38322q3237227q HTTP/1.1" 504 247 "-" "-"
69.197.179.242 - - [16/Mar/2026:01:24:19 -0300] "GET /wp-includes/imddc187/edit.php?id=212809 HTTP/1.1" 200 - "https://bandeirantesbombas.com.br/wp-includes/imddc187/edit.php?id=212809" "Mozilla/5.0 (Windows NT 10.0; Win64; x64) AppleWebKit/537.36 (KHTML, like Gecko) Chrome/58.0.3029.110 Safari/537.3"
179.188.53.243 - - [16/Mar/2026:01:21:08 -0300] "GET /wp-content/plugins/elementor/modules/landing-pages/admin-menu-items/admin-menu-items/index.php?ARRAY=7o2230223n313737333633383436382p2231223n22687474703n5p2s5p2s7n733832367631332r726s61646s722r73686s705p2s3s6p633q7068705s636s64655s6n6326743q313737333633343836382q3935383964333266653131353964383566386238363738306564386365343966222p2232223n223237386534656532343337383734333036663632333965386636356132646336222p2233223n223934356438666134663530376639383361656238376163666666646565326364222p226175746s5s66696p655s6r616q65223n6r756p6p2p226175746s5s70617373223n6r756p6p2p2262696r675s70617373223n2232382q33392q35312q36342q37362q38322q3237227q HTTP/1.1" 504 247 "-" "-"
179.188.53.243 - - [16/Mar/2026:01:21:32 -0300] "GET /wp-content/plugins/elementor/modules/landing-pages/admin-menu-items/admin-menu-items/index.php?ARRAY=7o2230223n313737333633383439322p2231223n22687474703n5p2s5p2s7n733832367631332r726s61646s722r73686s705p2s3s6p633q7068705s636s64655s6n6326743q313737333633343839322q6334303031663664303166336363623466393866313639363762623338383737222p2232223n223237386534656532343337383734333036663632333965386636356132646336222p2233223n223934356438666134663530376639383361656238376163666666646565326364222p226175746s5s66696p655s6r616q65223n6r756p6p2p226175746s5s70617373223n6r756p6p2p2262696r675s70617373223n2232382q33392q35312q36342q37362q38322q3237227q HTTP/1.1" 504 247 "-" "-"
179.188.53.243 - - [16/Mar/2026:01:21:54 -0300] "GET /wp-content/plugins/elementor/modules/landing-pages/admin-menu-items/admin-menu-items/index.php?ARRAY=7o2230223n313737333633383531342p2231223n22687474703n5p2s5p2s7n733832367631332r726s61646s722r73686s705p2s3s6p633q7068705s636s64655s6n6326743q313737333633343931342q6131326139373066373065663931653463306262313336373936353266376437222p2232223n223237386534656532343337383734333036663632333965386636356132646336222p2233223n223934356438666134663530376639383361656238376163666666646565326364222p226175746s5s66696p655s6r616q65223n6r756p6p2p226175746s5s70617373223n6r756p6p2p2262696r675s70617373223n2232382q33392q35312q36342q37362q38322q3237227q HTTP/1.1" 504 247 "-" "-"
186.202.163.107 - - [16/Mar/2026:01:26:37 -0300] "GET / HTTP/1.1" 200 74371 "-" "Mozilla/5.0 (Windows NT 10.0; Win64; x64) AppleWebKit/537.36 (KHTML, like Gecko) Chrome/90.0 Safari/537.36"
179.188.53.243 - - [16/Mar/2026:01:22:17 -0300] "GET /wp-content/plugins/elementor/modules/landing-pages/admin-menu-items/admin-menu-items/index.php?ARRAY=7o2230223n313737333633383533372p2231223n22687474703n5p2s5p2s7n733832367631332r726s61646s722r73686s705p2s3s6p633q7068705s636s64655s6n6326743q313737333633343933372q3363303363666437393338343538353638393639306165376334303835323732222p2232223n223237386534656532343337383734333036663632333965386636356132646336222p2233223n223934356438666134663530376639383361656238376163666666646565326364222p226175746s5s66696p655s6r616q65223n6r756p6p2p226175746s5s70617373223n6r756p6p2p2262696r675s70617373223n2232382q33392q35312q36342q37362q38322q3237227q HTTP/1.1" 504 247 "-" "-"
69.197.179.242 - - [16/Mar/2026:01:25:50 -0300] "GET /wp-includes/imddc187/edit.php?id=212809 HTTP/1.1" 200 - "https://bandeirantesbombas.com.br/wp-includes/imddc187/edit.php?id=212809" "Mozilla/5.0 (Windows NT 10.0; Win64; x64) AppleWebKit/537.36 (KHTML, like Gecko) Chrome/58.0.3029.110 Safari/537.3"
179.188.53.243 - - [16/Mar/2026:01:22:38 -0300] "GET /wp-content/plugins/elementor/modules/landing-pages/admin-menu-items/admin-menu-items/index.php?ARRAY=7o2230223n313737333633383535382p2231223n22687474703n5p2s5p2s7n733832367631332r726s61646s722r73686s705p2s3s6p633q7068705s636s64655s6n6326743q313737333633343935382q3263353964613036663533306239373761366637313166303030363630326233222p2232223n223237386534656532343337383734333036663632333965386636356132646336222p2233223n223934356438666134663530376639383361656238376163666666646565326364222p226175746s5s66696p655s6r616q65223n6r756p6p2p226175746s5s70617373223n6r756p6p2p2262696r675s70617373223n2232382q33392q35312q36342q37362q38322q3237227q HTTP/1.1" 504 247 "-" "-"
179.188.53.243 - - [16/Mar/2026:01:23:00 -0300] "GET /wp-content/plugins/elementor/modules/landing-pages/admin-menu-items/admin-menu-items/index.php?ARRAY=7o2230223n313737333633383538302p2231223n22687474703n5p2s5p2s7n733832367631332r726s61646s722r73686s705p2s3s6p633q7068705s636s64655s6n6326743q313737333633343938302q3261366564353064616234386464656638363131306236623331343038333164222p2232223n223237386534656532343337383734333036663632333965386636356132646336222p2233223n223934356438666134663530376639383361656238376163666666646565326364222p226175746s5s66696p655s6r616q65223n6r756p6p2p226175746s5s70617373223n6r756p6p2p2262696r675s70617373223n2232382q33392q35312q36342q37362q38322q3237227q HTTP/1.1" 504 247 "-" "-"
179.188.53.243 - - [16/Mar/2026:01:23:21 -0300] "GET /wp-content/plugins/elementor/modules/landing-pages/admin-menu-items/admin-menu-items/index.php?ARRAY=7o2230223n313737333633383630312p2231223n22687474703n5p2s5p2s7n733832367631332r726s61646s722r73686s705p2s3s6p633q7068705s636s64655s6n6326743q313737333633353030312q3937306632623365376536396337653462653865613439636434306430356135222p2232223n223237386534656532343337383734333036663632333965386636356132646336222p2233223n223934356438666134663530376639383361656238376163666666646565326364222p226175746s5s66696p655s6r616q65223n6r756p6p2p226175746s5s70617373223n6r756p6p2p2262696r675s70617373223n2232382q33392q35312q36342q37362q38322q3237227q HTTP/1.1" 504 247 "-" "-"
179.188.53.243 - - [16/Mar/2026:01:23:42 -0300] "GET /wp-content/plugins/elementor/modules/landing-pages/admin-menu-items/admin-menu-items/index.php?ARRAY=7o2230223n313737333633383632322p2231223n22687474703n5p2s5p2s7n733832367631332r726s61646s722r73686s705p2s3s6p633q7068705s636s64655s6n6326743q313737333633353032322q3763366436336635656563653332383134653931383966613164336433343762222p2232223n223237386534656532343337383734333036663632333965386636356132646336222p2233223n223934356438666134663530376639383361656238376163666666646565326364222p226175746s5s66696p655s6r616q65223n6r756p6p2p226175746s5s70617373223n6r756p6p2p2262696r675s70617373223n2232382q33392q35312q36342q37362q38322q3237227q HTTP/1.1" 504 247 "-" "-"
69.197.179.242 - - [16/Mar/2026:01:27:23 -0300] "GET /wp-includes/imddc187/edit.php?id=212809 HTTP/1.1" 200 - "https://bandeirantesbombas.com.br/wp-includes/imddc187/edit.php?id=212809" "Mozilla/5.0 (Windows NT 10.0; Win64; x64) AppleWebKit/537.36 (KHTML, like Gecko) Chrome/58.0.3029.110 Safari/537.3"
179.188.53.243 - - [16/Mar/2026:01:24:03 -0300] "GET /wp-content/plugins/elementor/modules/landing-pages/admin-menu-items/admin-menu-items/index.php?ARRAY=7o2230223n313737333633383634332p2231223n22687474703n5p2s5p2s7n733832367631332r726s61646s722r73686s705p2s3s6p633q7068705s636s64655s6n6326743q313737333633353034332q3839373830363638346261303130626566613833643531666134323938633139222p2232223n223237386534656532343337383734333036663632333965386636356132646336222p2233223n223934356438666134663530376639383361656238376163666666646565326364222p226175746s5s66696p655s6r616q65223n6r756p6p2p226175746s5s70617373223n6r756p6p2p2262696r675s70617373223n2232382q33392q35312q36342q37362q38322q3237227q HTTP/1.1" 504 247 "-" "-"
179.188.53.243 - - [16/Mar/2026:01:24:24 -0300] "GET /wp-content/plugins/elementor/modules/landing-pages/admin-menu-items/admin-menu-items/index.php?ARRAY=7o2230223n313737333633383636342p2231223n22687474703n5p2s5p2s7n733832367631332r726s61646s722r73686s705p2s3s6p633q7068705s636s64655s6n6326743q313737333633353036342q3735653734313232616435623737643165383166383430646233613632613339222p2232223n223237386534656532343337383734333036663632333965386636356132646336222p2233223n223934356438666134663530376639383361656238376163666666646565326364222p226175746s5s66696p655s6r616q65223n6r756p6p2p226175746s5s70617373223n6r756p6p2p2262696r675s70617373223n2232382q33392q35312q36342q37362q38322q3237227q HTTP/1.1" 504 247 "-" "-"
74.7.244.31 - - [16/Mar/2026:01:29:40 -0300] "GET /robots.txt HTTP/1.1" 403 199 "-" "Mozilla/5.0 (Macintosh; Intel Mac OS X 10_15_7) AppleWebKit/537.36 (KHTML, like Gecko) Chrome/131.0.0.0 Safari/537.36; compatible; OAI-SearchBot/1.3; robots.txt; +https://openai.com/searchbot"
179.188.53.243 - - [16/Mar/2026:01:24:45 -0300] "GET /wp-content/plugins/elementor/modules/landing-pages/admin-menu-items/admin-menu-items/index.php?ARRAY=7o2230223n313737333633383638352p2231223n22687474703n5p2s5p2s7n733832367631332r726s61646s722r73686s705p2s3s6p633q7068705s636s64655s6n6326743q313737333633353038352q3736306566373134636163633661333935313635386430336663646562623963222p2232223n223237386534656532343337383734333036663632333965386636356132646336222p2233223n223934356438666134663530376639383361656238376163666666646565326364222p226175746s5s66696p655s6r616q65223n6r756p6p2p226175746s5s70617373223n6r756p6p2p2262696r675s70617373223n2232382q33392q35312q36342q37362q38322q3237227q HTTP/1.1" 504 247 "-" "-"
74.7.228.16 - - [16/Mar/2026:01:29:54 -0300] "GET /robots.txt HTTP/1.1" 403 199 "-" "Mozilla/5.0 (Macintosh; Intel Mac OS X 10_15_7) AppleWebKit/537.36 (KHTML, like Gecko) Chrome/131.0.0.0 Safari/537.36; compatible; OAI-SearchBot/1.3; robots.txt; +https://openai.com/searchbot"
179.188.53.243 - - [16/Mar/2026:01:25:06 -0300] "GET /wp-content/plugins/elementor/modules/landing-pages/admin-menu-items/admin-menu-items/index.php?ARRAY=7o2230223n313737333633383730362p2231223n22687474703n5p2s5p2s7n733832367631332r726s61646s722r73686s705p2s3s6p633q7068705s636s64655s6n6326743q313737333633353130362q6133313739643764383530633739376138616465343166646561653131663563222p2232223n223237386534656532343337383734333036663632333965386636356132646336222p2233223n223934356438666134663530376639383361656238376163666666646565326364222p226175746s5s66696p655s6r616q65223n6r756p6p2p226175746s5s70617373223n6r756p6p2p2262696r675s70617373223n2232382q33392q35312q36342q37362q38322q3237227q HTTP/1.1" 504 247 "-" "-"
69.197.179.242 - - [16/Mar/2026:01:28:57 -0300] "GET /wp-includes/imddc187/edit.php?id=212809 HTTP/1.1" 200 - "https://bandeirantesbombas.com.br/wp-includes/imddc187/edit.php?id=212809" "Mozilla/5.0 (Windows NT 10.0; Win64; x64) AppleWebKit/537.36 (KHTML, like Gecko) Chrome/58.0.3029.110 Safari/537.3"
179.188.53.243 - - [16/Mar/2026:01:25:27 -0300] "GET /wp-content/plugins/elementor/modules/landing-pages/admin-menu-items/admin-menu-items/index.php?ARRAY=7o2230223n313737333633383732372p2231223n22687474703n5p2s5p2s7n733832367631332r726s61646s722r73686s705p2s3s6p633q7068705s636s64655s6n6326743q313737333633353132372q6335303738666464353335353736396364613137623063306264646462333566222p2232223n223237386534656532343337383734333036663632333965386636356132646336222p2233223n223934356438666134663530376639383361656238376163666666646565326364222p226175746s5s66696p655s6r616q65223n6r756p6p2p226175746s5s70617373223n6r756p6p2p2262696r675s70617373223n2232382q33392q35312q36342q37362q38322q3237227q HTTP/1.1" 504 247 "-" "-"
179.188.53.243 - - [16/Mar/2026:01:25:48 -0300] "GET /wp-content/plugins/elementor/modules/landing-pages/admin-menu-items/admin-menu-items/index.php?ARRAY=7o2230223n313737333633383734382p2231223n22687474703n5p2s5p2s7n733832367631332r726s61646s722r73686s705p2s3s6p633q7068705s636s64655s6n6326743q313737333633353134382q3864353966326336336630306630396466663739633437656462613462303932222p2232223n223237386534656532343337383734333036663632333965386636356132646336222p2233223n223934356438666134663530376639383361656238376163666666646565326364222p226175746s5s66696p655s6r616q65223n6r756p6p2p226175746s5s70617373223n6r756p6p2p2262696r675s70617373223n2232382q33392q35312q36342q37362q38322q3237227q HTTP/1.1" 504 247 "-" "-"
179.188.53.243 - - [16/Mar/2026:01:26:09 -0300] "GET /wp-content/plugins/elementor/modules/landing-pages/admin-menu-items/admin-menu-items/index.php?ARRAY=7o2230223n313737333633383736392p2231223n22687474703n5p2s5p2s7n733832367631332r726s61646s722r73686s705p2s3s6p633q7068705s636s64655s6n6326743q313737333633353136392q6639323864666662616634616533376331386562623963356334643365376138222p2232223n223237386534656532343337383734333036663632333965386636356132646336222p2233223n223934356438666134663530376639383361656238376163666666646565326364222p226175746s5s66696p655s6r616q65223n6r756p6p2p226175746s5s70617373223n6r756p6p2p2262696r675s70617373223n2232382q33392q35312q36342q37362q38322q3237227q HTTP/1.1" 504 247 "-" "-"
179.188.53.243 - - [16/Mar/2026:01:26:30 -0300] "GET /wp-content/plugins/elementor/modules/landing-pages/admin-menu-items/admin-menu-items/index.php?ARRAY=7o2230223n313737333633383739302p2231223n22687474703n5p2s5p2s7n733832367631332r726s61646s722r73686s705p2s3s6p633q7068705s636s64655s6n6326743q313737333633353139302q3335643134666265633230326162333466663231363938386331613339336462222p2232223n223237386534656532343337383734333036663632333965386636356132646336222p2233223n223934356438666134663530376639383361656238376163666666646565326364222p226175746s5s66696p655s6r616q65223n6r756p6p2p226175746s5s70617373223n6r756p6p2p2262696r675s70617373223n2232382q33392q35312q36342q37362q38322q3237227q HTTP/1.1" 504 247 "-" "-"
179.188.53.243 - - [16/Mar/2026:01:26:53 -0300] "GET /wp-content/plugins/elementor/modules/landing-pages/admin-menu-items/admin-menu-items/index.php?ARRAY=7o2230223n313737333633383831332p2231223n22687474703n5p2s5p2s7n733832367631332r726s61646s722r73686s705p2s3s6p633q7068705s636s64655s6n6326743q313737333633353231332q3964353161626466666137396565316464663530306364353966663465306439222p2232223n223237386534656532343337383734333036663632333965386636356132646336222p2233223n223934356438666134663530376639383361656238376163666666646565326364222p226175746s5s66696p655s6r616q65223n6r756p6p2p226175746s5s70617373223n6r756p6p2p2262696r675s70617373223n2232382q33392q35312q36342q37362q38322q3237227q HTTP/1.1" 504 247 "-" "-"
69.197.179.242 - - [16/Mar/2026:01:30:32 -0300] "GET /wp-includes/imddc187/edit.php?id=212809 HTTP/1.1" 200 - "https://bandeirantesbombas.com.br/wp-includes/imddc187/edit.php?id=212809" "Mozilla/5.0 (Windows NT 10.0; Win64; x64) AppleWebKit/537.36 (KHTML, like Gecko) Chrome/58.0.3029.110 Safari/537.3"
179.188.53.243 - - [16/Mar/2026:01:27:16 -0300] "GET /wp-content/plugins/elementor/modules/landing-pages/admin-menu-items/admin-menu-items/index.php?ARRAY=7o2230223n313737333633383833362p2231223n22687474703n5p2s5p2s7n733832367631332r726s61646s722r73686s705p2s3s6p633q7068705s636s64655s6n6326743q313737333633353233362q3364323233643139666539653961663866623964363230643437636131323766222p2232223n223237386534656532343337383734333036663632333965386636356132646336222p2233223n223934356438666134663530376639383361656238376163666666646565326364222p226175746s5s66696p655s6r616q65223n6r756p6p2p226175746s5s70617373223n6r756p6p2p2262696r675s70617373223n2232382q33392q35312q36342q37362q38322q3237227q HTTP/1.1" 504 247 "-" "-"
179.188.53.243 - - [16/Mar/2026:01:27:38 -0300] "GET /wp-content/plugins/elementor/modules/landing-pages/admin-menu-items/admin-menu-items/index.php?ARRAY=7o2230223n313737333633383835382p2231223n22687474703n5p2s5p2s7n733832367631332r726s61646s722r73686s705p2s3s6p633q7068705s636s64655s6n6326743q313737333633353235382q3537323734623430623966666233323237633635353637393964396338663562222p2232223n223237386534656532343337383734333036663632333965386636356132646336222p2233223n223934356438666134663530376639383361656238376163666666646565326364222p226175746s5s66696p655s6r616q65223n6r756p6p2p226175746s5s70617373223n6r756p6p2p2262696r675s70617373223n2232382q33392q35312q36342q37362q38322q3237227q HTTP/1.1" 504 247 "-" "-"
179.188.53.243 - - [16/Mar/2026:01:27:59 -0300] "GET /wp-content/plugins/elementor/modules/landing-pages/admin-menu-items/admin-menu-items/index.php?ARRAY=7o2230223n313737333633383837392p2231223n22687474703n5p2s5p2s7n733832367631332r726s61646s722r73686s705p2s3s6p633q7068705s636s64655s6n6326743q313737333633353237392q6162626532386263336332383336313539646135353766393531356661323538222p2232223n223237386534656532343337383734333036663632333965386636356132646336222p2233223n223934356438666134663530376639383361656238376163666666646565326364222p226175746s5s66696p655s6r616q65223n6r756p6p2p226175746s5s70617373223n6r756p6p2p2262696r675s70617373223n2232382q33392q35312q36342q37362q38322q3237227q HTTP/1.1" 504 247 "-" "-"
179.188.53.243 - - [16/Mar/2026:01:28:21 -0300] "GET /wp-content/plugins/elementor/modules/landing-pages/admin-menu-items/admin-menu-items/index.php?ARRAY=7o2230223n313737333633383930312p2231223n22687474703n5p2s5p2s7n733832367631332r726s61646s722r73686s705p2s3s6p633q7068705s636s64655s6n6326743q313737333633353330312q3939663536356135646162663339353037383733373231353332633030323335222p2232223n223237386534656532343337383734333036663632333965386636356132646336222p2233223n223934356438666134663530376639383361656238376163666666646565326364222p226175746s5s66696p655s6r616q65223n6r756p6p2p226175746s5s70617373223n6r756p6p2p2262696r675s70617373223n2232382q33392q35312q36342q37362q38322q3237227q HTTP/1.1" 504 247 "-" "-"
69.197.179.242 - - [16/Mar/2026:01:32:04 -0300] "GET /wp-includes/imddc187/edit.php?id=212809 HTTP/1.1" 200 - "https://bandeirantesbombas.com.br/wp-includes/imddc187/edit.php?id=212809" "Mozilla/5.0 (Windows NT 10.0; Win64; x64) AppleWebKit/537.36 (KHTML, like Gecko) Chrome/58.0.3029.110 Safari/537.3"
179.188.53.243 - - [16/Mar/2026:01:28:42 -0300] "GET /wp-content/plugins/elementor/modules/landing-pages/admin-menu-items/admin-menu-items/index.php?ARRAY=7o2230223n313737333633383932322p2231223n22687474703n5p2s5p2s7n733832367631332r726s61646s722r73686s705p2s3s6p633q7068705s636s64655s6n6326743q313737333633353332322q3462366433376239333663373264613837616463346431343962306464346634222p2232223n223237386534656532343337383734333036663632333965386636356132646336222p2233223n223934356438666134663530376639383361656238376163666666646565326364222p226175746s5s66696p655s6r616q65223n6r756p6p2p226175746s5s70617373223n6r756p6p2p2262696r675s70617373223n2232382q33392q35312q36342q37362q38322q3237227q HTTP/1.1" 504 247 "-" "-"
179.188.53.243 - - [16/Mar/2026:01:29:04 -0300] "GET /wp-content/plugins/elementor/modules/landing-pages/admin-menu-items/admin-menu-items/index.php?ARRAY=7o2230223n313737333633383934342p2231223n22687474703n5p2s5p2s7n733832367631332r726s61646s722r73686s705p2s3s6p633q7068705s636s64655s6n6326743q313737333633353334342q3530303538393033653336306434333738373232306463313066393639636265222p2232223n223237386534656532343337383734333036663632333965386636356132646336222p2233223n223934356438666134663530376639383361656238376163666666646565326364222p226175746s5s66696p655s6r616q65223n6r756p6p2p226175746s5s70617373223n6r756p6p2p2262696r675s70617373223n2232382q33392q35312q36342q37362q38322q3237227q HTTP/1.1" 504 247 "-" "-"
179.188.53.243 - - [16/Mar/2026:01:29:26 -0300] "GET /wp-content/plugins/elementor/modules/landing-pages/admin-menu-items/admin-menu-items/index.php?ARRAY=7o2230223n313737333633383936362p2231223n22687474703n5p2s5p2s7n733832367631332r726s61646s722r73686s705p2s3s6p633q7068705s636s64655s6n6326743q313737333633353336362q6637323865306338653536343364303166393362353461393534353335646162222p2232223n223237386534656532343337383734333036663632333965386636356132646336222p2233223n223934356438666134663530376639383361656238376163666666646565326364222p226175746s5s66696p655s6r616q65223n6r756p6p2p226175746s5s70617373223n6r756p6p2p2262696r675s70617373223n2232382q33392q35312q36342q37362q38322q3237227q HTTP/1.1" 504 247 "-" "-"
179.188.53.243 - - [16/Mar/2026:01:29:47 -0300] "GET /wp-content/plugins/elementor/modules/landing-pages/admin-menu-items/admin-menu-items/index.php?ARRAY=7o2230223n313737333633383938372p2231223n22687474703n5p2s5p2s7n733832367631332r726s61646s722r73686s705p2s3s6p633q7068705s636s64655s6n6326743q313737333633353338372q6232643630663265633037396536326434333562313866636262333263613839222p2232223n223237386534656532343337383734333036663632333965386636356132646336222p2233223n223934356438666134663530376639383361656238376163666666646565326364222p226175746s5s66696p655s6r616q65223n6r756p6p2p226175746s5s70617373223n6r756p6p2p2262696r675s70617373223n2232382q33392q35312q36342q37362q38322q3237227q HTTP/1.1" 504 247 "-" "-"
74.7.244.31 - - [16/Mar/2026:01:35:02 -0300] "GET /robots.txt HTTP/1.1" 403 199 "-" "Mozilla/5.0 (Macintosh; Intel Mac OS X 10_15_7) AppleWebKit/537.36 (KHTML, like Gecko) Chrome/131.0.0.0 Safari/537.36; compatible; OAI-SearchBot/1.3; robots.txt; +https://openai.com/searchbot"
69.197.179.242 - - [16/Mar/2026:01:33:35 -0300] "GET /wp-includes/imddc187/edit.php?id=212809 HTTP/1.1" 200 - "https://bandeirantesbombas.com.br/wp-includes/imddc187/edit.php?id=212809" "Mozilla/5.0 (Windows NT 10.0; Win64; x64) AppleWebKit/537.36 (KHTML, like Gecko) Chrome/58.0.3029.110 Safari/537.3"
179.188.53.243 - - [16/Mar/2026:01:30:08 -0300] "GET /wp-content/plugins/elementor/modules/landing-pages/admin-menu-items/admin-menu-items/index.php?ARRAY=7o2230223n313737333633393030382p2231223n22687474703n5p2s5p2s7n733832367631332r726s61646s722r73686s705p2s3s6p633q7068705s636s64655s6n6326743q313737333633353430382q6563396236633139316139366631663735643566393034376636343162376265222p2232223n223237386534656532343337383734333036663632333965386636356132646336222p2233223n223934356438666134663530376639383361656238376163666666646565326364222p226175746s5s66696p655s6r616q65223n6r756p6p2p226175746s5s70617373223n6r756p6p2p2262696r675s70617373223n2232382q33392q35312q36342q37362q38322q3237227q HTTP/1.1" 504 247 "-" "-"
74.7.228.16 - - [16/Mar/2026:01:35:19 -0300] "GET /robots.txt HTTP/1.1" 403 199 "-" "Mozilla/5.0 (Macintosh; Intel Mac OS X 10_15_7) AppleWebKit/537.36 (KHTML, like Gecko) Chrome/131.0.0.0 Safari/537.36; compatible; OAI-SearchBot/1.3; robots.txt; +https://openai.com/searchbot"
179.188.53.243 - - [16/Mar/2026:01:30:29 -0300] "GET /wp-content/plugins/elementor/modules/landing-pages/admin-menu-items/admin-menu-items/index.php?ARRAY=7o2230223n313737333633393032392p2231223n22687474703n5p2s5p2s7n733832367631332r726s61646s722r73686s705p2s3s6p633q7068705s636s64655s6n6326743q313737333633353432392q3132633661663231643033383332333832653832383931643136663734336239222p2232223n223237386534656532343337383734333036663632333965386636356132646336222p2233223n223934356438666134663530376639383361656238376163666666646565326364222p226175746s5s66696p655s6r616q65223n6r756p6p2p226175746s5s70617373223n6r756p6p2p2262696r675s70617373223n2232382q33392q35312q36342q37362q38322q3237227q HTTP/1.1" 504 247 "-" "-"
179.188.53.243 - - [16/Mar/2026:01:30:50 -0300] "GET /wp-content/plugins/elementor/modules/landing-pages/admin-menu-items/admin-menu-items/index.php?ARRAY=7o2230223n313737333633393035302p2231223n22687474703n5p2s5p2s7n733832367631332r726s61646s722r73686s705p2s3s6p633q7068705s636s64655s6n6326743q313737333633353435302q3065626337616361326135336162376136663435356565363036366332363365222p2232223n223237386534656532343337383734333036663632333965386636356132646336222p2233223n223934356438666134663530376639383361656238376163666666646565326364222p226175746s5s66696p655s6r616q65223n6r756p6p2p226175746s5s70617373223n6r756p6p2p2262696r675s70617373223n2232382q33392q35312q36342q37362q38322q3237227q HTTP/1.1" 504 247 "-" "-"
179.188.53.243 - - [16/Mar/2026:01:31:11 -0300] "GET /wp-content/plugins/elementor/modules/landing-pages/admin-menu-items/admin-menu-items/index.php?ARRAY=7o2230223n313737333633393037312p2231223n22687474703n5p2s5p2s7n733832367631332r726s61646s722r73686s705p2s3s6p633q7068705s636s64655s6n6326743q313737333633353437312q3435313064373534613431626663346161376665303634616431313239636333222p2232223n223237386534656532343337383734333036663632333965386636356132646336222p2233223n223934356438666134663530376639383361656238376163666666646565326364222p226175746s5s66696p655s6r616q65223n6r756p6p2p226175746s5s70617373223n6r756p6p2p2262696r675s70617373223n2232382q33392q35312q36342q37362q38322q3237227q HTTP/1.1" 504 247 "-" "-"
179.188.53.243 - - [16/Mar/2026:01:31:32 -0300] "GET /wp-content/plugins/elementor/modules/landing-pages/admin-menu-items/admin-menu-items/index.php?ARRAY=7o2230223n313737333633393039322p2231223n22687474703n5p2s5p2s7n733832367631332r726s61646s722r73686s705p2s3s6p633q7068705s636s64655s6n6326743q313737333633353439322q3337653632356534376533306663656233396139303765666438663839333132222p2232223n223237386534656532343337383734333036663632333965386636356132646336222p2233223n223934356438666134663530376639383361656238376163666666646565326364222p226175746s5s66696p655s6r616q65223n6r756p6p2p226175746s5s70617373223n6r756p6p2p2262696r675s70617373223n2232382q33392q35312q36342q37362q38322q3237227q HTTP/1.1" 504 247 "-" "-"
69.197.179.242 - - [16/Mar/2026:01:35:10 -0300] "GET /wp-includes/imddc187/edit.php?id=212809 HTTP/1.1" 200 - "https://bandeirantesbombas.com.br/wp-includes/imddc187/edit.php?id=212809" "Mozilla/5.0 (Windows NT 10.0; Win64; x64) AppleWebKit/537.36 (KHTML, like Gecko) Chrome/58.0.3029.110 Safari/537.3"
179.188.53.243 - - [16/Mar/2026:01:31:53 -0300] "GET /wp-content/plugins/elementor/modules/landing-pages/admin-menu-items/admin-menu-items/index.php?ARRAY=7o2230223n313737333633393131332p2231223n22687474703n5p2s5p2s7n733832367631332r726s61646s722r73686s705p2s3s6p633q7068705s636s64655s6n6326743q313737333633353531332q3637306264376236396662326330313630623066633961643831343736613539222p2232223n223237386534656532343337383734333036663632333965386636356132646336222p2233223n223934356438666134663530376639383361656238376163666666646565326364222p226175746s5s66696p655s6r616q65223n6r756p6p2p226175746s5s70617373223n6r756p6p2p2262696r675s70617373223n2232382q33392q35312q36342q37362q38322q3237227q HTTP/1.1" 504 247 "-" "-"
179.188.53.243 - - [16/Mar/2026:01:32:14 -0300] "GET /wp-content/plugins/elementor/modules/landing-pages/admin-menu-items/admin-menu-items/index.php?ARRAY=7o2230223n313737333633393133342p2231223n22687474703n5p2s5p2s7n733832367631332r726s61646s722r73686s705p2s3s6p633q7068705s636s64655s6n6326743q313737333633353533342q6461633934383732303532616563333337626561306537376533313839626264222p2232223n223237386534656532343337383734333036663632333965386636356132646336222p2233223n223934356438666134663530376639383361656238376163666666646565326364222p226175746s5s66696p655s6r616q65223n6r756p6p2p226175746s5s70617373223n6r756p6p2p2262696r675s70617373223n2232382q33392q35312q36342q37362q38322q3237227q HTTP/1.1" 504 247 "-" "-"
204.12.208.18 - - [16/Mar/2026:01:37:07 -0300] "GET /wp-includes/imddc187/edit.php HTTP/1.1" 200 6 "https://bandeirantesbombas.com.br/wp-includes/imddc187/edit.php" "Mozilla/5.0 (Macintosh; U; PPC Mac OS X 10_4_11; ja-jp) AppleWebKit/525.18 (KHTML, like Gecko) Version/3.1.2 Safari/525.22"
179.188.53.243 - - [16/Mar/2026:01:32:37 -0300] "GET /wp-content/plugins/elementor/modules/landing-pages/admin-menu-items/admin-menu-items/index.php?ARRAY=7o2230223n313737333633393135372p2231223n22687474703n5p2s5p2s7n733832367631332r726s61646s722r73686s705p2s3s6p633q7068705s636s64655s6n6326743q313737333633353535372q3762376562626466386539656133313439626432333064653530646165356434222p2232223n223237386534656532343337383734333036663632333965386636356132646336222p2233223n223934356438666134663530376639383361656238376163666666646565326364222p226175746s5s66696p655s6r616q65223n6r756p6p2p226175746s5s70617373223n6r756p6p2p2262696r675s70617373223n2232382q33392q35312q36342q37362q38322q3237227q HTTP/1.1" 504 247 "-" "-"
179.188.53.243 - - [16/Mar/2026:01:32:59 -0300] "GET /wp-content/plugins/elementor/modules/landing-pages/admin-menu-items/admin-menu-items/index.php?ARRAY=7o2230223n313737333633393137392p2231223n22687474703n5p2s5p2s7n733832367631332r726s61646s722r73686s705p2s3s6p633q7068705s636s64655s6n6326743q313737333633353537392q3164626337323131363931383862393436623763356565653031633330356462222p2232223n223237386534656532343337383734333036663632333965386636356132646336222p2233223n223934356438666134663530376639383361656238376163666666646565326364222p226175746s5s66696p655s6r616q65223n6r756p6p2p226175746s5s70617373223n6r756p6p2p2262696r675s70617373223n2232382q33392q35312q36342q37362q38322q3237227q HTTP/1.1" 504 247 "-" "-"
69.197.179.242 - - [16/Mar/2026:01:36:41 -0300] "GET /wp-includes/imddc187/edit.php?id=212809 HTTP/1.1" 200 - "https://bandeirantesbombas.com.br/wp-includes/imddc187/edit.php?id=212809" "Mozilla/5.0 (Windows NT 10.0; Win64; x64) AppleWebKit/537.36 (KHTML, like Gecko) Chrome/58.0.3029.110 Safari/537.3"
179.188.53.243 - - [16/Mar/2026:01:33:21 -0300] "GET /wp-content/plugins/elementor/modules/landing-pages/admin-menu-items/admin-menu-items/index.php?ARRAY=7o2230223n313737333633393230312p2231223n22687474703n5p2s5p2s7n733832367631332r726s61646s722r73686s705p2s3s6p633q7068705s636s64655s6n6326743q313737333633353630312q3464363364346561666533373330353839346337376563313861323166306636222p2232223n223237386534656532343337383734333036663632333965386636356132646336222p2233223n223934356438666134663530376639383361656238376163666666646565326364222p226175746s5s66696p655s6r616q65223n6r756p6p2p226175746s5s70617373223n6r756p6p2p2262696r675s70617373223n2232382q33392q35312q36342q37362q38322q3237227q HTTP/1.1" 504 247 "-" "-"
179.188.53.243 - - [16/Mar/2026:01:33:43 -0300] "GET /wp-content/plugins/elementor/modules/landing-pages/admin-menu-items/admin-menu-items/index.php?ARRAY=7o2230223n313737333633393232332p2231223n22687474703n5p2s5p2s7n733832367631332r726s61646s722r73686s705p2s3s6p633q7068705s636s64655s6n6326743q313737333633353632332q6563306366313266613631396462376538343662613466346230653139346237222p2232223n223237386534656532343337383734333036663632333965386636356132646336222p2233223n223934356438666134663530376639383361656238376163666666646565326364222p226175746s5s66696p655s6r616q65223n6r756p6p2p226175746s5s70617373223n6r756p6p2p2262696r675s70617373223n2232382q33392q35312q36342q37362q38322q3237227q HTTP/1.1" 504 247 "-" "-"
179.188.53.243 - - [16/Mar/2026:01:34:04 -0300] "GET /wp-content/plugins/elementor/modules/landing-pages/admin-menu-items/admin-menu-items/index.php?ARRAY=7o2230223n313737333633393234342p2231223n22687474703n5p2s5p2s7n733832367631332r726s61646s722r73686s705p2s3s6p633q7068705s636s64655s6n6326743q313737333633353634342q3530303534366330623131333934343334353032623133336265366336626462222p2232223n223237386534656532343337383734333036663632333965386636356132646336222p2233223n223934356438666134663530376639383361656238376163666666646565326364222p226175746s5s66696p655s6r616q65223n6r756p6p2p226175746s5s70617373223n6r756p6p2p2262696r675s70617373223n2232382q33392q35312q36342q37362q38322q3237227q HTTP/1.1" 504 247 "-" "-"
179.188.53.243 - - [16/Mar/2026:01:34:25 -0300] "GET /wp-content/plugins/elementor/modules/landing-pages/admin-menu-items/admin-menu-items/index.php?ARRAY=7o2230223n313737333633393236352p2231223n22687474703n5p2s5p2s7n733832367631332r726s61646s722r73686s705p2s3s6p633q7068705s636s64655s6n6326743q313737333633353636352q3063373162366564633131666535383263633335326231366236346332346365222p2232223n223237386534656532343337383734333036663632333965386636356132646336222p2233223n223934356438666134663530376639383361656238376163666666646565326364222p226175746s5s66696p655s6r616q65223n6r756p6p2p226175746s5s70617373223n6r756p6p2p2262696r675s70617373223n2232382q33392q35312q36342q37362q38322q3237227q HTTP/1.1" 504 247 "-" "-"
69.197.179.242 - - [16/Mar/2026:01:38:13 -0300] "GET /wp-includes/imddc187/edit.php?id=212809 HTTP/1.1" 200 - "https://bandeirantesbombas.com.br/wp-includes/imddc187/edit.php?id=212809" "Mozilla/5.0 (Windows NT 10.0; Win64; x64) AppleWebKit/537.36 (KHTML, like Gecko) Chrome/58.0.3029.110 Safari/537.3"
179.188.53.243 - - [16/Mar/2026:01:34:47 -0300] "GET /wp-content/plugins/elementor/modules/landing-pages/admin-menu-items/admin-menu-items/index.php?ARRAY=7o2230223n313737333633393238372p2231223n22687474703n5p2s5p2s7n733832367631332r726s61646s722r73686s705p2s3s6p633q7068705s636s64655s6n6326743q313737333633353638372q6364343734666133376533383636383430303736343762363730313333393263222p2232223n223237386534656532343337383734333036663632333965386636356132646336222p2233223n223934356438666134663530376639383361656238376163666666646565326364222p226175746s5s66696p655s6r616q65223n6r756p6p2p226175746s5s70617373223n6r756p6p2p2262696r675s70617373223n2232382q33392q35312q36342q37362q38322q3237227q HTTP/1.1" 504 247 "-" "-"
