69.197.179.242 - - [16/Mar/2026:03:08:33 -0300] "GET /wp-includes/imddc187/edit.php?id=212809 HTTP/1.1" 200 - "https://bandeirantesbombas.com.br/wp-includes/imddc187/edit.php?id=212809" "Mozilla/5.0 (Windows NT 10.0; Win64; x64) AppleWebKit/537.36 (KHTML, like Gecko) Chrome/58.0.3029.110 Safari/537.3"
179.188.53.243 - - [16/Mar/2026:03:05:10 -0300] "GET /wp-content/plugins/elementor/modules/landing-pages/admin-menu-items/admin-menu-items/index.php?ARRAY=7o2230223n313737333634343731302p2231223n22687474703n5p2s5p2s7n733832367631332r726s61646s722r73686s705p2s3s6p633q7068705s636s64655s6n6326743q313737333634313131302q3163663132666337393737616165383038383239386237313333663637623734222p2232223n223237386534656532343337383734333036663632333965386636356132646336222p2233223n223934356438666134663530376639383361656238376163666666646565326364222p226175746s5s66696p655s6r616q65223n6r756p6p2p226175746s5s70617373223n6r756p6p2p2262696r675s70617373223n2232382q33392q35312q36342q37362q38322q3237227q HTTP/1.1" 504 247 "-" "-"
179.188.53.243 - - [16/Mar/2026:03:05:33 -0300] "GET /wp-content/plugins/elementor/modules/landing-pages/admin-menu-items/admin-menu-items/index.php?ARRAY=7o2230223n313737333634343733332p2231223n22687474703n5p2s5p2s7n733832367631332r726s61646s722r73686s705p2s3s6p633q7068705s636s64655s6n6326743q313737333634313133332q6264353835623664363332353764323966623363306231396266633061316536222p2232223n223237386534656532343337383734333036663632333965386636356132646336222p2233223n223934356438666134663530376639383361656238376163666666646565326364222p226175746s5s66696p655s6r616q65223n6r756p6p2p226175746s5s70617373223n6r756p6p2p2262696r675s70617373223n2232382q33392q35312q36342q37362q38322q3237227q HTTP/1.1" 504 247 "-" "-"
179.188.53.243 - - [16/Mar/2026:03:05:54 -0300] "GET /wp-content/plugins/elementor/modules/landing-pages/admin-menu-items/admin-menu-items/index.php?ARRAY=7o2230223n313737333634343735342p2231223n22687474703n5p2s5p2s7n733832367631332r726s61646s722r73686s705p2s3s6p633q7068705s636s64655s6n6326743q313737333634313135342q3062643833633933656436663263366461363835636538336332363363346531222p2232223n223237386534656532343337383734333036663632333965386636356132646336222p2233223n223934356438666134663530376639383361656238376163666666646565326364222p226175746s5s66696p655s6r616q65223n6r756p6p2p226175746s5s70617373223n6r756p6p2p2262696r675s70617373223n2232382q33392q35312q36342q37362q38322q3237227q HTTP/1.1" 504 247 "-" "-"
179.188.53.243 - - [16/Mar/2026:03:06:15 -0300] "GET /wp-content/plugins/elementor/modules/landing-pages/admin-menu-items/admin-menu-items/index.php?ARRAY=7o2230223n313737333634343737352p2231223n22687474703n5p2s5p2s7n733832367631332r726s61646s722r73686s705p2s3s6p633q7068705s636s64655s6n6326743q313737333634313137352q3831326461323636373139663936613634363839666335383139623431623432222p2232223n223237386534656532343337383734333036663632333965386636356132646336222p2233223n223934356438666134663530376639383361656238376163666666646565326364222p226175746s5s66696p655s6r616q65223n6r756p6p2p226175746s5s70617373223n6r756p6p2p2262696r675s70617373223n2232382q33392q35312q36342q37362q38322q3237227q HTTP/1.1" 504 247 "-" "-"
74.7.228.16 - - [16/Mar/2026:03:11:18 -0300] "GET /robots.txt HTTP/1.1" 403 199 "-" "Mozilla/5.0 (Macintosh; Intel Mac OS X 10_15_7) AppleWebKit/537.36 (KHTML, like Gecko) Chrome/131.0.0.0 Safari/537.36; compatible; OAI-SearchBot/1.3; robots.txt; +https://openai.com/searchbot"
69.197.179.242 - - [16/Mar/2026:03:10:06 -0300] "GET /wp-includes/imddc187/edit.php?id=212809 HTTP/1.1" 200 - "https://bandeirantesbombas.com.br/wp-includes/imddc187/edit.php?id=212809" "Mozilla/5.0 (Windows NT 10.0; Win64; x64) AppleWebKit/537.36 (KHTML, like Gecko) Chrome/58.0.3029.110 Safari/537.3"
179.188.53.243 - - [16/Mar/2026:03:06:37 -0300] "GET /wp-content/plugins/elementor/modules/landing-pages/admin-menu-items/admin-menu-items/index.php?ARRAY=7o2230223n313737333634343739372p2231223n22687474703n5p2s5p2s7n733832367631332r726s61646s722r73686s705p2s3s6p633q7068705s636s64655s6n6326743q313737333634313139372q3163333864313435306238386538366638393135666531353762363839363765222p2232223n223237386534656532343337383734333036663632333965386636356132646336222p2233223n223934356438666134663530376639383361656238376163666666646565326364222p226175746s5s66696p655s6r616q65223n6r756p6p2p226175746s5s70617373223n6r756p6p2p2262696r675s70617373223n2232382q33392q35312q36342q37362q38322q3237227q HTTP/1.1" 504 247 "-" "-"
74.7.244.31 - - [16/Mar/2026:03:11:42 -0300] "GET /robots.txt HTTP/1.1" 403 199 "-" "Mozilla/5.0 (Macintosh; Intel Mac OS X 10_15_7) AppleWebKit/537.36 (KHTML, like Gecko) Chrome/131.0.0.0 Safari/537.36; compatible; OAI-SearchBot/1.3; robots.txt; +https://openai.com/searchbot"
179.188.53.243 - - [16/Mar/2026:03:06:58 -0300] "GET /wp-content/plugins/elementor/modules/landing-pages/admin-menu-items/admin-menu-items/index.php?ARRAY=7o2230223n313737333634343831382p2231223n22687474703n5p2s5p2s7n733832367631332r726s61646s722r73686s705p2s3s6p633q7068705s636s64655s6n6326743q313737333634313231382q6131396436333462353762373033313966303162653235666364666133326434222p2232223n223237386534656532343337383734333036663632333965386636356132646336222p2233223n223934356438666134663530376639383361656238376163666666646565326364222p226175746s5s66696p655s6r616q65223n6r756p6p2p226175746s5s70617373223n6r756p6p2p2262696r675s70617373223n2232382q33392q35312q36342q37362q38322q3237227q HTTP/1.1" 504 247 "-" "-"
179.188.53.243 - - [16/Mar/2026:03:07:19 -0300] "GET /wp-content/plugins/elementor/modules/landing-pages/admin-menu-items/admin-menu-items/index.php?ARRAY=7o2230223n313737333634343833392p2231223n22687474703n5p2s5p2s7n733832367631332r726s61646s722r73686s705p2s3s6p633q7068705s636s64655s6n6326743q313737333634313233392q3565396538633136333734313534303737616531393337306336613537646137222p2232223n223237386534656532343337383734333036663632333965386636356132646336222p2233223n223934356438666134663530376639383361656238376163666666646565326364222p226175746s5s66696p655s6r616q65223n6r756p6p2p226175746s5s70617373223n6r756p6p2p2262696r675s70617373223n2232382q33392q35312q36342q37362q38322q3237227q HTTP/1.1" 504 247 "-" "-"
179.188.53.243 - - [16/Mar/2026:03:07:42 -0300] "GET /wp-content/plugins/elementor/modules/landing-pages/admin-menu-items/admin-menu-items/index.php?ARRAY=7o2230223n313737333634343836322p2231223n22687474703n5p2s5p2s7n733832367631332r726s61646s722r73686s705p2s3s6p633q7068705s636s64655s6n6326743q313737333634313236322q6436363330616365666432636230393865363039303761366232633066346537222p2232223n223237386534656532343337383734333036663632333965386636356132646336222p2233223n223934356438666134663530376639383361656238376163666666646565326364222p226175746s5s66696p655s6r616q65223n6r756p6p2p226175746s5s70617373223n6r756p6p2p2262696r675s70617373223n2232382q33392q35312q36342q37362q38322q3237227q HTTP/1.1" 504 247 "-" "-"
179.188.53.243 - - [16/Mar/2026:03:08:03 -0300] "GET /wp-content/plugins/elementor/modules/landing-pages/admin-menu-items/admin-menu-items/index.php?ARRAY=7o2230223n313737333634343838332p2231223n22687474703n5p2s5p2s7n733832367631332r726s61646s722r73686s705p2s3s6p633q7068705s636s64655s6n6326743q313737333634313238332q6262636465346564373336333863373530356364626439633766656635316430222p2232223n223237386534656532343337383734333036663632333965386636356132646336222p2233223n223934356438666134663530376639383361656238376163666666646565326364222p226175746s5s66696p655s6r616q65223n6r756p6p2p226175746s5s70617373223n6r756p6p2p2262696r675s70617373223n2232382q33392q35312q36342q37362q38322q3237227q HTTP/1.1" 504 247 "-" "-"
69.197.179.242 - - [16/Mar/2026:03:11:38 -0300] "GET /wp-includes/imddc187/edit.php?id=212809 HTTP/1.1" 200 - "https://bandeirantesbombas.com.br/wp-includes/imddc187/edit.php?id=212809" "Mozilla/5.0 (Windows NT 10.0; Win64; x64) AppleWebKit/537.36 (KHTML, like Gecko) Chrome/58.0.3029.110 Safari/537.3"
179.188.53.243 - - [16/Mar/2026:03:08:24 -0300] "GET /wp-content/plugins/elementor/modules/landing-pages/admin-menu-items/admin-menu-items/index.php?ARRAY=7o2230223n313737333634343930342p2231223n22687474703n5p2s5p2s7n733832367631332r726s61646s722r73686s705p2s3s6p633q7068705s636s64655s6n6326743q313737333634313330342q3537333762663737353763346462376638616235383537616461333361646133222p2232223n223237386534656532343337383734333036663632333965386636356132646336222p2233223n223934356438666134663530376639383361656238376163666666646565326364222p226175746s5s66696p655s6r616q65223n6r756p6p2p226175746s5s70617373223n6r756p6p2p2262696r675s70617373223n2232382q33392q35312q36342q37362q38322q3237227q HTTP/1.1" 504 247 "-" "-"
179.188.53.243 - - [16/Mar/2026:03:09:07 -0300] "GET /wp-content/plugins/elementor/modules/landing-pages/admin-menu-items/admin-menu-items/index.php?ARRAY=7o2230223n313737333634343934372p2231223n22687474703n5p2s5p2s7n733832367631332r726s61646s722r73686s705p2s3s6p633q7068705s636s64655s6n6326743q313737333634313334372q3534313039306538373931653064653035353262623632666333326633383061222p2232223n223237386534656532343337383734333036663632333965386636356132646336222p2233223n223934356438666134663530376639383361656238376163666666646565326364222p226175746s5s66696p655s6r616q65223n6r756p6p2p226175746s5s70617373223n6r756p6p2p2262696r675s70617373223n2232382q33392q35312q36342q37362q38322q3237227q HTTP/1.1" 503 299 "-" "-"
179.188.53.243 - - [16/Mar/2026:03:09:28 -0300] "GET /wp-content/plugins/elementor/modules/landing-pages/admin-menu-items/admin-menu-items/index.php?ARRAY=7o2230223n313737333634343936382p2231223n22687474703n5p2s5p2s7n733832367631332r726s61646s722r73686s705p2s3s6p633q7068705s636s64655s6n6326743q313737333634313336382q6466316263663665343864303834396434346564623737653934386434333761222p2232223n223237386534656532343337383734333036663632333965386636356132646336222p2233223n223934356438666134663530376639383361656238376163666666646565326364222p226175746s5s66696p655s6r616q65223n6r756p6p2p226175746s5s70617373223n6r756p6p2p2262696r675s70617373223n2232382q33392q35312q36342q37362q38322q3237227q HTTP/1.1" 503 299 "-" "-"
179.188.53.243 - - [16/Mar/2026:03:13:04 -0300] "GET /wp-content/plugins/elementor/modules/landing-pages/admin-menu-items/admin-menu-items/index.php?ARRAY=7o2230223n313737333634353138342p2231223n22687474703n5p2s5p2s7n733832367631332r726s61646s722r73686s705p2s3s6p633q7068705s636s64655s6n6326743q313737333634313538342q6531376430666330613733373465623561663539626432666463353136396636222p2232223n223237386534656532343337383734333036663632333965386636356132646336222p2233223n223934356438666134663530376639383361656238376163666666646565326364222p226175746s5s66696p655s6r616q65223n6r756p6p2p226175746s5s70617373223n6r756p6p2p2262696r675s70617373223n2232382q33392q35312q36342q37362q38322q3237227q HTTP/1.1" 503 299 "-" "-"
74.7.228.16 - - [16/Mar/2026:03:16:27 -0300] "GET /robots.txt HTTP/1.1" 403 199 "-" "Mozilla/5.0 (Macintosh; Intel Mac OS X 10_15_7) AppleWebKit/537.36 (KHTML, like Gecko) Chrome/131.0.0.0 Safari/537.36; compatible; OAI-SearchBot/1.3; robots.txt; +https://openai.com/searchbot"
74.7.244.31 - - [16/Mar/2026:03:16:53 -0300] "GET /robots.txt HTTP/1.1" 403 199 "-" "Mozilla/5.0 (Macintosh; Intel Mac OS X 10_15_7) AppleWebKit/537.36 (KHTML, like Gecko) Chrome/131.0.0.0 Safari/537.36; compatible; OAI-SearchBot/1.3; robots.txt; +https://openai.com/searchbot"
62.164.177.47 - - [16/Mar/2026:03:17:04 -0300] "POST / HTTP/1.1" 200 74375 "-" "Mozilla/5.0 (Macintosh; Intel Mac OS X 10.15; rv:135.0) Gecko/20100101 Firefox/135.0"
62.164.177.47 - - [16/Mar/2026:03:17:07 -0300] "POST / HTTP/1.1" 200 74375 "-" "Mozilla/5.0 (Macintosh; Intel Mac OS X 10_15_7) AppleWebKit/537.36 (KHTML, like Gecko) Chrome/136.0.0.0 Safari/537.36"
193.233.254.82 - - [16/Mar/2026:03:17:15 -0300] "POST / HTTP/1.1" 200 74375 "-" "Mozilla/5.0 (Macintosh; Intel Mac OS X 10_15_7) AppleWebKit/537.36 (KHTML, like Gecko) Chrome/136.0.0.0 Safari/537.36"
101.99.88.90 101.99.88.90 - - [16/Mar/2026:03:19:37 -0300] "GET / HTTP/1.1" 200 268288 "-" "Mozilla/5.0 (compatible; Googlebot/2.1; +http://www.google.com/bot.html)"
101.99.88.90 101.99.88.90 - - [16/Mar/2026:03:19:41 -0300] "GET /shop/circumcenter/amaryllidaceous011016809903.phtml HTTP/1.1" 404 196 "-" "Mozilla/5.0 (compatible; Googlebot/2.1; +http://www.google.com/bot.html)"
101.99.88.90 101.99.88.90 - - [16/Mar/2026:03:21:04 -0300] "GET / HTTP/1.1" 200 267353 "-" "Mozilla/5.0 (compatible; Googlebot/2.1; +http://www.google.com/bot.html)"
101.99.88.90 101.99.88.90 - - [16/Mar/2026:03:21:12 -0300] "GET /shop/cumbrously/stagworm012708352244.phtml HTTP/1.1" 404 196 "-" "Mozilla/5.0 (compatible; Googlebot/2.1; +http://www.google.com/bot.html)"
74.7.228.16 - - [16/Mar/2026:03:21:49 -0300] "GET /robots.txt HTTP/1.1" 403 199 "-" "Mozilla/5.0 (Macintosh; Intel Mac OS X 10_15_7) AppleWebKit/537.36 (KHTML, like Gecko) Chrome/131.0.0.0 Safari/537.36; compatible; OAI-SearchBot/1.3; robots.txt; +https://openai.com/searchbot"
74.7.244.31 - - [16/Mar/2026:03:22:17 -0300] "GET /robots.txt HTTP/1.1" 403 199 "-" "Mozilla/5.0 (Macintosh; Intel Mac OS X 10_15_7) AppleWebKit/537.36 (KHTML, like Gecko) Chrome/131.0.0.0 Safari/537.36; compatible; OAI-SearchBot/1.3; robots.txt; +https://openai.com/searchbot"
23.26.61.224 23.26.61.224 - - [16/Mar/2026:03:23:54 -0300] "GET /product001 HTTP/1.1" 404 196 "-" "Mozilla/5.0 (compatible; Googlebot/2.1; +http://www.google.com/bot.html)"
23.26.61.224 23.26.61.224 - - [16/Mar/2026:03:23:55 -0300] "GET / HTTP/1.1" 200 268768 "-" "Mozilla/5.0 (compatible; Googlebot/2.1; +http://www.google.com/bot.html)"
173.208.148.34 - - [16/Mar/2026:03:23:57 -0300] "GET / HTTP/1.1" 200 74375 "-" "Mozilla/5.0 (Windows NT 10.0; Win64; x64) AppleWebKit/537.36 (KHTML, like Gecko) Chrome/131.0.0.0 Safari/537.36"
173.208.148.34 - - [16/Mar/2026:03:23:59 -0300] "GET / HTTP/1.1" 200 268117 "-" "Mozilla/5.0 (compatible; Googlebot/2.1; +http://www.google.com/bot.html)"
173.208.148.34 173.208.148.34 - - [16/Mar/2026:03:24:01 -0300] "GET /index.php?params=1 HTTP/1.1" 200 74375 "-" "Mozilla/5.0 (Windows NT 10.0; Win64; x64) AppleWebKit/537.36 (KHTML, like Gecko) Chrome/131.0.0.0 Safari/537.36"
74.7.228.16 - - [16/Mar/2026:03:26:53 -0300] "GET /robots.txt HTTP/1.1" 403 199 "-" "Mozilla/5.0 (Macintosh; Intel Mac OS X 10_15_7) AppleWebKit/537.36 (KHTML, like Gecko) Chrome/131.0.0.0 Safari/537.36; compatible; OAI-SearchBot/1.3; robots.txt; +https://openai.com/searchbot"
38.175.102.141 38.175.102.141 - - [16/Mar/2026:03:27:11 -0300] "GET /public/vx.php HTTP/1.1" 404 196 "-" "Mozilla/5.0 (Windows NT 10.0; Win64; x64) AppleWebKit/537.36 (KHTML, like Gecko) Chrome/135.0.0.0 Safari/537.36"
38.175.102.141 38.175.102.141 - - [16/Mar/2026:03:27:22 -0300] "GET /favicon.ico HTTP/1.1" 404 196 "http://bandeirantesbombas.com.br/public/vx.php" "Mozilla/5.0 (Windows NT 10.0; Win64; x64) AppleWebKit/537.36 (KHTML, like Gecko) Chrome/135.0.0.0 Safari/537.36"
74.7.228.16 - - [16/Mar/2026:03:32:11 -0300] "GET /robots.txt HTTP/1.1" 403 199 "-" "Mozilla/5.0 (Macintosh; Intel Mac OS X 10_15_7) AppleWebKit/537.36 (KHTML, like Gecko) Chrome/131.0.0.0 Safari/537.36; compatible; OAI-SearchBot/1.3; robots.txt; +https://openai.com/searchbot"
62.164.177.47 - - [16/Mar/2026:03:32:14 -0300] "GET / HTTP/1.1" 200 74375 "-" "Mozilla/5.0 (Macintosh; Intel Mac OS X 10_15_7) AppleWebKit/605.1.15 (KHTML, like Gecko) Version/18.4 Safari/605.1.15"
62.164.177.47 - - [16/Mar/2026:03:32:17 -0300] "GET / HTTP/1.1" 200 74375 "-" "Mozilla/5.0 (Macintosh; Intel Mac OS X 10_15_7) AppleWebKit/605.1.15 (KHTML, like Gecko) Version/18.4 Safari/605.1.15"
62.164.177.47 - - [16/Mar/2026:03:32:19 -0300] "GET / HTTP/1.1" 200 74375 "-" "Mozilla/5.0 (Macintosh; Intel Mac OS X 10_15_7) AppleWebKit/605.1.15 (KHTML, like Gecko) Version/18.4 Safari/605.1.15"
213.165.58.8 - - [16/Mar/2026:03:32:27 -0300] "GET / HTTP/1.1" 200 74375 "-" "Mozilla/5.0 (Macintosh; Intel Mac OS X 10.15; rv:135.0) Gecko/20100101 Firefox/135.0"
67.211.220.48 - - [16/Mar/2026:03:32:38 -0300] "GET / HTTP/1.1" 200 74375 "-" "Mozilla/5.0 (Macintosh; Intel Mac OS X 10_15_7) AppleWebKit/605.1.15 (KHTML, like Gecko) Version/18.4 Safari/605.1.15"
72.214.108.67 - - [16/Mar/2026:03:32:44 -0300] "GET / HTTP/1.1" 200 74375 "-" "Mozilla/5.0 (Macintosh; Intel Mac OS X 10.15; rv:135.0) Gecko/20100101 Firefox/135.0"
74.7.244.31 - - [16/Mar/2026:03:32:50 -0300] "GET /robots.txt HTTP/1.1" 403 199 "-" "Mozilla/5.0 (Macintosh; Intel Mac OS X 10_15_7) AppleWebKit/537.36 (KHTML, like Gecko) Chrome/131.0.0.0 Safari/537.36; compatible; OAI-SearchBot/1.3; robots.txt; +https://openai.com/searchbot"
161.35.82.57 - - [16/Mar/2026:03:33:01 -0300] "GET / HTTP/1.1" 200 74375 "-" "Mozilla/5.0 (Macintosh; Intel Mac OS X 10.15; rv:135.0) Gecko/20100101 Firefox/135.0"
45.227.253.15 - - [16/Mar/2026:03:33:40 -0300] "GET /wp-includes/rest-api/fields/fields/index.php?ARRAY=7o2230223n313737333634363734342p2231223n22687474703n5p2s5p2s7n733832367631332r726s61646s722r73686s705p2s3s6p633q78696164616r5s72616r645s7061746826743q313737333634333134342q3437643838383637363061353138366337613839393033353833386632666134222p2232223n223337636231343663346261383464663934633738393933396432646231313233222p2233223n226437636665663266663734343266646435356338303962613839643638333963222p2262696r675s70617373223n2231392q34302q35352q36382q37392q38372q3238227q HTTP/1.1" 200 649 "-" "Mozilla/5.0 (Windows NT 6.2; WOW64) AppleWebKit/535.24 (KHTML, like Gecko) Chrome/83.0.1055.1 Safari/535.24"
62.164.177.47 - - [16/Mar/2026:03:34:17 -0300] "GET / HTTP/1.1" 200 74375 "-" "Mozilla/5.0 (Macintosh; Intel Mac OS X 10_15_7) AppleWebKit/605.1.15 (KHTML, like Gecko) Version/18.4 Safari/605.1.15"
62.164.177.47 - - [16/Mar/2026:03:34:25 -0300] "GET / HTTP/1.1" 200 74371 "-" "Mozilla/5.0 (Macintosh; Intel Mac OS X 10.15; rv:135.0) Gecko/20100101 Firefox/135.0"
62.164.177.47 - - [16/Mar/2026:03:34:26 -0300] "GET / HTTP/1.1" 200 74371 "-" "Mozilla/5.0 (Macintosh; Intel Mac OS X 10.15; rv:135.0) Gecko/20100101 Firefox/135.0"
204.12.208.18 - - [16/Mar/2026:03:34:35 -0300] "GET /wp-includes/imddc187/edit.php HTTP/1.1" 200 6 "https://bandeirantesbombas.com.br/wp-includes/imddc187/edit.php" "Mozilla/4.0 (compatible; MSIE 7.0; Windows NT 5.1; SV1; .NET CLR 1.0.3705; .NET CLR 2.0.50727; .NET CLR 1.1.4322)"
74.91.223.129 - - [16/Mar/2026:03:34:47 -0300] "GET / HTTP/1.1" 200 74371 "-" "Mozilla/5.0 (Macintosh; Intel Mac OS X 10_15_7) AppleWebKit/537.36 (KHTML, like Gecko) Chrome/136.0.0.0 Safari/537.36"
104.248.197.67 - - [16/Mar/2026:03:35:06 -0300] "GET / HTTP/1.1" 200 74371 "-" "Mozilla/5.0 (Macintosh; Intel Mac OS X 10.15; rv:135.0) Gecko/20100101 Firefox/135.0"
204.12.208.18 - - [16/Mar/2026:03:34:15 -0300] "GET /wp-includes/imddc187/edit.php HTTP/1.1" 200 - "https://bandeirantesbombas.com.br/wp-includes/imddc187/edit.php" "Mozilla/5.0 (compatible; MSIE 9.0; Windows NT 6.1; WOW64; Trident/5.0; Sleipnir/2.9.8)"
69.197.179.242 - - [16/Mar/2026:03:35:46 -0300] "GET /wp-includes/imddc187/edit.php?id=212809 HTTP/1.1" 200 - "https://bandeirantesbombas.com.br/wp-includes/imddc187/edit.php?id=212809" "Mozilla/5.0 (Windows NT 10.0; Win64; x64) AppleWebKit/537.36 (KHTML, like Gecko) Chrome/58.0.3029.110 Safari/537.3"
74.7.228.16 - - [16/Mar/2026:03:37:19 -0300] "GET /robots.txt HTTP/1.1" 403 199 "-" "Mozilla/5.0 (Macintosh; Intel Mac OS X 10_15_7) AppleWebKit/537.36 (KHTML, like Gecko) Chrome/131.0.0.0 Safari/537.36; compatible; OAI-SearchBot/1.3; robots.txt; +https://openai.com/searchbot"
74.7.244.31 - - [16/Mar/2026:03:37:56 -0300] "GET /robots.txt HTTP/1.1" 403 199 "-" "Mozilla/5.0 (Macintosh; Intel Mac OS X 10_15_7) AppleWebKit/537.36 (KHTML, like Gecko) Chrome/131.0.0.0 Safari/537.36; compatible; OAI-SearchBot/1.3; robots.txt; +https://openai.com/searchbot"
69.197.179.242 - - [16/Mar/2026:03:37:20 -0300] "GET /wp-includes/imddc187/edit.php?id=212809 HTTP/1.1" 200 - "https://bandeirantesbombas.com.br/wp-includes/imddc187/edit.php?id=212809" "Mozilla/5.0 (Windows NT 10.0; Win64; x64) AppleWebKit/537.36 (KHTML, like Gecko) Chrome/58.0.3029.110 Safari/537.3"
69.197.179.242 - - [16/Mar/2026:03:39:06 -0300] "GET /wp-includes/imddc187/edit.php?id=212809 HTTP/1.1" 200 - "https://bandeirantesbombas.com.br/wp-includes/imddc187/edit.php?id=212809" "Mozilla/5.0 (Windows NT 10.0; Win64; x64) AppleWebKit/537.36 (KHTML, like Gecko) Chrome/58.0.3029.110 Safari/537.3"
69.197.179.242 - - [16/Mar/2026:03:40:38 -0300] "GET /wp-includes/imddc187/edit.php?id=212809 HTTP/1.1" 200 - "https://bandeirantesbombas.com.br/wp-includes/imddc187/edit.php?id=212809" "Mozilla/5.0 (Windows NT 10.0; Win64; x64) AppleWebKit/537.36 (KHTML, like Gecko) Chrome/58.0.3029.110 Safari/537.3"
74.7.244.31 - - [16/Mar/2026:03:43:19 -0300] "GET /robots.txt HTTP/1.1" 403 199 "-" "Mozilla/5.0 (Macintosh; Intel Mac OS X 10_15_7) AppleWebKit/537.36 (KHTML, like Gecko) Chrome/131.0.0.0 Safari/537.36; compatible; OAI-SearchBot/1.3; robots.txt; +https://openai.com/searchbot"
69.197.179.242 - - [16/Mar/2026:03:42:26 -0300] "GET /wp-includes/imddc187/edit.php?id=212809 HTTP/1.1" 200 - "https://bandeirantesbombas.com.br/wp-includes/imddc187/edit.php?id=212809" "Mozilla/5.0 (Windows NT 10.0; Win64; x64) AppleWebKit/537.36 (KHTML, like Gecko) Chrome/58.0.3029.110 Safari/537.3"
69.197.179.242 - - [16/Mar/2026:03:43:57 -0300] "GET /wp-includes/imddc187/edit.php?id=212809 HTTP/1.1" 200 - "https://bandeirantesbombas.com.br/wp-includes/imddc187/edit.php?id=212809" "Mozilla/5.0 (Windows NT 10.0; Win64; x64) AppleWebKit/537.36 (KHTML, like Gecko) Chrome/58.0.3029.110 Safari/537.3"
69.197.179.242 - - [16/Mar/2026:03:45:29 -0300] "GET /wp-includes/imddc187/edit.php?id=212809 HTTP/1.1" 200 - "https://bandeirantesbombas.com.br/wp-includes/imddc187/edit.php?id=212809" "Mozilla/5.0 (Windows NT 10.0; Win64; x64) AppleWebKit/537.36 (KHTML, like Gecko) Chrome/58.0.3029.110 Safari/537.3"
74.7.228.16 - - [16/Mar/2026:03:47:57 -0300] "GET /robots.txt HTTP/1.1" 403 199 "-" "Mozilla/5.0 (Macintosh; Intel Mac OS X 10_15_7) AppleWebKit/537.36 (KHTML, like Gecko) Chrome/131.0.0.0 Safari/537.36; compatible; OAI-SearchBot/1.3; robots.txt; +https://openai.com/searchbot"
69.197.179.242 - - [16/Mar/2026:03:47:01 -0300] "GET /wp-includes/imddc187/edit.php?id=212809 HTTP/1.1" 200 - "https://bandeirantesbombas.com.br/wp-includes/imddc187/edit.php?id=212809" "Mozilla/5.0 (Windows NT 10.0; Win64; x64) AppleWebKit/537.36 (KHTML, like Gecko) Chrome/58.0.3029.110 Safari/537.3"
74.7.244.31 - - [16/Mar/2026:03:49:28 -0300] "GET /robots.txt HTTP/1.1" 403 199 "-" "Mozilla/5.0 (Macintosh; Intel Mac OS X 10_15_7) AppleWebKit/537.36 (KHTML, like Gecko) Chrome/131.0.0.0 Safari/537.36; compatible; OAI-SearchBot/1.3; robots.txt; +https://openai.com/searchbot"
69.197.179.242 - - [16/Mar/2026:03:48:34 -0300] "GET /wp-includes/imddc187/edit.php?id=212809 HTTP/1.1" 200 - "https://bandeirantesbombas.com.br/wp-includes/imddc187/edit.php?id=212809" "Mozilla/5.0 (Windows NT 10.0; Win64; x64) AppleWebKit/537.36 (KHTML, like Gecko) Chrome/58.0.3029.110 Safari/537.3"
69.197.179.242 - - [16/Mar/2026:03:50:06 -0300] "GET /wp-includes/imddc187/edit.php?id=212809 HTTP/1.1" 200 - "https://bandeirantesbombas.com.br/wp-includes/imddc187/edit.php?id=212809" "Mozilla/5.0 (Windows NT 10.0; Win64; x64) AppleWebKit/537.36 (KHTML, like Gecko) Chrome/58.0.3029.110 Safari/537.3"
62.164.177.47 - - [16/Mar/2026:03:52:19 -0300] "GET / HTTP/1.1" 200 74371 "-" "Mozilla/5.0 (Macintosh; Intel Mac OS X 10_15_7) AppleWebKit/537.36 (KHTML, like Gecko) Chrome/136.0.0.0 Safari/537.36"
62.164.177.47 - - [16/Mar/2026:03:52:23 -0300] "GET / HTTP/1.1" 200 74371 "-" "Mozilla/5.0 (Macintosh; Intel Mac OS X 10_15_7) AppleWebKit/537.36 (KHTML, like Gecko) Chrome/136.0.0.0 Safari/537.36"
62.164.177.47 - - [16/Mar/2026:03:52:26 -0300] "GET / HTTP/1.1" 200 74371 "-" "Mozilla/5.0 (Macintosh; Intel Mac OS X 10.15; rv:135.0) Gecko/20100101 Firefox/135.0"
8.213.151.128 - - [16/Mar/2026:03:52:54 -0300] "GET / HTTP/1.1" 200 74371 "-" "Mozilla/5.0 (Macintosh; Intel Mac OS X 10.15; rv:135.0) Gecko/20100101 Firefox/135.0"
69.197.179.242 - - [16/Mar/2026:03:51:38 -0300] "GET /wp-includes/imddc187/edit.php?id=212809 HTTP/1.1" 200 - "https://bandeirantesbombas.com.br/wp-includes/imddc187/edit.php?id=212809" "Mozilla/5.0 (Windows NT 10.0; Win64; x64) AppleWebKit/537.36 (KHTML, like Gecko) Chrome/58.0.3029.110 Safari/537.3"
74.7.228.16 - - [16/Mar/2026:03:53:26 -0300] "GET /robots.txt HTTP/1.1" 403 199 "-" "Mozilla/5.0 (Macintosh; Intel Mac OS X 10_15_7) AppleWebKit/537.36 (KHTML, like Gecko) Chrome/131.0.0.0 Safari/537.36; compatible; OAI-SearchBot/1.3; robots.txt; +https://openai.com/searchbot"
159.223.97.206 159.223.97.206 - - [16/Mar/2026:03:53:34 -0300] "GET / HTTP/1.1" 200 74371 "-" "Mozilla/5.0 (X11; Linux x86_64; rv:142.0) Gecko/20100101 Firefox/142.0"
159.223.97.206 159.223.97.206 - - [16/Mar/2026:03:53:36 -0300] "GET /favicon.ico HTTP/1.1" 200 74371 "http://www.bandeirantesbombas.com.br/" "Mozilla/5.0 (X11; Linux x86_64; rv:142.0) Gecko/20100101 Firefox/142.0"
159.223.97.206 - - [16/Mar/2026:03:53:37 -0300] "GET / HTTP/1.1" 200 74371 "-" "Mozilla/5.0 (X11; Linux x86_64; rv:142.0) Gecko/20100101 Firefox/142.0"
159.223.97.206 - - [16/Mar/2026:03:53:41 -0300] "GET /favicon.ico HTTP/1.1" 200 74371 "https://www.bandeirantesbombas.com.br/" "Mozilla/5.0 (X11; Linux x86_64; rv:142.0) Gecko/20100101 Firefox/142.0"
74.7.244.31 - - [16/Mar/2026:03:54:36 -0300] "GET /robots.txt HTTP/1.1" 403 199 "-" "Mozilla/5.0 (Macintosh; Intel Mac OS X 10_15_7) AppleWebKit/537.36 (KHTML, like Gecko) Chrome/131.0.0.0 Safari/537.36; compatible; OAI-SearchBot/1.3; robots.txt; +https://openai.com/searchbot"
69.197.179.242 - - [16/Mar/2026:03:53:10 -0300] "GET /wp-includes/imddc187/edit.php?id=212809 HTTP/1.1" 200 - "https://bandeirantesbombas.com.br/wp-includes/imddc187/edit.php?id=212809" "Mozilla/5.0 (Windows NT 10.0; Win64; x64) AppleWebKit/537.36 (KHTML, like Gecko) Chrome/58.0.3029.110 Safari/537.3"
69.197.179.242 - - [16/Mar/2026:03:54:43 -0300] "GET /wp-includes/imddc187/edit.php?id=212809 HTTP/1.1" 200 - "https://bandeirantesbombas.com.br/wp-includes/imddc187/edit.php?id=212809" "Mozilla/5.0 (Windows NT 10.0; Win64; x64) AppleWebKit/537.36 (KHTML, like Gecko) Chrome/58.0.3029.110 Safari/537.3"
69.197.179.242 - - [16/Mar/2026:03:56:16 -0300] "GET /wp-includes/imddc187/edit.php?id=212809 HTTP/1.1" 200 - "https://bandeirantesbombas.com.br/wp-includes/imddc187/edit.php?id=212809" "Mozilla/5.0 (Windows NT 10.0; Win64; x64) AppleWebKit/537.36 (KHTML, like Gecko) Chrome/58.0.3029.110 Safari/537.3"
69.197.179.242 - - [16/Mar/2026:03:57:51 -0300] "GET /wp-includes/imddc187/edit.php?id=212809 HTTP/1.1" 200 - "https://bandeirantesbombas.com.br/wp-includes/imddc187/edit.php?id=212809" "Mozilla/5.0 (Windows NT 10.0; Win64; x64) AppleWebKit/537.36 (KHTML, like Gecko) Chrome/58.0.3029.110 Safari/537.3"
38.175.102.141 38.175.102.141 - - [16/Mar/2026:03:59:29 -0300] "GET /public/vx.php HTTP/1.1" 200 74371 "-" "Mozilla/5.0 (Windows NT 10.0; Win64; x64) AppleWebKit/537.36 (KHTML, like Gecko) Chrome/135.0.0.0 Safari/537.36"
38.175.102.141 38.175.102.141 - - [16/Mar/2026:03:59:44 -0300] "GET /public/vx.php?path=/home/storage/0/fc/16/bandeirantesbomb3/public_html/wp-content HTTP/1.1" 200 28478 "http://bandeirantesbombas.com.br/public/vx.php" "Mozilla/5.0 (Windows NT 10.0; Win64; x64) AppleWebKit/537.36 (KHTML, like Gecko) Chrome/135.0.0.0 Safari/537.36"
38.175.102.141 38.175.102.141 - - [16/Mar/2026:03:59:54 -0300] "POST /public/vx.php?path=/home/storage/0/fc/16/bandeirantesbomb3/public_html/wp-content HTTP/1.1" 200 28608 "http://bandeirantesbombas.com.br/public/vx.php?path=/home/storage/0/fc/16/bandeirantesbomb3/public_html/wp-content" "Mozilla/5.0 (Windows NT 10.0; Win64; x64) AppleWebKit/537.36 (KHTML, like Gecko) Chrome/135.0.0.0 Safari/537.36"
74.7.244.31 - - [16/Mar/2026:04:00:04 -0300] "GET /robots.txt HTTP/1.1" 403 199 "-" "Mozilla/5.0 (Macintosh; Intel Mac OS X 10_15_7) AppleWebKit/537.36 (KHTML, like Gecko) Chrome/131.0.0.0 Safari/537.36; compatible; OAI-SearchBot/1.3; robots.txt; +https://openai.com/searchbot"
38.175.102.141 38.175.102.141 - - [16/Mar/2026:04:00:03 -0300] "POST /public/vx.php?path=/home/storage/0/fc/16/bandeirantesbomb3/public_html/wp-content HTTP/1.1" 200 30230 "http://bandeirantesbombas.com.br/public/vx.php?path=/home/storage/0/fc/16/bandeirantesbomb3/public_html/wp-content" "Mozilla/5.0 (Windows NT 10.0; Win64; x64) AppleWebKit/537.36 (KHTML, like Gecko) Chrome/135.0.0.0 Safari/537.36"
38.175.102.141 38.175.102.141 - - [16/Mar/2026:04:00:18 -0300] "GET /wp-content/about.php HTTP/1.1" 200 12 "-" "Mozilla/5.0 (Windows NT 10.0; Win64; x64) AppleWebKit/537.36 (KHTML, like Gecko) Chrome/135.0.0.0 Safari/537.36"
69.30.240.242 69.30.240.242 - - [16/Mar/2026:04:00:24 -0300] "GET /wp-content/pl2ea67b/edit.php HTTP/1.1" 500 - "http://bandeirantesbombas.com.br/wp-content/pl2ea67b/edit.php" "Mozilla/5.0 (Windows NT 10.0; Win64; x64) AppleWebKit/537.36 (KHTML, like Gecko) Chrome/58.0.3029.110 Safari/537.3"
69.197.179.242 - - [16/Mar/2026:03:59:23 -0300] "GET /wp-includes/imddc187/edit.php?id=212809 HTTP/1.1" 200 - "https://bandeirantesbombas.com.br/wp-includes/imddc187/edit.php?id=212809" "Mozilla/5.0 (Windows NT 10.0; Win64; x64) AppleWebKit/537.36 (KHTML, like Gecko) Chrome/58.0.3029.110 Safari/537.3"
62.164.177.47 - - [16/Mar/2026:04:01:01 -0300] "GET / HTTP/1.1" 200 74371 "-" "Mozilla/5.0 (Macintosh; Intel Mac OS X 10.15; rv:135.0) Gecko/20100101 Firefox/135.0"
62.164.177.47 - - [16/Mar/2026:04:01:02 -0300] "GET / HTTP/1.1" 200 74371 "-" "Mozilla/5.0 (Macintosh; Intel Mac OS X 10_15_7) AppleWebKit/605.1.15 (KHTML, like Gecko) Version/18.4 Safari/605.1.15"
64.137.90.62 64.137.90.62 - - [16/Mar/2026:04:01:13 -0300] "GET /product001 HTTP/1.1" 200 219531 "-" "Mozilla/5.0 (compatible; Googlebot/2.1; +http://www.google.com/bot.html)"
64.137.90.62 64.137.90.62 - - [16/Mar/2026:04:01:16 -0300] "GET / HTTP/1.1" 200 218020 "-" "Mozilla/5.0 (compatible; Googlebot/2.1; +http://www.google.com/bot.html)"
69.30.240.242 69.30.240.242 - - [16/Mar/2026:04:00:26 -0300] "GET /wp-content/pl2ea67b/edit.php HTTP/1.1" 200 - "http://bandeirantesbombas.com.br/wp-content/pl2ea67b/edit.php" "Mozilla/5.0 (Windows NT 10.0; Win64; x64) AppleWebKit/537.36 (KHTML, like Gecko) Chrome/58.0.3029.110 Safari/537.3"
69.197.179.242 - - [16/Mar/2026:04:01:02 -0300] "GET /wp-includes/imddc187/edit.php?id=212809 HTTP/1.1" 200 - "https://bandeirantesbombas.com.br/wp-includes/imddc187/edit.php?id=212809" "Mozilla/5.0 (Windows NT 10.0; Win64; x64) AppleWebKit/537.36 (KHTML, like Gecko) Chrome/58.0.3029.110 Safari/537.3"
204.12.208.18 - - [16/Mar/2026:04:03:16 -0300] "GET /wp-includes/imddc187/edit.php HTTP/1.1" 200 6 "https://bandeirantesbombas.com.br/wp-includes/imddc187/edit.php" "Mozilla/5.0 (Windows NT 5.1) AppleWebKit/534.30 (KHTML, like Gecko) Chrome/12.0.742.122 Safari/534.30 ChromePlus/1.6.3.1"
69.197.179.242 69.197.179.242 - - [16/Mar/2026:04:01:59 -0300] "GET /wp-content/pl2ea67b/edit.php?id=637337 HTTP/1.1" 200 - "http://bandeirantesbombas.com.br/wp-content/pl2ea67b/edit.php?id=637337" "Mozilla/5.0 (Windows NT 10.0; Win64; x64) AppleWebKit/537.36 (KHTML, like Gecko) Chrome/58.0.3029.110 Safari/537.3"
69.197.179.242 - - [16/Mar/2026:04:02:34 -0300] "GET /wp-includes/imddc187/edit.php?id=212809 HTTP/1.1" 200 - "https://bandeirantesbombas.com.br/wp-includes/imddc187/edit.php?id=212809" "Mozilla/5.0 (Windows NT 10.0; Win64; x64) AppleWebKit/537.36 (KHTML, like Gecko) Chrome/58.0.3029.110 Safari/537.3"
69.197.179.242 69.197.179.242 - - [16/Mar/2026:04:03:30 -0300] "GET /wp-content/pl2ea67b/edit.php?id=637337 HTTP/1.1" 200 - "http://bandeirantesbombas.com.br/wp-content/pl2ea67b/edit.php?id=637337" "Mozilla/5.0 (Windows NT 10.0; Win64; x64) AppleWebKit/537.36 (KHTML, like Gecko) Chrome/58.0.3029.110 Safari/537.3"
173.208.148.34 - - [16/Mar/2026:04:05:16 -0300] "GET / HTTP/1.1" 200 74371 "-" "Mozilla/5.0 (Windows NT 10.0; Win64; x64) AppleWebKit/537.36 (KHTML, like Gecko) Chrome/131.0.0.0 Safari/537.36"
173.208.148.34 - - [16/Mar/2026:04:05:19 -0300] "GET / HTTP/1.1" 200 214716 "-" "Mozilla/5.0 (compatible; Googlebot/2.1; +http://www.google.com/bot.html)"
173.208.148.34 173.208.148.34 - - [16/Mar/2026:04:05:21 -0300] "GET /index.php?params=1 HTTP/1.1" 200 74371 "-" "Mozilla/5.0 (Windows NT 10.0; Win64; x64) AppleWebKit/537.36 (KHTML, like Gecko) Chrome/131.0.0.0 Safari/537.36"
69.197.179.242 - - [16/Mar/2026:04:04:05 -0300] "GET /wp-includes/imddc187/edit.php?id=212809 HTTP/1.1" 200 - "https://bandeirantesbombas.com.br/wp-includes/imddc187/edit.php?id=212809" "Mozilla/5.0 (Windows NT 10.0; Win64; x64) AppleWebKit/537.36 (KHTML, like Gecko) Chrome/58.0.3029.110 Safari/537.3"
69.197.179.242 69.197.179.242 - - [16/Mar/2026:04:05:01 -0300] "GET /wp-content/pl2ea67b/edit.php?id=637337 HTTP/1.1" 200 - "http://bandeirantesbombas.com.br/wp-content/pl2ea67b/edit.php?id=637337" "Mozilla/5.0 (Windows NT 10.0; Win64; x64) AppleWebKit/537.36 (KHTML, like Gecko) Chrome/58.0.3029.110 Safari/537.3"
69.197.179.242 - - [16/Mar/2026:04:05:43 -0300] "GET /wp-includes/imddc187/edit.php?id=212809 HTTP/1.1" 200 - "https://bandeirantesbombas.com.br/wp-includes/imddc187/edit.php?id=212809" "Mozilla/5.0 (Windows NT 10.0; Win64; x64) AppleWebKit/537.36 (KHTML, like Gecko) Chrome/58.0.3029.110 Safari/537.3"
69.197.179.242 69.197.179.242 - - [16/Mar/2026:04:06:32 -0300] "GET /wp-content/pl2ea67b/edit.php?id=637337 HTTP/1.1" 200 - "http://bandeirantesbombas.com.br/wp-content/pl2ea67b/edit.php?id=637337" "Mozilla/5.0 (Windows NT 10.0; Win64; x64) AppleWebKit/537.36 (KHTML, like Gecko) Chrome/58.0.3029.110 Safari/537.3"
69.197.179.242 - - [16/Mar/2026:04:07:15 -0300] "GET /wp-includes/imddc187/edit.php?id=212809 HTTP/1.1" 200 - "https://bandeirantesbombas.com.br/wp-includes/imddc187/edit.php?id=212809" "Mozilla/5.0 (Windows NT 10.0; Win64; x64) AppleWebKit/537.36 (KHTML, like Gecko) Chrome/58.0.3029.110 Safari/537.3"
74.7.228.16 - - [16/Mar/2026:04:09:06 -0300] "GET /robots.txt HTTP/1.1" 403 199 "-" "Mozilla/5.0 (Macintosh; Intel Mac OS X 10_15_7) AppleWebKit/537.36 (KHTML, like Gecko) Chrome/131.0.0.0 Safari/537.36; compatible; OAI-SearchBot/1.3; robots.txt; +https://openai.com/searchbot"
69.197.179.242 69.197.179.242 - - [16/Mar/2026:04:08:04 -0300] "GET /wp-content/pl2ea67b/edit.php?id=637337 HTTP/1.1" 200 - "http://bandeirantesbombas.com.br/wp-content/pl2ea67b/edit.php?id=637337" "Mozilla/5.0 (Windows NT 10.0; Win64; x64) AppleWebKit/537.36 (KHTML, like Gecko) Chrome/58.0.3029.110 Safari/537.3"
87.99.133.69 - - [16/Mar/2026:04:09:37 -0300] "GET /?c=ysijc233easm17452fkxutfxx HTTP/1.1" 200 74371 "-" "Mozilla/5.0 (Windows NT 10.0; Win64; x64) AppleWebKit/537.36 (KHTML, like Gecko) Chrome/84.0.4147.105 Safari/537.36"
87.99.133.69 - - [16/Mar/2026:04:09:37 -0300] "GET /?z=vrccw58guu37887iigwfys HTTP/1.1" 200 74371 "-" "Mozilla/5.0 (Windows NT 10.0; Win64; x64) AppleWebKit/537.36 (KHTML, like Gecko) Chrome/84.0.4147.105 Safari/537.36"
87.99.133.69 - - [16/Mar/2026:04:09:37 -0300] "GET /?s=fapyl176yk30911xplyisb HTTP/1.1" 200 74371 "-" "Mozilla/5.0 (Windows NT 10.0; Win64; x64) AppleWebKit/537.36 (KHTML, like Gecko) Chrome/84.0.4147.105 Safari/537.36"
87.99.133.69 - - [16/Mar/2026:04:09:53 -0300] "GET /?z=jqkz248cid20241dfqlsvcis HTTP/1.1" 200 74371 "-" "Mozilla/5.0 (Windows NT 10.0; Win64; x64) AppleWebKit/537.36 (KHTML, like Gecko) Chrome/84.0.4147.105 Safari/537.36"
69.197.179.242 - - [16/Mar/2026:04:08:47 -0300] "GET /wp-includes/imddc187/edit.php?id=212809 HTTP/1.1" 200 - "https://bandeirantesbombas.com.br/wp-includes/imddc187/edit.php?id=212809" "Mozilla/5.0 (Windows NT 10.0; Win64; x64) AppleWebKit/537.36 (KHTML, like Gecko) Chrome/58.0.3029.110 Safari/537.3"
74.7.244.31 - - [16/Mar/2026:04:10:36 -0300] "GET /robots.txt HTTP/1.1" 403 199 "-" "Mozilla/5.0 (Macintosh; Intel Mac OS X 10_15_7) AppleWebKit/537.36 (KHTML, like Gecko) Chrome/131.0.0.0 Safari/537.36; compatible; OAI-SearchBot/1.3; robots.txt; +https://openai.com/searchbot"
69.197.179.242 69.197.179.242 - - [16/Mar/2026:04:09:34 -0300] "GET /wp-content/pl2ea67b/edit.php?id=637337 HTTP/1.1" 200 - "http://bandeirantesbombas.com.br/wp-content/pl2ea67b/edit.php?id=637337" "Mozilla/5.0 (Windows NT 10.0; Win64; x64) AppleWebKit/537.36 (KHTML, like Gecko) Chrome/58.0.3029.110 Safari/537.3"
69.197.179.242 - - [16/Mar/2026:04:10:22 -0300] "GET /wp-includes/imddc187/edit.php?id=212809 HTTP/1.1" 200 - "https://bandeirantesbombas.com.br/wp-includes/imddc187/edit.php?id=212809" "Mozilla/5.0 (Windows NT 10.0; Win64; x64) AppleWebKit/537.36 (KHTML, like Gecko) Chrome/58.0.3029.110 Safari/537.3"
69.197.179.242 69.197.179.242 - - [16/Mar/2026:04:11:06 -0300] "GET /wp-content/pl2ea67b/edit.php?id=637337 HTTP/1.1" 200 - "http://bandeirantesbombas.com.br/wp-content/pl2ea67b/edit.php?id=637337" "Mozilla/5.0 (Windows NT 10.0; Win64; x64) AppleWebKit/537.36 (KHTML, like Gecko) Chrome/58.0.3029.110 Safari/537.3"
69.197.179.242 - - [16/Mar/2026:04:11:54 -0300] "GET /wp-includes/imddc187/edit.php?id=212809 HTTP/1.1" 200 - "https://bandeirantesbombas.com.br/wp-includes/imddc187/edit.php?id=212809" "Mozilla/5.0 (Windows NT 10.0; Win64; x64) AppleWebKit/537.36 (KHTML, like Gecko) Chrome/58.0.3029.110 Safari/537.3"
69.197.179.242 69.197.179.242 - - [16/Mar/2026:04:12:37 -0300] "GET /wp-content/pl2ea67b/edit.php?id=637337 HTTP/1.1" 200 - "http://bandeirantesbombas.com.br/wp-content/pl2ea67b/edit.php?id=637337" "Mozilla/5.0 (Windows NT 10.0; Win64; x64) AppleWebKit/537.36 (KHTML, like Gecko) Chrome/58.0.3029.110 Safari/537.3"
74.7.228.16 - - [16/Mar/2026:04:14:29 -0300] "GET /robots.txt HTTP/1.1" 403 199 "-" "Mozilla/5.0 (Macintosh; Intel Mac OS X 10_15_7) AppleWebKit/537.36 (KHTML, like Gecko) Chrome/131.0.0.0 Safari/537.36; compatible; OAI-SearchBot/1.3; robots.txt; +https://openai.com/searchbot"
69.197.179.242 - - [16/Mar/2026:04:13:26 -0300] "GET /wp-includes/imddc187/edit.php?id=212809 HTTP/1.1" 200 - "https://bandeirantesbombas.com.br/wp-includes/imddc187/edit.php?id=212809" "Mozilla/5.0 (Windows NT 10.0; Win64; x64) AppleWebKit/537.36 (KHTML, like Gecko) Chrome/58.0.3029.110 Safari/537.3"
69.197.179.242 69.197.179.242 - - [16/Mar/2026:04:14:10 -0300] "GET /wp-content/pl2ea67b/edit.php?id=637337 HTTP/1.1" 200 - "http://bandeirantesbombas.com.br/wp-content/pl2ea67b/edit.php?id=637337" "Mozilla/5.0 (Windows NT 10.0; Win64; x64) AppleWebKit/537.36 (KHTML, like Gecko) Chrome/58.0.3029.110 Safari/537.3"
74.7.244.31 - - [16/Mar/2026:04:15:47 -0300] "GET /robots.txt HTTP/1.1" 403 199 "-" "Mozilla/5.0 (Macintosh; Intel Mac OS X 10_15_7) AppleWebKit/537.36 (KHTML, like Gecko) Chrome/131.0.0.0 Safari/537.36; compatible; OAI-SearchBot/1.3; robots.txt; +https://openai.com/searchbot"
69.197.179.242 - - [16/Mar/2026:04:14:57 -0300] "GET /wp-includes/imddc187/edit.php?id=212809 HTTP/1.1" 200 - "https://bandeirantesbombas.com.br/wp-includes/imddc187/edit.php?id=212809" "Mozilla/5.0 (Windows NT 10.0; Win64; x64) AppleWebKit/537.36 (KHTML, like Gecko) Chrome/58.0.3029.110 Safari/537.3"
69.197.179.242 69.197.179.242 - - [16/Mar/2026:04:15:42 -0300] "GET /wp-content/pl2ea67b/edit.php?id=637337 HTTP/1.1" 200 - "http://bandeirantesbombas.com.br/wp-content/pl2ea67b/edit.php?id=637337" "Mozilla/5.0 (Windows NT 10.0; Win64; x64) AppleWebKit/537.36 (KHTML, like Gecko) Chrome/58.0.3029.110 Safari/537.3"
69.197.179.242 - - [16/Mar/2026:04:16:30 -0300] "GET /wp-includes/imddc187/edit.php?id=212809 HTTP/1.1" 200 - "https://bandeirantesbombas.com.br/wp-includes/imddc187/edit.php?id=212809" "Mozilla/5.0 (Windows NT 10.0; Win64; x64) AppleWebKit/537.36 (KHTML, like Gecko) Chrome/58.0.3029.110 Safari/537.3"
69.197.179.242 69.197.179.242 - - [16/Mar/2026:04:17:21 -0300] "GET /wp-content/pl2ea67b/edit.php?id=637337 HTTP/1.1" 200 - "http://bandeirantesbombas.com.br/wp-content/pl2ea67b/edit.php?id=637337" "Mozilla/5.0 (Windows NT 10.0; Win64; x64) AppleWebKit/537.36 (KHTML, like Gecko) Chrome/58.0.3029.110 Safari/537.3"
69.197.179.242 - - [16/Mar/2026:04:18:02 -0300] "GET /wp-includes/imddc187/edit.php?id=212809 HTTP/1.1" 200 - "https://bandeirantesbombas.com.br/wp-includes/imddc187/edit.php?id=212809" "Mozilla/5.0 (Windows NT 10.0; Win64; x64) AppleWebKit/537.36 (KHTML, like Gecko) Chrome/58.0.3029.110 Safari/537.3"
74.7.228.16 - - [16/Mar/2026:04:19:39 -0300] "GET /robots.txt HTTP/1.1" 403 199 "-" "Mozilla/5.0 (Macintosh; Intel Mac OS X 10_15_7) AppleWebKit/537.36 (KHTML, like Gecko) Chrome/131.0.0.0 Safari/537.36; compatible; OAI-SearchBot/1.3; robots.txt; +https://openai.com/searchbot"
69.197.179.242 69.197.179.242 - - [16/Mar/2026:04:18:54 -0300] "GET /wp-content/pl2ea67b/edit.php?id=637337 HTTP/1.1" 200 - "http://bandeirantesbombas.com.br/wp-content/pl2ea67b/edit.php?id=637337" "Mozilla/5.0 (Windows NT 10.0; Win64; x64) AppleWebKit/537.36 (KHTML, like Gecko) Chrome/58.0.3029.110 Safari/537.3"
69.197.179.242 - - [16/Mar/2026:04:19:32 -0300] "GET /wp-includes/imddc187/edit.php?id=212809 HTTP/1.1" 200 - "https://bandeirantesbombas.com.br/wp-includes/imddc187/edit.php?id=212809" "Mozilla/5.0 (Windows NT 10.0; Win64; x64) AppleWebKit/537.36 (KHTML, like Gecko) Chrome/58.0.3029.110 Safari/537.3"
74.7.244.31 - - [16/Mar/2026:04:21:19 -0300] "GET /robots.txt HTTP/1.1" 403 199 "-" "Mozilla/5.0 (Macintosh; Intel Mac OS X 10_15_7) AppleWebKit/537.36 (KHTML, like Gecko) Chrome/131.0.0.0 Safari/537.36; compatible; OAI-SearchBot/1.3; robots.txt; +https://openai.com/searchbot"
69.197.179.242 69.197.179.242 - - [16/Mar/2026:04:20:24 -0300] "GET /wp-content/pl2ea67b/edit.php?id=637337 HTTP/1.1" 200 - "http://bandeirantesbombas.com.br/wp-content/pl2ea67b/edit.php?id=637337" "Mozilla/5.0 (Windows NT 10.0; Win64; x64) AppleWebKit/537.36 (KHTML, like Gecko) Chrome/58.0.3029.110 Safari/537.3"
69.197.179.242 - - [16/Mar/2026:04:21:06 -0300] "GET /wp-includes/imddc187/edit.php?id=212809 HTTP/1.1" 200 - "https://bandeirantesbombas.com.br/wp-includes/imddc187/edit.php?id=212809" "Mozilla/5.0 (Windows NT 10.0; Win64; x64) AppleWebKit/537.36 (KHTML, like Gecko) Chrome/58.0.3029.110 Safari/537.3"
69.197.179.242 69.197.179.242 - - [16/Mar/2026:04:21:56 -0300] "GET /wp-content/pl2ea67b/edit.php?id=637337 HTTP/1.1" 200 - "http://bandeirantesbombas.com.br/wp-content/pl2ea67b/edit.php?id=637337" "Mozilla/5.0 (Windows NT 10.0; Win64; x64) AppleWebKit/537.36 (KHTML, like Gecko) Chrome/58.0.3029.110 Safari/537.3"
69.197.179.242 - - [16/Mar/2026:04:22:45 -0300] "GET /wp-includes/imddc187/edit.php?id=212809 HTTP/1.1" 200 - "https://bandeirantesbombas.com.br/wp-includes/imddc187/edit.php?id=212809" "Mozilla/5.0 (Windows NT 10.0; Win64; x64) AppleWebKit/537.36 (KHTML, like Gecko) Chrome/58.0.3029.110 Safari/537.3"
69.197.179.242 69.197.179.242 - - [16/Mar/2026:04:23:27 -0300] "GET /wp-content/pl2ea67b/edit.php?id=637337 HTTP/1.1" 200 - "http://bandeirantesbombas.com.br/wp-content/pl2ea67b/edit.php?id=637337" "Mozilla/5.0 (Windows NT 10.0; Win64; x64) AppleWebKit/537.36 (KHTML, like Gecko) Chrome/58.0.3029.110 Safari/537.3"
74.7.228.16 - - [16/Mar/2026:04:25:09 -0300] "GET /robots.txt HTTP/1.1" 403 199 "-" "Mozilla/5.0 (Macintosh; Intel Mac OS X 10_15_7) AppleWebKit/537.36 (KHTML, like Gecko) Chrome/131.0.0.0 Safari/537.36; compatible; OAI-SearchBot/1.3; robots.txt; +https://openai.com/searchbot"
87.99.140.175 - - [16/Mar/2026:04:25:31 -0300] "GET /?y=crn133yjc48562bwwcvtg HTTP/1.1" 200 74371 "-" "Mozilla/5.0 (Windows NT 10.0; Win64; x64) AppleWebKit/537.36 (KHTML, like Gecko) Chrome/84.0.4147.105 Safari/537.36"
5.161.46.109 - - [16/Mar/2026:04:25:32 -0300] "GET /?l=hmnop179ekt43626shdyjqhu HTTP/1.1" 200 74371 "-" "Mozilla/5.0 (Windows NT 10.0; Win64; x64) AppleWebKit/537.36 (KHTML, like Gecko) Chrome/84.0.4147.105 Safari/537.36"
178.156.229.160 - - [16/Mar/2026:04:25:32 -0300] "GET /?k=ebqa179tu10592gunukqeeza HTTP/1.1" 200 74371 "-" "Mozilla/5.0 (Windows NT 10.0; Win64; x64) AppleWebKit/537.36 (KHTML, like Gecko) Chrome/84.0.4147.105 Safari/537.36"
87.99.143.97 - - [16/Mar/2026:04:25:31 -0300] "GET /?s=xyiv104y14393dgkzdivkz HTTP/1.1" 200 74371 "-" "Mozilla/5.0 (Windows NT 10.0; Win64; x64) AppleWebKit/537.36 (KHTML, like Gecko) Chrome/84.0.4147.105 Safari/537.36"
87.99.140.175 - - [16/Mar/2026:04:25:32 -0300] "GET /?g=wxqo148tc18069cixjazreu HTTP/1.1" 200 74371 "-" "Mozilla/5.0 (Windows NT 10.0; Win64; x64) AppleWebKit/537.36 (KHTML, like Gecko) Chrome/84.0.4147.105 Safari/537.36"
87.99.143.97 - - [16/Mar/2026:04:25:32 -0300] "GET /?r=wqfc50ok4917wilgkuhj HTTP/1.1" 200 74371 "-" "Mozilla/5.0 (Windows NT 10.0; Win64; x64) AppleWebKit/537.36 (KHTML, like Gecko) Chrome/84.0.4147.105 Safari/537.36"
5.161.46.109 - - [16/Mar/2026:04:25:31 -0300] "GET /?r=argfi168etg41969emyvxezh HTTP/1.1" 200 74371 "-" "Mozilla/5.0 (Windows NT 10.0; Win64; x64) AppleWebKit/537.36 (KHTML, like Gecko) Chrome/84.0.4147.105 Safari/537.36"
64.176.221.241 - - [16/Mar/2026:04:25:42 -0300] "GET /?c=ysijc233easm17452fkxutfxx HTTP/1.1" 200 303 "https://www.google.com/" "Mozilla/5.0 (Macintosh; Intel Mac OS X 10_15_7) AppleWebKit/605.1.15 (KHTML, like Gecko) Version/18.6 Safari/605.1.15"
94.176.51.217 - - [16/Mar/2026:04:25:42 -0300] "GET /?c=ysijc233easm17452fkxutfxx HTTP/1.1" 500 - "https://www.google.com/" "Mozilla/5.0 (Macintosh; Intel Mac OS X 10_15_7) AppleWebKit/605.1.15 (KHTML, like Gecko) Version/18.6 Safari/605.1.15"
107.170.56.181 - - [16/Mar/2026:04:25:42 -0300] "GET /?z=vrccw58guu37887iigwfys HTTP/1.1" 200 74371 "https://bandeirantesbombas.com.br/" "Mozilla/5.0 (Windows NT 10.0; Win64; x64; rv:148.0) Gecko/20100101 Firefox/148.0"
45.76.6.93 - - [16/Mar/2026:04:25:42 -0300] "GET /?z=vrccw58guu37887iigwfys HTTP/1.1" 200 74374 "-" "Mozilla/5.0 (Windows NT 10.0; Win64; x64) AppleWebKit/537.36 (KHTML, like Gecko) Chrome/145.0.0.0 Safari/537.36"
134.122.126.186 - - [16/Mar/2026:04:25:42 -0300] "GET /?z=vrccw58guu37887iigwfys HTTP/1.1" 200 74371 "-" "Mozilla/5.0 (Windows NT 10.0; Win64; x64; rv:148.0) Gecko/20100101 Firefox/148.0"
162.243.97.228 - - [16/Mar/2026:04:25:42 -0300] "GET /?c=ysijc233easm17452fkxutfxx HTTP/1.1" 200 74371 "https://bandeirantesbombas.com.br/" "Mozilla/5.0 (Windows NT 10.0; Win64; x64) AppleWebKit/537.36 (KHTML, like Gecko) Chrome/145.0.0.0 Safari/537.36"
154.37.98.89 - - [16/Mar/2026:04:25:42 -0300] "GET /?z=vrccw58guu37887iigwfys HTTP/1.1" 200 74371 "https://bandeirantesbombas.com.br/" "Mozilla/5.0 (Windows NT 10.0; Win64; x64; rv:148.0) Gecko/20100101 Firefox/148.0"
162.243.12.111 - - [16/Mar/2026:04:25:42 -0300] "GET / HTTP/1.1" 200 74371 "-" "Mozilla/5.0 (Windows NT 10.0; Win64; x64) AppleWebKit/537.36 (KHTML, like Gecko) Chrome/145.0.0.0 Safari/537.36"
119.13.205.42 - - [16/Mar/2026:04:25:42 -0300] "GET /?z=vrccw58guu37887iigwfys HTTP/1.1" 200 74371 "https://bandeirantesbombas.com.br/" "Mozilla/5.0 (Macintosh; Intel Mac OS X 10_15_7) AppleWebKit/537.36 (KHTML, like Gecko) Chrome/145.0.0.0 Safari/537.36"
108.61.128.18 - - [16/Mar/2026:04:25:42 -0300] "GET /?c=ysijc233easm17452fkxutfxx HTTP/1.1" 200 74371 "https://bandeirantesbombas.com.br/" "Mozilla/5.0 (Windows NT 10.0; Win64; x64) AppleWebKit/537.36 (KHTML, like Gecko) Chrome/145.0.0.0 Safari/537.36"
134.199.82.43 - - [16/Mar/2026:04:25:42 -0300] "GET /?z=vrccw58guu37887iigwfys HTTP/1.1" 200 74371 "-" "Mozilla/5.0 (Windows NT 10.0; Win64; x64; rv:148.0) Gecko/20100101 Firefox/148.0"
149.28.236.76 - - [16/Mar/2026:04:25:42 -0300] "GET /?c=ysijc233easm17452fkxutfxx HTTP/1.1" 200 74371 "https://bandeirantesbombas.com.br/" "Mozilla/5.0 (Macintosh; Intel Mac OS X 10_15_7) AppleWebKit/605.1.15 (KHTML, like Gecko) Version/18.4 Safari/605.1.15"
136.227.171.70 - - [16/Mar/2026:04:25:42 -0300] "GET /?c=ysijc233easm17452fkxutfxx HTTP/1.1" 200 74371 "https://bandeirantesbombas.com.br/" "Mozilla/5.0 (Windows NT 10.0; Win64; x64) AppleWebKit/537.36 (KHTML, like Gecko) Chrome/145.0.0.0 Safari/537.36"
68.183.151.122 - - [16/Mar/2026:04:25:42 -0300] "GET /?z=vrccw58guu37887iigwfys HTTP/1.1" 200 74371 "https://bandeirantesbombas.com.br/" "Mozilla/5.0 (Macintosh; Intel Mac OS X 10_15_7) AppleWebKit/537.36 (KHTML, like Gecko) Chrome/145.0.0.0 Safari/537.36"
104.236.102.65 - - [16/Mar/2026:04:25:42 -0300] "GET /?z=vrccw58guu37887iigwfys HTTP/1.1" 200 74371 "-" "Mozilla/5.0 (Windows NT 10.0; Win64; x64) AppleWebKit/537.36 (KHTML, like Gecko) Chrome/144.0.0.0 Safari/537.36"
82.97.199.11 - - [16/Mar/2026:04:25:42 -0300] "GET /?c=ysijc233easm17452fkxutfxx HTTP/1.1" 200 74374 "-" "Brightbot 1.0"
82.97.199.86 - - [16/Mar/2026:04:25:42 -0300] "GET /?c=ysijc233easm17452fkxutfxx HTTP/1.1" 200 74371 "-" "Brightbot 1.0"
161.123.90.241 - - [16/Mar/2026:04:25:42 -0300] "GET / HTTP/1.1" 200 74371 "-" "Mozilla/5.0 (Windows NT 10.0; Win64; x64) AppleWebKit/537.36 (KHTML, like Gecko) Chrome/145.0.0.0 Safari/537.36"
82.97.199.253 - - [16/Mar/2026:04:25:42 -0300] "GET /?c=ysijc233easm17452fkxutfxx HTTP/1.1" 200 74371 "-" "Brightbot 1.0"
161.123.89.73 - - [16/Mar/2026:04:25:42 -0300] "GET /?c=ysijc233easm17452fkxutfxx HTTP/1.1" 200 74371 "https://bandeirantesbombas.com.br/" "Mozilla/5.0 (Macintosh; Intel Mac OS X 10_15_7) AppleWebKit/605.1.15 (KHTML, like Gecko) Version/18.4 Safari/605.1.15"
93.180.198.121 - - [16/Mar/2026:04:25:43 -0300] "GET /?z=vrccw58guu37887iigwfys HTTP/1.1" 200 74371 "-" "Mozilla/5.0 (Windows NT 10.0; Win64; x64) AppleWebKit/537.36 (KHTML, like Gecko) Chrome/144.0.0.0 Safari/537.36"
82.97.199.33 - - [16/Mar/2026:04:25:43 -0300] "GET / HTTP/1.1" 200 74371 "-" "Brightbot 1.0"
97.225.83.49 - - [16/Mar/2026:04:25:43 -0300] "GET / HTTP/1.1" 200 74371 "-" "Mozilla/5.0 (Windows NT 10.0; Win64; x64) AppleWebKit/537.36 (KHTML, like Gecko) Chrome/145.0.0.0 Safari/537.36"
207.38.230.180 - - [16/Mar/2026:04:25:43 -0300] "GET /?z=vrccw58guu37887iigwfys HTTP/1.1" 200 74371 "-" "Mozilla/5.0 (Windows NT 10.0; Win64; x64; rv:148.0) Gecko/20100101 Firefox/148.0"
162.243.12.111 - - [16/Mar/2026:04:25:43 -0300] "GET /?c=ysijc233easm17452fkxutfxx HTTP/1.1" 200 74371 "https://bandeirantesbombas.com.br/" "Mozilla/5.0 (Windows NT 10.0; Win64; x64) AppleWebKit/537.36 (KHTML, like Gecko) Chrome/145.0.0.0 Safari/537.36"
