179.188.53.243 - - [16/Mar/2026:01:56:40 -0300] "GET /wp-content/plugins/elementor/modules/landing-pages/admin-menu-items/admin-menu-items/index.php?ARRAY=7o2230223n313737333634303630302p2231223n22687474703n5p2s5p2s7n733832367631332r726s61646s722r73686s705p2s3s6p633q7068705s636s64655s6n6326743q313737333633373030302q6237653430383731336462313463646530653266333433396365336362376564222p2232223n223237386534656532343337383734333036663632333965386636356132646336222p2233223n223934356438666134663530376639383361656238376163666666646565326364222p226175746s5s66696p655s6r616q65223n6r756p6p2p226175746s5s70617373223n6r756p6p2p2262696r675s70617373223n2232382q33392q35312q36342q37362q38322q3237227q HTTP/1.1" 504 247 "-" "-"
179.188.53.243 - - [16/Mar/2026:01:57:01 -0300] "GET /wp-content/plugins/elementor/modules/landing-pages/admin-menu-items/admin-menu-items/index.php?ARRAY=7o2230223n313737333634303632312p2231223n22687474703n5p2s5p2s7n733832367631332r726s61646s722r73686s705p2s3s6p633q7068705s636s64655s6n6326743q313737333633373032312q3831613336353266303035303234656261323830646639353831343265646333222p2232223n223237386534656532343337383734333036663632333965386636356132646336222p2233223n223934356438666134663530376639383361656238376163666666646565326364222p226175746s5s66696p655s6r616q65223n6r756p6p2p226175746s5s70617373223n6r756p6p2p2262696r675s70617373223n2232382q33392q35312q36342q37362q38322q3237227q HTTP/1.1" 504 247 "-" "-"
74.7.244.31 - - [16/Mar/2026:02:02:15 -0300] "GET /robots.txt HTTP/1.1" 403 199 "-" "Mozilla/5.0 (Macintosh; Intel Mac OS X 10_15_7) AppleWebKit/537.36 (KHTML, like Gecko) Chrome/131.0.0.0 Safari/537.36; compatible; OAI-SearchBot/1.3; robots.txt; +https://openai.com/searchbot"
179.188.53.243 - - [16/Mar/2026:01:57:22 -0300] "GET /wp-content/plugins/elementor/modules/landing-pages/admin-menu-items/admin-menu-items/index.php?ARRAY=7o2230223n313737333634303634322p2231223n22687474703n5p2s5p2s7n733832367631332r726s61646s722r73686s705p2s3s6p633q7068705s636s64655s6n6326743q313737333633373034322q6464336531656131303837353562613533636539316563663266616538323366222p2232223n223237386534656532343337383734333036663632333965386636356132646336222p2233223n223934356438666134663530376639383361656238376163666666646565326364222p226175746s5s66696p655s6r616q65223n6r756p6p2p226175746s5s70617373223n6r756p6p2p2262696r675s70617373223n2232382q33392q35312q36342q37362q38322q3237227q HTTP/1.1" 504 247 "-" "-"
74.7.228.16 - - [16/Mar/2026:02:02:23 -0300] "GET /robots.txt HTTP/1.1" 403 199 "-" "Mozilla/5.0 (Macintosh; Intel Mac OS X 10_15_7) AppleWebKit/537.36 (KHTML, like Gecko) Chrome/131.0.0.0 Safari/537.36; compatible; OAI-SearchBot/1.3; robots.txt; +https://openai.com/searchbot"
179.188.53.243 - - [16/Mar/2026:01:57:43 -0300] "GET /wp-content/plugins/elementor/modules/landing-pages/admin-menu-items/admin-menu-items/index.php?ARRAY=7o2230223n313737333634303636332p2231223n22687474703n5p2s5p2s7n733832367631332r726s61646s722r73686s705p2s3s6p633q7068705s636s64655s6n6326743q313737333633373036332q6237326234626135383436666262396338383134386232303637356563633537222p2232223n223237386534656532343337383734333036663632333965386636356132646336222p2233223n223934356438666134663530376639383361656238376163666666646565326364222p226175746s5s66696p655s6r616q65223n6r756p6p2p226175746s5s70617373223n6r756p6p2p2262696r675s70617373223n2232382q33392q35312q36342q37362q38322q3237227q HTTP/1.1" 504 247 "-" "-"
179.188.53.243 - - [16/Mar/2026:01:58:04 -0300] "GET /wp-content/plugins/elementor/modules/landing-pages/admin-menu-items/admin-menu-items/index.php?ARRAY=7o2230223n313737333634303638342p2231223n22687474703n5p2s5p2s7n733832367631332r726s61646s722r73686s705p2s3s6p633q7068705s636s64655s6n6326743q313737333633373038342q6434353866346137616436396333393930376662356661373732666461666634222p2232223n223237386534656532343337383734333036663632333965386636356132646336222p2233223n223934356438666134663530376639383361656238376163666666646565326364222p226175746s5s66696p655s6r616q65223n6r756p6p2p226175746s5s70617373223n6r756p6p2p2262696r675s70617373223n2232382q33392q35312q36342q37362q38322q3237227q HTTP/1.1" 504 247 "-" "-"
69.197.179.242 - - [16/Mar/2026:02:01:39 -0300] "GET /wp-includes/imddc187/edit.php?id=212809 HTTP/1.1" 200 - "https://bandeirantesbombas.com.br/wp-includes/imddc187/edit.php?id=212809" "Mozilla/5.0 (Windows NT 10.0; Win64; x64) AppleWebKit/537.36 (KHTML, like Gecko) Chrome/58.0.3029.110 Safari/537.3"
179.188.53.243 - - [16/Mar/2026:01:58:25 -0300] "GET /wp-content/plugins/elementor/modules/landing-pages/admin-menu-items/admin-menu-items/index.php?ARRAY=7o2230223n313737333634303730352p2231223n22687474703n5p2s5p2s7n733832367631332r726s61646s722r73686s705p2s3s6p633q7068705s636s64655s6n6326743q313737333633373130352q3432303461383734346463643661363431363166646339306133373932393432222p2232223n223237386534656532343337383734333036663632333965386636356132646336222p2233223n223934356438666134663530376639383361656238376163666666646565326364222p226175746s5s66696p655s6r616q65223n6r756p6p2p226175746s5s70617373223n6r756p6p2p2262696r675s70617373223n2232382q33392q35312q36342q37362q38322q3237227q HTTP/1.1" 504 247 "-" "-"
179.188.53.243 - - [16/Mar/2026:01:58:46 -0300] "GET /wp-content/plugins/elementor/modules/landing-pages/admin-menu-items/admin-menu-items/index.php?ARRAY=7o2230223n313737333634303732362p2231223n22687474703n5p2s5p2s7n733832367631332r726s61646s722r73686s705p2s3s6p633q7068705s636s64655s6n6326743q313737333633373132362q6365323835663263366333366430643534613431643734343031623761333538222p2232223n223237386534656532343337383734333036663632333965386636356132646336222p2233223n223934356438666134663530376639383361656238376163666666646565326364222p226175746s5s66696p655s6r616q65223n6r756p6p2p226175746s5s70617373223n6r756p6p2p2262696r675s70617373223n2232382q33392q35312q36342q37362q38322q3237227q HTTP/1.1" 504 247 "-" "-"
179.188.53.243 - - [16/Mar/2026:01:59:07 -0300] "GET /wp-content/plugins/elementor/modules/landing-pages/admin-menu-items/admin-menu-items/index.php?ARRAY=7o2230223n313737333634303734372p2231223n22687474703n5p2s5p2s7n733832367631332r726s61646s722r73686s705p2s3s6p633q7068705s636s64655s6n6326743q313737333633373134372q6439323366386438333336626637626436306135353833393563386534653031222p2232223n223237386534656532343337383734333036663632333965386636356132646336222p2233223n223934356438666134663530376639383361656238376163666666646565326364222p226175746s5s66696p655s6r616q65223n6r756p6p2p226175746s5s70617373223n6r756p6p2p2262696r675s70617373223n2232382q33392q35312q36342q37362q38322q3237227q HTTP/1.1" 504 247 "-" "-"
34.206.76.135 - - [16/Mar/2026:02:04:22 -0300] "GET / HTTP/1.1" 403 74371 "-" "Mozilla/5.0 (Windows NT 10.0; Win64; x64) AppleWebKit/537.36 (KHTML, like Gecko) Chrome/103.0.0.0 Safari/537.36"
179.188.53.243 - - [16/Mar/2026:01:59:33 -0300] "GET /wp-content/plugins/elementor/modules/landing-pages/admin-menu-items/admin-menu-items/index.php?ARRAY=7o2230223n313737333634303737332p2231223n22687474703n5p2s5p2s7n733832367631332r726s61646s722r73686s705p2s3s6p633q7068705s636s64655s6n6326743q313737333633373137332q6632326231653032383931363461356139626439636336323066616139633662222p2232223n223237386534656532343337383734333036663632333965386636356132646336222p2233223n223934356438666134663530376639383361656238376163666666646565326364222p226175746s5s66696p655s6r616q65223n6r756p6p2p226175746s5s70617373223n6r756p6p2p2262696r675s70617373223n2232382q33392q35312q36342q37362q38322q3237227q HTTP/1.1" 504 247 "-" "-"
69.197.179.242 - - [16/Mar/2026:02:03:13 -0300] "GET /wp-includes/imddc187/edit.php?id=212809 HTTP/1.1" 200 - "https://bandeirantesbombas.com.br/wp-includes/imddc187/edit.php?id=212809" "Mozilla/5.0 (Windows NT 10.0; Win64; x64) AppleWebKit/537.36 (KHTML, like Gecko) Chrome/58.0.3029.110 Safari/537.3"
179.188.53.243 - - [16/Mar/2026:01:59:55 -0300] "GET /wp-content/plugins/elementor/modules/landing-pages/admin-menu-items/admin-menu-items/index.php?ARRAY=7o2230223n313737333634303739352p2231223n22687474703n5p2s5p2s7n733832367631332r726s61646s722r73686s705p2s3s6p633q7068705s636s64655s6n6326743q313737333633373139352q6531636561613638313938633837303164346663353461303964666438393735222p2232223n223237386534656532343337383734333036663632333965386636356132646336222p2233223n223934356438666134663530376639383361656238376163666666646565326364222p226175746s5s66696p655s6r616q65223n6r756p6p2p226175746s5s70617373223n6r756p6p2p2262696r675s70617373223n2232382q33392q35312q36342q37362q38322q3237227q HTTP/1.1" 504 247 "-" "-"
179.188.53.243 - - [16/Mar/2026:02:00:17 -0300] "GET /wp-content/plugins/elementor/modules/landing-pages/admin-menu-items/admin-menu-items/index.php?ARRAY=7o2230223n313737333634303831372p2231223n22687474703n5p2s5p2s7n733832367631332r726s61646s722r73686s705p2s3s6p633q7068705s636s64655s6n6326743q313737333633373231372q6339336464316463646663623566623666363539336431363261386233316637222p2232223n223237386534656532343337383734333036663632333965386636356132646336222p2233223n223934356438666134663530376639383361656238376163666666646565326364222p226175746s5s66696p655s6r616q65223n6r756p6p2p226175746s5s70617373223n6r756p6p2p2262696r675s70617373223n2232382q33392q35312q36342q37362q38322q3237227q HTTP/1.1" 504 247 "-" "-"
179.188.53.243 - - [16/Mar/2026:02:00:38 -0300] "GET /wp-content/plugins/elementor/modules/landing-pages/admin-menu-items/admin-menu-items/index.php?ARRAY=7o2230223n313737333634303833382p2231223n22687474703n5p2s5p2s7n733832367631332r726s61646s722r73686s705p2s3s6p633q7068705s636s64655s6n6326743q313737333633373233382q3961356166353931346635306466313936643939303966623130343835653035222p2232223n223237386534656532343337383734333036663632333965386636356132646336222p2233223n223934356438666134663530376639383361656238376163666666646565326364222p226175746s5s66696p655s6r616q65223n6r756p6p2p226175746s5s70617373223n6r756p6p2p2262696r675s70617373223n2232382q33392q35312q36342q37362q38322q3237227q HTTP/1.1" 504 247 "-" "-"
179.188.53.243 - - [16/Mar/2026:02:00:59 -0300] "GET /wp-content/plugins/elementor/modules/landing-pages/admin-menu-items/admin-menu-items/index.php?ARRAY=7o2230223n313737333634303835392p2231223n22687474703n5p2s5p2s7n733832367631332r726s61646s722r73686s705p2s3s6p633q7068705s636s64655s6n6326743q313737333633373235392q3233333666303062343235393133663131653237653362336534313663363361222p2232223n223237386534656532343337383734333036663632333965386636356132646336222p2233223n223934356438666134663530376639383361656238376163666666646565326364222p226175746s5s66696p655s6r616q65223n6r756p6p2p226175746s5s70617373223n6r756p6p2p2262696r675s70617373223n2232382q33392q35312q36342q37362q38322q3237227q HTTP/1.1" 504 247 "-" "-"
195.178.110.144 - - [16/Mar/2026:02:06:10 -0300] "GET / HTTP/1.1" 200 74371 "-" "-"
195.178.110.144 - - [16/Mar/2026:02:06:12 -0300] "GET / HTTP/1.1" 200 74371 "-" "Mozilla/5.0 (Windows NT 6.1; Win64; x64; rv:47.0) Gecko/20100101 Firefox/47.0"
69.197.179.242 - - [16/Mar/2026:02:04:46 -0300] "GET /wp-includes/imddc187/edit.php?id=212809 HTTP/1.1" 200 - "https://bandeirantesbombas.com.br/wp-includes/imddc187/edit.php?id=212809" "Mozilla/5.0 (Windows NT 10.0; Win64; x64) AppleWebKit/537.36 (KHTML, like Gecko) Chrome/58.0.3029.110 Safari/537.3"
179.188.53.243 - - [16/Mar/2026:02:01:20 -0300] "GET /wp-content/plugins/elementor/modules/landing-pages/admin-menu-items/admin-menu-items/index.php?ARRAY=7o2230223n313737333634303838302p2231223n22687474703n5p2s5p2s7n733832367631332r726s61646s722r73686s705p2s3s6p633q7068705s636s64655s6n6326743q313737333633373238302q3665383135666237336465336436376661626538663439376333383538313036222p2232223n223237386534656532343337383734333036663632333965386636356132646336222p2233223n223934356438666134663530376639383361656238376163666666646565326364222p226175746s5s66696p655s6r616q65223n6r756p6p2p226175746s5s70617373223n6r756p6p2p2262696r675s70617373223n2232382q33392q35312q36342q37362q38322q3237227q HTTP/1.1" 504 247 "-" "-"
179.188.53.243 - - [16/Mar/2026:02:01:42 -0300] "GET /wp-content/plugins/elementor/modules/landing-pages/admin-menu-items/admin-menu-items/index.php?ARRAY=7o2230223n313737333634303930322p2231223n22687474703n5p2s5p2s7n733832367631332r726s61646s722r73686s705p2s3s6p633q7068705s636s64655s6n6326743q313737333633373330322q6666303531333134373863333630386565373038313839633832663134333433222p2232223n223237386534656532343337383734333036663632333965386636356132646336222p2233223n223934356438666134663530376639383361656238376163666666646565326364222p226175746s5s66696p655s6r616q65223n6r756p6p2p226175746s5s70617373223n6r756p6p2p2262696r675s70617373223n2232382q33392q35312q36342q37362q38322q3237227q HTTP/1.1" 504 247 "-" "-"
195.178.110.144 - - [16/Mar/2026:02:06:25 -0300] "GET /?path=/home/storage/0/fc/16/bandeirantesbomb3/public_html/.tmb HTTP/1.1" 200 15139 "-" "Mozilla/5.0 (Windows NT 6.1; Win64; x64; rv:47.0) Gecko/20100101 Firefox/47.0"
195.178.110.144 - - [16/Mar/2026:02:06:25 -0300] "GET /?path=/home/storage/0/fc/16 HTTP/1.1" 200 13305 "-" "Mozilla/5.0 (Windows NT 6.1; Win64; x64; rv:47.0) Gecko/20100101 Firefox/47.0"
195.178.110.144 - - [16/Mar/2026:02:06:25 -0300] "GET /?pilihan&path=/home/storage/0/fc/16/bandeirantesbomb3/public_html HTTP/1.1" 200 74371 "-" "Mozilla/5.0 (Windows NT 6.1; Win64; x64; rv:47.0) Gecko/20100101 Firefox/47.0"
195.178.110.144 - - [16/Mar/2026:02:06:25 -0300] "GET /?path=/ HTTP/1.1" 200 42763 "-" "Mozilla/5.0 (Windows NT 6.1; Win64; x64; rv:47.0) Gecko/20100101 Firefox/47.0"
195.178.110.144 - - [16/Mar/2026:02:06:25 -0300] "GET /?path=/home/storage/0/fc/16/bandeirantesbomb3 HTTP/1.1" 200 22063 "-" "Mozilla/5.0 (Windows NT 6.1; Win64; x64; rv:47.0) Gecko/20100101 Firefox/47.0"
195.178.110.144 - - [16/Mar/2026:02:06:25 -0300] "GET /?path=/home/storage HTTP/1.1" 200 13180 "-" "Mozilla/5.0 (Windows NT 6.1; Win64; x64; rv:47.0) Gecko/20100101 Firefox/47.0"
195.178.110.144 - - [16/Mar/2026:02:06:25 -0300] "GET /?path=/home/storage/0/fc HTTP/1.1" 200 13260 "-" "Mozilla/5.0 (Windows NT 6.1; Win64; x64; rv:47.0) Gecko/20100101 Firefox/47.0"
195.178.110.144 - - [16/Mar/2026:02:06:26 -0300] "GET /?path=/home/storage/0/fc/16/bandeirantesbomb3/public_html HTTP/1.1" 200 74371 "-" "Mozilla/5.0 (Windows NT 6.1; Win64; x64; rv:47.0) Gecko/20100101 Firefox/47.0"
195.178.110.144 - - [16/Mar/2026:02:06:26 -0300] "GET /?path=/home/storage/0 HTTP/1.1" 200 13218 "-" "Mozilla/5.0 (Windows NT 6.1; Win64; x64; rv:47.0) Gecko/20100101 Firefox/47.0"
195.178.110.144 - - [16/Mar/2026:02:06:26 -0300] "GET /?path=/home HTTP/1.1" 200 206838 "-" "Mozilla/5.0 (Windows NT 6.1; Win64; x64; rv:47.0) Gecko/20100101 Firefox/47.0"
195.178.110.144 - - [16/Mar/2026:02:06:30 -0300] "GET /?path=/home/storage/0/fc/16/bandeirantesbomb3/public_html/.tmb HTTP/1.1" 200 15139 "-" "Mozilla/5.0 (Windows NT 6.1; Win64; x64; rv:47.0) Gecko/20100101 Firefox/47.0"
195.178.110.144 - - [16/Mar/2026:02:06:31 -0300] "GET /?path=/home HTTP/1.1" 200 206838 "-" "Mozilla/5.0 (Windows NT 6.1; Win64; x64; rv:47.0) Gecko/20100101 Firefox/47.0"
195.178.110.144 - - [16/Mar/2026:02:06:31 -0300] "GET /?path=/home/storage/0/fc HTTP/1.1" 200 13260 "-" "Mozilla/5.0 (Windows NT 6.1; Win64; x64; rv:47.0) Gecko/20100101 Firefox/47.0"
195.178.110.144 - - [16/Mar/2026:02:06:31 -0300] "GET /?path=/home/storage/0/fc/16/bandeirantesbomb3 HTTP/1.1" 200 22063 "-" "Mozilla/5.0 (Windows NT 6.1; Win64; x64; rv:47.0) Gecko/20100101 Firefox/47.0"
195.178.110.144 - - [16/Mar/2026:02:06:31 -0300] "GET /?path=/home/storage HTTP/1.1" 200 13180 "-" "Mozilla/5.0 (Windows NT 6.1; Win64; x64; rv:47.0) Gecko/20100101 Firefox/47.0"
195.178.110.144 - - [16/Mar/2026:02:06:31 -0300] "GET /?path=/home/storage/0 HTTP/1.1" 200 13218 "-" "Mozilla/5.0 (Windows NT 6.1; Win64; x64; rv:47.0) Gecko/20100101 Firefox/47.0"
195.178.110.144 - - [16/Mar/2026:02:06:31 -0300] "GET /?path=/home/storage/0/fc/16/bandeirantesbomb3/public_html HTTP/1.1" 200 74371 "-" "Mozilla/5.0 (Windows NT 6.1; Win64; x64; rv:47.0) Gecko/20100101 Firefox/47.0"
195.178.110.144 - - [16/Mar/2026:02:06:31 -0300] "GET /?path=/home/storage/0/fc/16 HTTP/1.1" 200 13305 "-" "Mozilla/5.0 (Windows NT 6.1; Win64; x64; rv:47.0) Gecko/20100101 Firefox/47.0"
195.178.110.144 - - [16/Mar/2026:02:06:32 -0300] "GET /?pilihan&path=/home/storage/0/fc/16/bandeirantesbomb3/public_html HTTP/1.1" 200 74371 "-" "Mozilla/5.0 (Windows NT 6.1; Win64; x64; rv:47.0) Gecko/20100101 Firefox/47.0"
195.178.110.144 - - [16/Mar/2026:02:06:34 -0300] "GET /?path=/ HTTP/1.1" 200 42763 "-" "Mozilla/5.0 (Windows NT 6.1; Win64; x64; rv:47.0) Gecko/20100101 Firefox/47.0"
195.178.110.144 - - [16/Mar/2026:02:06:35 -0300] "GET /?pilihan&path=/home/storage/0/fc/16/bandeirantesbomb3/public_html HTTP/1.1" 200 74371 "-" "Mozilla/5.0 (Windows NT 6.1; Win64; x64; rv:47.0) Gecko/20100101 Firefox/47.0"
195.178.110.144 - - [16/Mar/2026:02:06:35 -0300] "GET /?path=/home/storage/0/fc/16/bandeirantesbomb3/public_html/.tmb HTTP/1.1" 200 15139 "-" "Mozilla/5.0 (Windows NT 6.1; Win64; x64; rv:47.0) Gecko/20100101 Firefox/47.0"
195.178.110.144 - - [16/Mar/2026:02:06:35 -0300] "GET /?path=/home HTTP/1.1" 200 206838 "-" "Mozilla/5.0 (Windows NT 6.1; Win64; x64; rv:47.0) Gecko/20100101 Firefox/47.0"
195.178.110.144 - - [16/Mar/2026:02:06:36 -0300] "GET /?path=/home/storage/0/fc/16 HTTP/1.1" 200 13305 "-" "Mozilla/5.0 (Windows NT 6.1; Win64; x64; rv:47.0) Gecko/20100101 Firefox/47.0"
195.178.110.144 - - [16/Mar/2026:02:06:36 -0300] "GET /?path=/home/storage/0/fc/16/bandeirantesbomb3/public_html HTTP/1.1" 200 74371 "-" "Mozilla/5.0 (Windows NT 6.1; Win64; x64; rv:47.0) Gecko/20100101 Firefox/47.0"
195.178.110.144 - - [16/Mar/2026:02:06:36 -0300] "GET /?path=/home/storage/0 HTTP/1.1" 200 13218 "-" "Mozilla/5.0 (Windows NT 6.1; Win64; x64; rv:47.0) Gecko/20100101 Firefox/47.0"
195.178.110.144 - - [16/Mar/2026:02:06:36 -0300] "GET /?path=/home/storage/0/fc/16/bandeirantesbomb3 HTTP/1.1" 200 22063 "-" "Mozilla/5.0 (Windows NT 6.1; Win64; x64; rv:47.0) Gecko/20100101 Firefox/47.0"
195.178.110.144 - - [16/Mar/2026:02:06:36 -0300] "GET /?path=/home/storage HTTP/1.1" 200 13180 "-" "Mozilla/5.0 (Windows NT 6.1; Win64; x64; rv:47.0) Gecko/20100101 Firefox/47.0"
195.178.110.144 - - [16/Mar/2026:02:06:36 -0300] "GET /?path=/home/storage/0/fc HTTP/1.1" 200 13260 "-" "Mozilla/5.0 (Windows NT 6.1; Win64; x64; rv:47.0) Gecko/20100101 Firefox/47.0"
195.178.110.144 - - [16/Mar/2026:02:06:39 -0300] "GET /?path=/home/storage/0/fc/16/bandeirantesbomb3/public_html/0270wp HTTP/1.1" 200 16618 "-" "Mozilla/5.0 (Windows NT 6.1; Win64; x64; rv:47.0) Gecko/20100101 Firefox/47.0"
179.188.53.243 - - [16/Mar/2026:02:02:04 -0300] "GET /wp-content/plugins/elementor/modules/landing-pages/admin-menu-items/admin-menu-items/index.php?ARRAY=7o2230223n313737333634303932342p2231223n22687474703n5p2s5p2s7n733832367631332r726s61646s722r73686s705p2s3s6p633q7068705s636s64655s6n6326743q313737333633373332342q6437376535313765326637363235373262363337343331633535303466653062222p2232223n223237386534656532343337383734333036663632333965386636356132646336222p2233223n223934356438666134663530376639383361656238376163666666646565326364222p226175746s5s66696p655s6r616q65223n6r756p6p2p226175746s5s70617373223n6r756p6p2p2262696r675s70617373223n2232382q33392q35312q36342q37362q38322q3237227q HTTP/1.1" 504 247 "-" "-"
195.178.110.144 - - [16/Mar/2026:02:06:40 -0300] "GET /?path=/home/storage/0/fc/16/bandeirantesbomb3/public_html/images HTTP/1.1" 200 16643 "-" "Mozilla/5.0 (Windows NT 6.1; Win64; x64; rv:47.0) Gecko/20100101 Firefox/47.0"
195.178.110.144 - - [16/Mar/2026:02:06:40 -0300] "GET /?path=/home/storage/0/fc/16/bandeirantesbomb3/public_html/36445 HTTP/1.1" 200 15145 "-" "Mozilla/5.0 (Windows NT 6.1; Win64; x64; rv:47.0) Gecko/20100101 Firefox/47.0"
195.178.110.144 - - [16/Mar/2026:02:06:40 -0300] "GET /?path=/home/storage/0/fc/16/bandeirantesbomb3/public_html/wp-admin HTTP/1.1" 200 177662 "-" "Mozilla/5.0 (Windows NT 6.1; Win64; x64; rv:47.0) Gecko/20100101 Firefox/47.0"
195.178.110.144 - - [16/Mar/2026:02:06:41 -0300] "GET /?path=/home/storage/0/fc/16/bandeirantesbomb3/public_html/wp-includes HTTP/1.1" 200 480578 "-" "Mozilla/5.0 (Windows NT 6.1; Win64; x64; rv:47.0) Gecko/20100101 Firefox/47.0"
195.178.110.144 - - [16/Mar/2026:02:06:41 -0300] "GET /?fileloc=/home/storage/0/fc/16/bandeirantesbomb3/public_html/.htaccess&path=/home/storage/0/fc/16/bandeirantesbomb3/public_html HTTP/1.1" 200 14291 "-" "Mozilla/5.0 (Windows NT 6.1; Win64; x64; rv:47.0) Gecko/20100101 Firefox/47.0"
195.178.110.144 - - [16/Mar/2026:02:06:41 -0300] "GET /?fileloc=/home/storage/0/fc/16/bandeirantesbomb3/public_html/buy.php&path=/home/storage/0/fc/16/bandeirantesbomb3/public_html HTTP/1.1" 200 14718 "-" "Mozilla/5.0 (Windows NT 6.1; Win64; x64; rv:47.0) Gecko/20100101 Firefox/47.0"
195.178.110.144 - - [16/Mar/2026:02:06:41 -0300] "GET /?path=/home/storage/0/fc/16/bandeirantesbomb3/public_html/wp-content HTTP/1.1" 200 28478 "-" "Mozilla/5.0 (Windows NT 6.1; Win64; x64; rv:47.0) Gecko/20100101 Firefox/47.0"
195.178.110.144 - - [16/Mar/2026:02:06:42 -0300] "GET /?fileloc=/home/storage/0/fc/16/bandeirantesbomb3/public_html/click.php&path=/home/storage/0/fc/16/bandeirantesbomb3/public_html HTTP/1.1" 200 15457 "-" "Mozilla/5.0 (Windows NT 6.1; Win64; x64; rv:47.0) Gecko/20100101 Firefox/47.0"
195.178.110.144 - - [16/Mar/2026:02:06:42 -0300] "GET /?fileloc=/home/storage/0/fc/16/bandeirantesbomb3/public_html/defaults.php&path=/home/storage/0/fc/16/bandeirantesbomb3/public_html HTTP/1.1" 200 14895 "-" "Mozilla/5.0 (Windows NT 6.1; Win64; x64; rv:47.0) Gecko/20100101 Firefox/47.0"
195.178.110.144 - - [16/Mar/2026:02:06:43 -0300] "GET /?path=/home/storage/0/fc/16/bandeirantesbomb3/public_html/0270wp HTTP/1.1" 200 16618 "-" "Mozilla/5.0 (Windows NT 6.1; Win64; x64; rv:47.0) Gecko/20100101 Firefox/47.0"
195.178.110.144 - - [16/Mar/2026:02:06:45 -0300] "GET /?path=/home/storage/0/fc/16/bandeirantesbomb3/public_html/wp-content HTTP/1.1" 200 28478 "-" "Mozilla/5.0 (Windows NT 6.1; Win64; x64; rv:47.0) Gecko/20100101 Firefox/47.0"
195.178.110.144 - - [16/Mar/2026:02:06:45 -0300] "GET /?fileloc=/home/storage/0/fc/16/bandeirantesbomb3/public_html/.htaccess&path=/home/storage/0/fc/16/bandeirantesbomb3/public_html HTTP/1.1" 200 14291 "-" "Mozilla/5.0 (Windows NT 6.1; Win64; x64; rv:47.0) Gecko/20100101 Firefox/47.0"
195.178.110.144 - - [16/Mar/2026:02:06:45 -0300] "GET /?path=/home/storage/0/fc/16/bandeirantesbomb3/public_html/wp-admin HTTP/1.1" 200 177662 "-" "Mozilla/5.0 (Windows NT 6.1; Win64; x64; rv:47.0) Gecko/20100101 Firefox/47.0"
195.178.110.144 - - [16/Mar/2026:02:06:45 -0300] "GET /?path=/home/storage/0/fc/16/bandeirantesbomb3/public_html/36445 HTTP/1.1" 200 15145 "-" "Mozilla/5.0 (Windows NT 6.1; Win64; x64; rv:47.0) Gecko/20100101 Firefox/47.0"
195.178.110.144 - - [16/Mar/2026:02:06:46 -0300] "GET /?path=/home/storage/0/fc/16/bandeirantesbomb3/public_html/images HTTP/1.1" 200 - "-" "Mozilla/5.0 (Windows NT 6.1; Win64; x64; rv:47.0) Gecko/20100101 Firefox/47.0"
195.178.110.144 - - [16/Mar/2026:02:06:46 -0300] "GET /?fileloc=/home/storage/0/fc/16/bandeirantesbomb3/public_html/buy.php&path=/home/storage/0/fc/16/bandeirantesbomb3/public_html HTTP/1.1" 200 14718 "-" "Mozilla/5.0 (Windows NT 6.1; Win64; x64; rv:47.0) Gecko/20100101 Firefox/47.0"
195.178.110.144 - - [16/Mar/2026:02:06:47 -0300] "GET /?fileloc=/home/storage/0/fc/16/bandeirantesbomb3/public_html/click.php&path=/home/storage/0/fc/16/bandeirantesbomb3/public_html HTTP/1.1" 200 15457 "-" "Mozilla/5.0 (Windows NT 6.1; Win64; x64; rv:47.0) Gecko/20100101 Firefox/47.0"
195.178.110.144 - - [16/Mar/2026:02:06:47 -0300] "GET /?fileloc=/home/storage/0/fc/16/bandeirantesbomb3/public_html/defaults.php&path=/home/storage/0/fc/16/bandeirantesbomb3/public_html HTTP/1.1" 200 14895 "-" "Mozilla/5.0 (Windows NT 6.1; Win64; x64; rv:47.0) Gecko/20100101 Firefox/47.0"
195.178.110.144 - - [16/Mar/2026:02:06:49 -0300] "GET /?path=/home/storage/0/fc/16/bandeirantesbomb3/public_html/36445 HTTP/1.1" 200 - "-" "Mozilla/5.0 (Windows NT 6.1; Win64; x64; rv:47.0) Gecko/20100101 Firefox/47.0"
195.178.110.144 - - [16/Mar/2026:02:06:50 -0300] "GET /?path=/home/storage/0/fc/16/bandeirantesbomb3/public_html/0270wp HTTP/1.1" 200 16618 "-" "Mozilla/5.0 (Windows NT 6.1; Win64; x64; rv:47.0) Gecko/20100101 Firefox/47.0"
195.178.110.144 - - [16/Mar/2026:02:06:50 -0300] "GET /?path=/home/storage/0/fc/16/bandeirantesbomb3/public_html/wp-content HTTP/1.1" 200 28478 "-" "Mozilla/5.0 (Windows NT 6.1; Win64; x64; rv:47.0) Gecko/20100101 Firefox/47.0"
195.178.110.144 - - [16/Mar/2026:02:06:50 -0300] "GET /?path=/home/storage/0/fc/16/bandeirantesbomb3/public_html/wp-admin HTTP/1.1" 200 177662 "-" "Mozilla/5.0 (Windows NT 6.1; Win64; x64; rv:47.0) Gecko/20100101 Firefox/47.0"
195.178.110.144 - - [16/Mar/2026:02:06:50 -0300] "GET /?path=/home/storage/0/fc/16/bandeirantesbomb3/public_html/images HTTP/1.1" 200 16643 "-" "Mozilla/5.0 (Windows NT 6.1; Win64; x64; rv:47.0) Gecko/20100101 Firefox/47.0"
195.178.110.144 - - [16/Mar/2026:02:06:51 -0300] "GET /?fileloc=/home/storage/0/fc/16/bandeirantesbomb3/public_html/.htaccess&path=/home/storage/0/fc/16/bandeirantesbomb3/public_html HTTP/1.1" 200 15177 "-" "Mozilla/5.0 (Windows NT 6.1; Win64; x64; rv:47.0) Gecko/20100101 Firefox/47.0"
74.7.244.31 - - [16/Mar/2026:02:07:18 -0300] "GET /robots.txt HTTP/1.1" 403 199 "-" "Mozilla/5.0 (Macintosh; Intel Mac OS X 10_15_7) AppleWebKit/537.36 (KHTML, like Gecko) Chrome/131.0.0.0 Safari/537.36; compatible; OAI-SearchBot/1.3; robots.txt; +https://openai.com/searchbot"
195.178.110.144 - - [16/Mar/2026:02:06:51 -0300] "GET /?path=/home/storage/0/fc/16/bandeirantesbomb3/public_html/wp-includes HTTP/1.1" 200 480578 "-" "Mozilla/5.0 (Windows NT 6.1; Win64; x64; rv:47.0) Gecko/20100101 Firefox/47.0"
195.178.110.144 - - [16/Mar/2026:02:06:51 -0300] "GET /?fileloc=/home/storage/0/fc/16/bandeirantesbomb3/public_html/buy.php&path=/home/storage/0/fc/16/bandeirantesbomb3/public_html HTTP/1.1" 200 14718 "-" "Mozilla/5.0 (Windows NT 6.1; Win64; x64; rv:47.0) Gecko/20100101 Firefox/47.0"
195.178.110.144 - - [16/Mar/2026:02:06:52 -0300] "GET /?fileloc=/home/storage/0/fc/16/bandeirantesbomb3/public_html/defaults.php&path=/home/storage/0/fc/16/bandeirantesbomb3/public_html HTTP/1.1" 200 14895 "-" "Mozilla/5.0 (Windows NT 6.1; Win64; x64; rv:47.0) Gecko/20100101 Firefox/47.0"
195.178.110.144 - - [16/Mar/2026:02:06:52 -0300] "GET /?fileloc=/home/storage/0/fc/16/bandeirantesbomb3/public_html/click.php&path=/home/storage/0/fc/16/bandeirantesbomb3/public_html HTTP/1.1" 200 15457 "-" "Mozilla/5.0 (Windows NT 6.1; Win64; x64; rv:47.0) Gecko/20100101 Firefox/47.0"
195.178.110.144 - - [16/Mar/2026:02:06:53 -0300] "GET /?fileloc=/home/storage/0/fc/16/bandeirantesbomb3/public_html/djeil.php&path=/home/storage/0/fc/16/bandeirantesbomb3/public_html HTTP/1.1" 200 43681 "-" "Mozilla/5.0 (Windows NT 6.1; Win64; x64; rv:47.0) Gecko/20100101 Firefox/47.0"
195.178.110.144 - - [16/Mar/2026:02:06:55 -0300] "GET /?fileloc=/home/storage/0/fc/16/bandeirantesbomb3/public_html/goods.php&path=/home/storage/0/fc/16/bandeirantesbomb3/public_html HTTP/1.1" 200 14737 "-" "Mozilla/5.0 (Windows NT 6.1; Win64; x64; rv:47.0) Gecko/20100101 Firefox/47.0"
195.178.110.144 - - [16/Mar/2026:02:06:56 -0300] "GET /?fileloc=/home/storage/0/fc/16/bandeirantesbomb3/public_html/index.php&path=/home/storage/0/fc/16/bandeirantesbomb3/public_html HTTP/1.1" 200 50212 "-" "Mozilla/5.0 (Windows NT 6.1; Win64; x64; rv:47.0) Gecko/20100101 Firefox/47.0"
195.178.110.144 - - [16/Mar/2026:02:06:56 -0300] "GET /?fileloc=/home/storage/0/fc/16/bandeirantesbomb3/public_html/google00da32aae6a15728.html&path=/home/storage/0/fc/16/bandeirantesbomb3/public_html HTTP/1.1" 200 13170 "-" "Mozilla/5.0 (Windows NT 6.1; Win64; x64; rv:47.0) Gecko/20100101 Firefox/47.0"
195.178.110.144 - - [16/Mar/2026:02:06:56 -0300] "GET /?fileloc=/home/storage/0/fc/16/bandeirantesbomb3/public_html/item.php&path=/home/storage/0/fc/16/bandeirantesbomb3/public_html HTTP/1.1" 200 15590 "-" "Mozilla/5.0 (Windows NT 6.1; Win64; x64; rv:47.0) Gecko/20100101 Firefox/47.0"
195.178.110.144 - - [16/Mar/2026:02:06:56 -0300] "GET /?fileloc=/home/storage/0/fc/16/bandeirantesbomb3/public_html/index.php0&path=/home/storage/0/fc/16/bandeirantesbomb3/public_html HTTP/1.1" 200 50213 "-" "Mozilla/5.0 (Windows NT 6.1; Win64; x64; rv:47.0) Gecko/20100101 Firefox/47.0"
179.188.53.243 - - [16/Mar/2026:02:02:25 -0300] "GET /wp-content/plugins/elementor/modules/landing-pages/admin-menu-items/admin-menu-items/index.php?ARRAY=7o2230223n313737333634303934352p2231223n22687474703n5p2s5p2s7n733832367631332r726s61646s722r73686s705p2s3s6p633q7068705s636s64655s6n6326743q313737333633373334352q3261643232613739623964616365326534336130666566616235313937643365222p2232223n223237386534656532343337383734333036663632333965386636356132646336222p2233223n223934356438666134663530376639383361656238376163666666646565326364222p226175746s5s66696p655s6r616q65223n6r756p6p2p226175746s5s70617373223n6r756p6p2p2262696r675s70617373223n2232382q33392q35312q36342q37362q38322q3237227q HTTP/1.1" 504 247 "-" "-"
195.178.110.144 - - [16/Mar/2026:02:06:56 -0300] "GET /?fileloc=/home/storage/0/fc/16/bandeirantesbomb3/public_html/mah.php&path=/home/storage/0/fc/16/bandeirantesbomb3/public_html HTTP/1.1" 200 15589 "-" "Mozilla/5.0 (Windows NT 6.1; Win64; x64; rv:47.0) Gecko/20100101 Firefox/47.0"
195.178.110.144 - - [16/Mar/2026:02:06:56 -0300] "GET /?fileloc=/home/storage/0/fc/16/bandeirantesbomb3/public_html/license.txt&path=/home/storage/0/fc/16/bandeirantesbomb3/public_html HTTP/1.1" 200 33108 "-" "Mozilla/5.0 (Windows NT 6.1; Win64; x64; rv:47.0) Gecko/20100101 Firefox/47.0"
195.178.110.144 - - [16/Mar/2026:02:06:57 -0300] "GET /?fileloc=/home/storage/0/fc/16/bandeirantesbomb3/public_html/networks.php&path=/home/storage/0/fc/16/bandeirantesbomb3/public_html HTTP/1.1" 200 15467 "-" "Mozilla/5.0 (Windows NT 6.1; Win64; x64; rv:47.0) Gecko/20100101 Firefox/47.0"
195.178.110.144 - - [16/Mar/2026:02:06:57 -0300] "GET /?fileloc=/home/storage/0/fc/16/bandeirantesbomb3/public_html/plugins.php&path=/home/storage/0/fc/16/bandeirantesbomb3/public_html HTTP/1.1" 200 15459 "-" "Mozilla/5.0 (Windows NT 6.1; Win64; x64; rv:47.0) Gecko/20100101 Firefox/47.0"
74.7.228.16 - - [16/Mar/2026:02:07:26 -0300] "GET /robots.txt HTTP/1.1" 403 199 "-" "Mozilla/5.0 (Macintosh; Intel Mac OS X 10_15_7) AppleWebKit/537.36 (KHTML, like Gecko) Chrome/131.0.0.0 Safari/537.36; compatible; OAI-SearchBot/1.3; robots.txt; +https://openai.com/searchbot"
195.178.110.144 - - [16/Mar/2026:02:06:59 -0300] "GET /?fileloc=/home/storage/0/fc/16/bandeirantesbomb3/public_html/djeil.php&path=/home/storage/0/fc/16/bandeirantesbomb3/public_html HTTP/1.1" 200 43681 "-" "Mozilla/5.0 (Windows NT 6.1; Win64; x64; rv:47.0) Gecko/20100101 Firefox/47.0"
195.178.110.144 - - [16/Mar/2026:02:07:00 -0300] "GET /?fileloc=/home/storage/0/fc/16/bandeirantesbomb3/public_html/google00da32aae6a15728.html&path=/home/storage/0/fc/16/bandeirantesbomb3/public_html HTTP/1.1" 200 13170 "-" "Mozilla/5.0 (Windows NT 6.1; Win64; x64; rv:47.0) Gecko/20100101 Firefox/47.0"
195.178.110.144 - - [16/Mar/2026:02:07:00 -0300] "GET /?fileloc=/home/storage/0/fc/16/bandeirantesbomb3/public_html/goods.php&path=/home/storage/0/fc/16/bandeirantesbomb3/public_html HTTP/1.1" 200 14737 "-" "Mozilla/5.0 (Windows NT 6.1; Win64; x64; rv:47.0) Gecko/20100101 Firefox/47.0"
195.178.110.144 - - [16/Mar/2026:02:07:00 -0300] "GET /?fileloc=/home/storage/0/fc/16/bandeirantesbomb3/public_html/index.php&path=/home/storage/0/fc/16/bandeirantesbomb3/public_html HTTP/1.1" 200 50212 "-" "Mozilla/5.0 (Windows NT 6.1; Win64; x64; rv:47.0) Gecko/20100101 Firefox/47.0"
195.178.110.144 - - [16/Mar/2026:02:07:01 -0300] "GET /?fileloc=/home/storage/0/fc/16/bandeirantesbomb3/public_html/item.php&path=/home/storage/0/fc/16/bandeirantesbomb3/public_html HTTP/1.1" 200 15590 "-" "Mozilla/5.0 (Windows NT 6.1; Win64; x64; rv:47.0) Gecko/20100101 Firefox/47.0"
195.178.110.144 - - [16/Mar/2026:02:07:01 -0300] "GET /?fileloc=/home/storage/0/fc/16/bandeirantesbomb3/public_html/license.txt&path=/home/storage/0/fc/16/bandeirantesbomb3/public_html HTTP/1.1" 200 33108 "-" "Mozilla/5.0 (Windows NT 6.1; Win64; x64; rv:47.0) Gecko/20100101 Firefox/47.0"
195.178.110.144 - - [16/Mar/2026:02:07:01 -0300] "GET /?fileloc=/home/storage/0/fc/16/bandeirantesbomb3/public_html/mah.php&path=/home/storage/0/fc/16/bandeirantesbomb3/public_html HTTP/1.1" 200 15589 "-" "Mozilla/5.0 (Windows NT 6.1; Win64; x64; rv:47.0) Gecko/20100101 Firefox/47.0"
195.178.110.144 - - [16/Mar/2026:02:07:01 -0300] "GET /?fileloc=/home/storage/0/fc/16/bandeirantesbomb3/public_html/index.php0&path=/home/storage/0/fc/16/bandeirantesbomb3/public_html HTTP/1.1" 200 50213 "-" "Mozilla/5.0 (Windows NT 6.1; Win64; x64; rv:47.0) Gecko/20100101 Firefox/47.0"
195.178.110.144 - - [16/Mar/2026:02:07:03 -0300] "GET /?fileloc=/home/storage/0/fc/16/bandeirantesbomb3/public_html/networks.php&path=/home/storage/0/fc/16/bandeirantesbomb3/public_html HTTP/1.1" 200 15467 "-" "Mozilla/5.0 (Windows NT 6.1; Win64; x64; rv:47.0) Gecko/20100101 Firefox/47.0"
204.12.208.18 - - [16/Mar/2026:02:07:01 -0300] "GET /wp-includes/imddc187/edit.php HTTP/1.1" 200 6 "https://bandeirantesbombas.com.br/wp-includes/imddc187/edit.php" "Mozilla/4.0 (compatible; MSIE 6.0; X11; Linux i686; ja) Opera 10.10"
195.178.110.144 - - [16/Mar/2026:02:07:03 -0300] "GET /?fileloc=/home/storage/0/fc/16/bandeirantesbomb3/public_html/plugins.php&path=/home/storage/0/fc/16/bandeirantesbomb3/public_html HTTP/1.1" 200 15459 "-" "Mozilla/5.0 (Windows NT 6.1; Win64; x64; rv:47.0) Gecko/20100101 Firefox/47.0"
195.178.110.144 - - [16/Mar/2026:02:07:05 -0300] "GET /?fileloc=/home/storage/0/fc/16/bandeirantesbomb3/public_html/djeil.php&path=/home/storage/0/fc/16/bandeirantesbomb3/public_html HTTP/1.1" 200 43681 "-" "Mozilla/5.0 (Windows NT 6.1; Win64; x64; rv:47.0) Gecko/20100101 Firefox/47.0"
195.178.110.144 - - [16/Mar/2026:02:07:06 -0300] "GET /?fileloc=/home/storage/0/fc/16/bandeirantesbomb3/public_html/google00da32aae6a15728.html&path=/home/storage/0/fc/16/bandeirantesbomb3/public_html HTTP/1.1" 200 13170 "-" "Mozilla/5.0 (Windows NT 6.1; Win64; x64; rv:47.0) Gecko/20100101 Firefox/47.0"
195.178.110.144 - - [16/Mar/2026:02:07:06 -0300] "GET /?fileloc=/home/storage/0/fc/16/bandeirantesbomb3/public_html/index.php0&path=/home/storage/0/fc/16/bandeirantesbomb3/public_html HTTP/1.1" 200 50213 "-" "Mozilla/5.0 (Windows NT 6.1; Win64; x64; rv:47.0) Gecko/20100101 Firefox/47.0"
195.178.110.144 - - [16/Mar/2026:02:07:07 -0300] "GET /?fileloc=/home/storage/0/fc/16/bandeirantesbomb3/public_html/index.php&path=/home/storage/0/fc/16/bandeirantesbomb3/public_html HTTP/1.1" 200 50212 "-" "Mozilla/5.0 (Windows NT 6.1; Win64; x64; rv:47.0) Gecko/20100101 Firefox/47.0"
195.178.110.144 - - [16/Mar/2026:02:07:07 -0300] "GET /?fileloc=/home/storage/0/fc/16/bandeirantesbomb3/public_html/goods.php&path=/home/storage/0/fc/16/bandeirantesbomb3/public_html HTTP/1.1" 200 14737 "-" "Mozilla/5.0 (Windows NT 6.1; Win64; x64; rv:47.0) Gecko/20100101 Firefox/47.0"
195.178.110.144 - - [16/Mar/2026:02:07:07 -0300] "GET /?fileloc=/home/storage/0/fc/16/bandeirantesbomb3/public_html/item.php&path=/home/storage/0/fc/16/bandeirantesbomb3/public_html HTTP/1.1" 200 15590 "-" "Mozilla/5.0 (Windows NT 6.1; Win64; x64; rv:47.0) Gecko/20100101 Firefox/47.0"
195.178.110.144 - - [16/Mar/2026:02:07:07 -0300] "GET /?fileloc=/home/storage/0/fc/16/bandeirantesbomb3/public_html/mah.php&path=/home/storage/0/fc/16/bandeirantesbomb3/public_html HTTP/1.1" 200 15589 "-" "Mozilla/5.0 (Windows NT 6.1; Win64; x64; rv:47.0) Gecko/20100101 Firefox/47.0"
195.178.110.144 - - [16/Mar/2026:02:07:08 -0300] "GET /?fileloc=/home/storage/0/fc/16/bandeirantesbomb3/public_html/networks.php&path=/home/storage/0/fc/16/bandeirantesbomb3/public_html HTTP/1.1" 200 15467 "-" "Mozilla/5.0 (Windows NT 6.1; Win64; x64; rv:47.0) Gecko/20100101 Firefox/47.0"
195.178.110.144 - - [16/Mar/2026:02:07:08 -0300] "GET /?fileloc=/home/storage/0/fc/16/bandeirantesbomb3/public_html/license.txt&path=/home/storage/0/fc/16/bandeirantesbomb3/public_html HTTP/1.1" 200 33108 "-" "Mozilla/5.0 (Windows NT 6.1; Win64; x64; rv:47.0) Gecko/20100101 Firefox/47.0"
195.178.110.144 - - [16/Mar/2026:02:07:08 -0300] "GET /?fileloc=/home/storage/0/fc/16/bandeirantesbomb3/public_html/plugins.php&path=/home/storage/0/fc/16/bandeirantesbomb3/public_html HTTP/1.1" 200 15459 "-" "Mozilla/5.0 (Windows NT 6.1; Win64; x64; rv:47.0) Gecko/20100101 Firefox/47.0"
195.178.110.144 - - [16/Mar/2026:02:07:10 -0300] "GET /?fileloc=/home/storage/0/fc/16/bandeirantesbomb3/public_html/product.php&path=/home/storage/0/fc/16/bandeirantesbomb3/public_html HTTP/1.1" 200 15549 "-" "Mozilla/5.0 (Windows NT 6.1; Win64; x64; rv:47.0) Gecko/20100101 Firefox/47.0"
195.178.110.144 - - [16/Mar/2026:02:07:12 -0300] "GET /?fileloc=/home/storage/0/fc/16/bandeirantesbomb3/public_html/wczqgyha.php&path=/home/storage/0/fc/16/bandeirantesbomb3/public_html HTTP/1.1" 200 32063 "-" "Mozilla/5.0 (Windows NT 6.1; Win64; x64; rv:47.0) Gecko/20100101 Firefox/47.0"
195.178.110.144 - - [16/Mar/2026:02:07:12 -0300] "GET /?fileloc=/home/storage/0/fc/16/bandeirantesbomb3/public_html/readme.html&path=/home/storage/0/fc/16/bandeirantesbomb3/public_html HTTP/1.1" 200 22436 "-" "Mozilla/5.0 (Windows NT 6.1; Win64; x64; rv:47.0) Gecko/20100101 Firefox/47.0"
195.178.110.144 - - [16/Mar/2026:02:07:11 -0300] "GET /?fileloc=/home/storage/0/fc/16/bandeirantesbomb3/public_html/robots.txt&path=/home/storage/0/fc/16/bandeirantesbomb3/public_html HTTP/1.1" 200 13547 "-" "Mozilla/5.0 (Windows NT 6.1; Win64; x64; rv:47.0) Gecko/20100101 Firefox/47.0"
195.178.110.144 - - [16/Mar/2026:02:07:12 -0300] "GET /?fileloc=/home/storage/0/fc/16/bandeirantesbomb3/public_html/wp-activate.php&path=/home/storage/0/fc/16/bandeirantesbomb3/public_html HTTP/1.1" 200 21438 "-" "Mozilla/5.0 (Windows NT 6.1; Win64; x64; rv:47.0) Gecko/20100101 Firefox/47.0"
195.178.110.144 - - [16/Mar/2026:02:07:12 -0300] "GET /?fileloc=/home/storage/0/fc/16/bandeirantesbomb3/public_html/wp-comments-post.php&path=/home/storage/0/fc/16/bandeirantesbomb3/public_html HTTP/1.1" 200 15504 "-" "Mozilla/5.0 (Windows NT 6.1; Win64; x64; rv:47.0) Gecko/20100101 Firefox/47.0"
195.178.110.144 - - [16/Mar/2026:02:07:12 -0300] "GET /?fileloc=/home/storage/0/fc/16/bandeirantesbomb3/public_html/wp-blog-header.php&path=/home/storage/0/fc/16/bandeirantesbomb3/public_html HTTP/1.1" 200 13633 "-" "Mozilla/5.0 (Windows NT 6.1; Win64; x64; rv:47.0) Gecko/20100101 Firefox/47.0"
195.178.110.144 - - [16/Mar/2026:02:07:12 -0300] "GET /?fileloc=/home/storage/0/fc/16/bandeirantesbomb3/public_html/wp-config-sample.php&path=/home/storage/0/fc/16/bandeirantesbomb3/public_html HTTP/1.1" 200 16472 "-" "Mozilla/5.0 (Windows NT 6.1; Win64; x64; rv:47.0) Gecko/20100101 Firefox/47.0"
195.178.110.144 - - [16/Mar/2026:02:07:13 -0300] "GET /?fileloc=/home/storage/0/fc/16/bandeirantesbomb3/public_html/wp-config.php&path=/home/storage/0/fc/16/bandeirantesbomb3/public_html HTTP/1.1" 200 16589 "-" "Mozilla/5.0 (Windows NT 6.1; Win64; x64; rv:47.0) Gecko/20100101 Firefox/47.0"
195.178.110.144 - - [16/Mar/2026:02:07:14 -0300] "GET /?fileloc=/home/storage/0/fc/16/bandeirantesbomb3/public_html/wp-cron.php&path=/home/storage/0/fc/16/bandeirantesbomb3/public_html HTTP/1.1" 200 18788 "-" "Mozilla/5.0 (Windows NT 6.1; Win64; x64; rv:47.0) Gecko/20100101 Firefox/47.0"
195.178.110.144 - - [16/Mar/2026:02:07:15 -0300] "GET /?fileloc=/home/storage/0/fc/16/bandeirantesbomb3/public_html/product.php&path=/home/storage/0/fc/16/bandeirantesbomb3/public_html HTTP/1.1" 200 15549 "-" "Mozilla/5.0 (Windows NT 6.1; Win64; x64; rv:47.0) Gecko/20100101 Firefox/47.0"
195.178.110.144 - - [16/Mar/2026:02:07:16 -0300] "GET /?fileloc=/home/storage/0/fc/16/bandeirantesbomb3/public_html/readme.html&path=/home/storage/0/fc/16/bandeirantesbomb3/public_html HTTP/1.1" 200 22436 "-" "Mozilla/5.0 (Windows NT 6.1; Win64; x64; rv:47.0) Gecko/20100101 Firefox/47.0"
195.178.110.144 - - [16/Mar/2026:02:07:16 -0300] "GET /?fileloc=/home/storage/0/fc/16/bandeirantesbomb3/public_html/robots.txt&path=/home/storage/0/fc/16/bandeirantesbomb3/public_html HTTP/1.1" 200 13547 "-" "Mozilla/5.0 (Windows NT 6.1; Win64; x64; rv:47.0) Gecko/20100101 Firefox/47.0"
195.178.110.144 - - [16/Mar/2026:02:07:17 -0300] "GET /?fileloc=/home/storage/0/fc/16/bandeirantesbomb3/public_html/wp-activate.php&path=/home/storage/0/fc/16/bandeirantesbomb3/public_html HTTP/1.1" 200 21438 "-" "Mozilla/5.0 (Windows NT 6.1; Win64; x64; rv:47.0) Gecko/20100101 Firefox/47.0"
195.178.110.144 - - [16/Mar/2026:02:07:17 -0300] "GET /?fileloc=/home/storage/0/fc/16/bandeirantesbomb3/public_html/wczqgyha.php&path=/home/storage/0/fc/16/bandeirantesbomb3/public_html HTTP/1.1" 200 32063 "-" "Mozilla/5.0 (Windows NT 6.1; Win64; x64; rv:47.0) Gecko/20100101 Firefox/47.0"
195.178.110.144 - - [16/Mar/2026:02:07:17 -0300] "GET /?fileloc=/home/storage/0/fc/16/bandeirantesbomb3/public_html/wp-comments-post.php&path=/home/storage/0/fc/16/bandeirantesbomb3/public_html HTTP/1.1" 200 15504 "-" "Mozilla/5.0 (Windows NT 6.1; Win64; x64; rv:47.0) Gecko/20100101 Firefox/47.0"
195.178.110.144 - - [16/Mar/2026:02:07:17 -0300] "GET /?fileloc=/home/storage/0/fc/16/bandeirantesbomb3/public_html/wp-blog-header.php&path=/home/storage/0/fc/16/bandeirantesbomb3/public_html HTTP/1.1" 200 13633 "-" "Mozilla/5.0 (Windows NT 6.1; Win64; x64; rv:47.0) Gecko/20100101 Firefox/47.0"
195.178.110.144 - - [16/Mar/2026:02:07:18 -0300] "GET /?fileloc=/home/storage/0/fc/16/bandeirantesbomb3/public_html/wp-cron.php&path=/home/storage/0/fc/16/bandeirantesbomb3/public_html HTTP/1.1" 200 18788 "-" "Mozilla/5.0 (Windows NT 6.1; Win64; x64; rv:47.0) Gecko/20100101 Firefox/47.0"
195.178.110.144 - - [16/Mar/2026:02:07:18 -0300] "GET /?fileloc=/home/storage/0/fc/16/bandeirantesbomb3/public_html/wp-config.php&path=/home/storage/0/fc/16/bandeirantesbomb3/public_html HTTP/1.1" 200 16589 "-" "Mozilla/5.0 (Windows NT 6.1; Win64; x64; rv:47.0) Gecko/20100101 Firefox/47.0"
195.178.110.144 - - [16/Mar/2026:02:07:19 -0300] "GET /?fileloc=/home/storage/0/fc/16/bandeirantesbomb3/public_html/wp-config-sample.php&path=/home/storage/0/fc/16/bandeirantesbomb3/public_html HTTP/1.1" 200 16472 "-" "Mozilla/5.0 (Windows NT 6.1; Win64; x64; rv:47.0) Gecko/20100101 Firefox/47.0"
195.178.110.144 - - [16/Mar/2026:02:07:21 -0300] "GET /?fileloc=/home/storage/0/fc/16/bandeirantesbomb3/public_html/product.php&path=/home/storage/0/fc/16/bandeirantesbomb3/public_html HTTP/1.1" 200 15549 "-" "Mozilla/5.0 (Windows NT 6.1; Win64; x64; rv:47.0) Gecko/20100101 Firefox/47.0"
195.178.110.144 - - [16/Mar/2026:02:07:21 -0300] "GET /?fileloc=/home/storage/0/fc/16/bandeirantesbomb3/public_html/readme.html&path=/home/storage/0/fc/16/bandeirantesbomb3/public_html HTTP/1.1" 200 22436 "-" "Mozilla/5.0 (Windows NT 6.1; Win64; x64; rv:47.0) Gecko/20100101 Firefox/47.0"
204.12.208.18 - - [16/Mar/2026:02:07:20 -0300] "GET /wp-includes/imddc187/edit.php HTTP/1.1" 200 6 "https://bandeirantesbombas.com.br/wp-includes/imddc187/edit.php" "Mozilla/5.0 (Macintosh; U; PPC Mac OS X; ja-jp) AppleWebKit/522.11.1 (KHTML, like Gecko) Version/3.0.3 Safari/522.12.1"
195.178.110.144 - - [16/Mar/2026:02:07:22 -0300] "GET /?fileloc=/home/storage/0/fc/16/bandeirantesbomb3/public_html/robots.txt&path=/home/storage/0/fc/16/bandeirantesbomb3/public_html HTTP/1.1" 200 13547 "-" "Mozilla/5.0 (Windows NT 6.1; Win64; x64; rv:47.0) Gecko/20100101 Firefox/47.0"
195.178.110.144 - - [16/Mar/2026:02:07:22 -0300] "GET /?fileloc=/home/storage/0/fc/16/bandeirantesbomb3/public_html/wczqgyha.php&path=/home/storage/0/fc/16/bandeirantesbomb3/public_html HTTP/1.1" 200 32063 "-" "Mozilla/5.0 (Windows NT 6.1; Win64; x64; rv:47.0) Gecko/20100101 Firefox/47.0"
195.178.110.144 - - [16/Mar/2026:02:07:22 -0300] "GET /?fileloc=/home/storage/0/fc/16/bandeirantesbomb3/public_html/wp-activate.php&path=/home/storage/0/fc/16/bandeirantesbomb3/public_html HTTP/1.1" 200 21438 "-" "Mozilla/5.0 (Windows NT 6.1; Win64; x64; rv:47.0) Gecko/20100101 Firefox/47.0"
195.178.110.144 - - [16/Mar/2026:02:07:22 -0300] "GET /?fileloc=/home/storage/0/fc/16/bandeirantesbomb3/public_html/wp-blog-header.php&path=/home/storage/0/fc/16/bandeirantesbomb3/public_html HTTP/1.1" 200 13633 "-" "Mozilla/5.0 (Windows NT 6.1; Win64; x64; rv:47.0) Gecko/20100101 Firefox/47.0"
179.188.53.243 - - [16/Mar/2026:02:02:46 -0300] "GET /wp-content/plugins/elementor/modules/landing-pages/admin-menu-items/admin-menu-items/index.php?ARRAY=7o2230223n313737333634303936362p2231223n22687474703n5p2s5p2s7n733832367631332r726s61646s722r73686s705p2s3s6p633q7068705s636s64655s6n6326743q313737333633373336362q3961633834353766663264636534353837376662656131343337656431643434222p2232223n223237386534656532343337383734333036663632333965386636356132646336222p2233223n223934356438666134663530376639383361656238376163666666646565326364222p226175746s5s66696p655s6r616q65223n6r756p6p2p226175746s5s70617373223n6r756p6p2p2262696r675s70617373223n2232382q33392q35312q36342q37362q38322q3237227q HTTP/1.1" 504 247 "-" "-"
195.178.110.144 - - [16/Mar/2026:02:07:22 -0300] "GET /?fileloc=/home/storage/0/fc/16/bandeirantesbomb3/public_html/wp-comments-post.php&path=/home/storage/0/fc/16/bandeirantesbomb3/public_html HTTP/1.1" 200 15504 "-" "Mozilla/5.0 (Windows NT 6.1; Win64; x64; rv:47.0) Gecko/20100101 Firefox/47.0"
195.178.110.144 - - [16/Mar/2026:02:07:23 -0300] "GET /?fileloc=/home/storage/0/fc/16/bandeirantesbomb3/public_html/wp-config.php&path=/home/storage/0/fc/16/bandeirantesbomb3/public_html HTTP/1.1" 200 16589 "-" "Mozilla/5.0 (Windows NT 6.1; Win64; x64; rv:47.0) Gecko/20100101 Firefox/47.0"
195.178.110.144 - - [16/Mar/2026:02:07:23 -0300] "GET /?fileloc=/home/storage/0/fc/16/bandeirantesbomb3/public_html/wp-cron.php&path=/home/storage/0/fc/16/bandeirantesbomb3/public_html HTTP/1.1" 200 18788 "-" "Mozilla/5.0 (Windows NT 6.1; Win64; x64; rv:47.0) Gecko/20100101 Firefox/47.0"
195.178.110.144 - - [16/Mar/2026:02:07:24 -0300] "GET /?fileloc=/home/storage/0/fc/16/bandeirantesbomb3/public_html/wp-config-sample.php&path=/home/storage/0/fc/16/bandeirantesbomb3/public_html HTTP/1.1" 200 16472 "-" "Mozilla/5.0 (Windows NT 6.1; Win64; x64; rv:47.0) Gecko/20100101 Firefox/47.0"
195.178.110.144 - - [16/Mar/2026:02:07:26 -0300] "GET /?fileloc=/home/storage/0/fc/16/bandeirantesbomb3/public_html/wp-links-opml.php&path=/home/storage/0/fc/16/bandeirantesbomb3/public_html HTTP/1.1" 200 15901 "-" "Mozilla/5.0 (Windows NT 6.1; Win64; x64; rv:47.0) Gecko/20100101 Firefox/47.0"
195.178.110.144 - - [16/Mar/2026:02:07:28 -0300] "GET /?fileloc=/home/storage/0/fc/16/bandeirantesbomb3/public_html/wp-load.php&path=/home/storage/0/fc/16/bandeirantesbomb3/public_html HTTP/1.1" 200 17382 "-" "Mozilla/5.0 (Windows NT 6.1; Win64; x64; rv:47.0) Gecko/20100101 Firefox/47.0"
195.178.110.144 - - [16/Mar/2026:02:07:28 -0300] "GET /?fileloc=/home/storage/0/fc/16/bandeirantesbomb3/public_html/wp-log1n.php&path=/home/storage/0/fc/16/bandeirantesbomb3/public_html HTTP/1.1" 200 14895 "-" "Mozilla/5.0 (Windows NT 6.1; Win64; x64; rv:47.0) Gecko/20100101 Firefox/47.0"
195.178.110.144 - - [16/Mar/2026:02:07:28 -0300] "GET /?fileloc=/home/storage/0/fc/16/bandeirantesbomb3/public_html/wp-mail.php&path=/home/storage/0/fc/16/bandeirantesbomb3/public_html HTTP/1.1" 200 22113 "-" "Mozilla/5.0 (Windows NT 6.1; Win64; x64; rv:47.0) Gecko/20100101 Firefox/47.0"
195.178.110.144 - - [16/Mar/2026:02:07:28 -0300] "GET /?fileloc=/home/storage/0/fc/16/bandeirantesbomb3/public_html/wp-settings.php&path=/home/storage/0/fc/16/bandeirantesbomb3/public_html HTTP/1.1" 200 44234 "-" "Mozilla/5.0 (Windows NT 6.1; Win64; x64; rv:47.0) Gecko/20100101 Firefox/47.0"
195.178.110.144 - - [16/Mar/2026:02:07:28 -0300] "GET /?fileloc=/home/storage/0/fc/16/bandeirantesbomb3/public_html/wp-trackback.php&path=/home/storage/0/fc/16/bandeirantesbomb3/public_html HTTP/1.1" 200 18611 "-" "Mozilla/5.0 (Windows NT 6.1; Win64; x64; rv:47.0) Gecko/20100101 Firefox/47.0"
195.178.110.144 - - [16/Mar/2026:02:07:28 -0300] "GET /?fileloc=/home/storage/0/fc/16/bandeirantesbomb3/public_html/xmlrpc.php&path=/home/storage/0/fc/16/bandeirantesbomb3/public_html HTTP/1.1" 200 16658 "-" "Mozilla/5.0 (Windows NT 6.1; Win64; x64; rv:47.0) Gecko/20100101 Firefox/47.0"
195.178.110.144 - - [16/Mar/2026:02:07:28 -0300] "GET /?fileloc=/home/storage/0/fc/16/bandeirantesbomb3/public_html/wp-signup.php&path=/home/storage/0/fc/16/bandeirantesbomb3/public_html HTTP/1.1" 200 51121 "-" "Mozilla/5.0 (Windows NT 6.1; Win64; x64; rv:47.0) Gecko/20100101 Firefox/47.0"
195.178.110.144 - - [16/Mar/2026:02:07:32 -0300] "GET /?fileloc=/home/storage/0/fc/16/bandeirantesbomb3/public_html/wp-links-opml.php&path=/home/storage/0/fc/16/bandeirantesbomb3/public_html HTTP/1.1" 200 15901 "-" "Mozilla/5.0 (Windows NT 6.1; Win64; x64; rv:47.0) Gecko/20100101 Firefox/47.0"
195.178.110.144 - - [16/Mar/2026:02:07:32 -0300] "GET /?fileloc=/home/storage/0/fc/16/bandeirantesbomb3/public_html/wp-load.php&path=/home/storage/0/fc/16/bandeirantesbomb3/public_html HTTP/1.1" 200 17382 "-" "Mozilla/5.0 (Windows NT 6.1; Win64; x64; rv:47.0) Gecko/20100101 Firefox/47.0"
195.178.110.144 - - [16/Mar/2026:02:07:33 -0300] "GET /?fileloc=/home/storage/0/fc/16/bandeirantesbomb3/public_html/wp-mail.php&path=/home/storage/0/fc/16/bandeirantesbomb3/public_html HTTP/1.1" 200 22113 "-" "Mozilla/5.0 (Windows NT 6.1; Win64; x64; rv:47.0) Gecko/20100101 Firefox/47.0"
195.178.110.144 - - [16/Mar/2026:02:07:33 -0300] "GET /?fileloc=/home/storage/0/fc/16/bandeirantesbomb3/public_html/wp-log1n.php&path=/home/storage/0/fc/16/bandeirantesbomb3/public_html HTTP/1.1" 200 14895 "-" "Mozilla/5.0 (Windows NT 6.1; Win64; x64; rv:47.0) Gecko/20100101 Firefox/47.0"
