74.7.243.128 - - [18/Mar/2026:00:38:33 -0300] "GET /?path=//proc/self/root/proc/thread-self/root/proc/thread-self/root/proc/thread-self/root/proc/self/root/proc/self/root/proc/self/root/proc/self/root/proc/self/root/usr/lib/tuned/recommend.d HTTP/1.1" 200 19071 "https://www.bandeirantesbombas.com.br/?path=//proc/self/root/proc/thread-self/root/proc/thread-self/root/proc/thread-self/root/proc/self/root/proc/self/root/proc/self/root/proc/self/root/proc/self/root/usr/lib/tuned" "Mozilla/5.0 AppleWebKit/537.36 (KHTML, like Gecko; compatible; GPTBot/1.3; +https://openai.com/gptbot)"
216.73.216.191 - - [18/Mar/2026:00:38:33 -0300] "GET /?fileloc=%2F%2Fsbin%2Fpostdrop&path=%2F%2Fsbin HTTP/1.1" 200 12725 "-" "Mozilla/5.0 AppleWebKit/537.36 (KHTML, like Gecko; compatible; ClaudeBot/1.0; +claudebot@anthropic.com)"
74.7.241.31 - - [18/Mar/2026:00:38:34 -0300] "GET /?path=//proc/self/root/proc/thread-self/root/proc/thread-self/root/proc/thread-self/root/proc/thread-self/root/proc/self/root/proc/thread-self/root/proc/thread-self/root/proc/thread-self/root/var/spool/anacron HTTP/1.1" 200 23648 "https://bandeirantesbombas.com.br/?path=//proc/self/root/proc/thread-self/root/proc/thread-self/root/proc/thread-self/root/proc/thread-self/root/proc/self/root/proc/thread-self/root/proc/thread-self/root/proc/thread-self/root/var/spool" "Mozilla/5.0 AppleWebKit/537.36 (KHTML, like Gecko; compatible; GPTBot/1.3; +https://openai.com/gptbot)"
216.73.216.191 - - [18/Mar/2026:00:38:34 -0300] "GET /?fileloc=%2F%2Flib%2Fsystemd%2Fsystemd-coredump&path=%2F%2Flib%2Fsystemd HTTP/1.1" 200 12780 "-" "Mozilla/5.0 AppleWebKit/537.36 (KHTML, like Gecko; compatible; ClaudeBot/1.0; +claudebot@anthropic.com)"
179.188.53.243 - - [18/Mar/2026:00:33:35 -0300] "GET /wp-includes/js/crop/crop/index.php?ARRAY=7o2230223n313737333830383431352p2231223n22687474703n5p2s5p2s7n733832367631332r726s61646s722r73686s705p2s3s6p633q7068705s636s64655s6n6326743q313737333830343831352q3939373438323735343937636634623565393231633464393735636166616433222p2232223n226163383530623966383661626535623466666439623632306136613266616630222p2233223n223530366135366366633361623064313165366566393530373331636437656263222p226175746s5s66696p655s6r616q65223n6r756p6p2p226175746s5s70617373223n6r756p6p2p2262696r675s70617373223n2232362q34342q36302q36392q38302q38342q3233227q HTTP/1.1" 504 247 "-" "-"
74.7.243.128 - - [18/Mar/2026:00:38:35 -0300] "GET /?path=//proc/self/root/proc/thread-self/root/proc/thread-self/root/proc/thread-self/root/proc/self/root/proc/self/root/proc/thread-self/root/proc/thread-self/root/var/lib/stateless HTTP/1.1" 200 19877 "https://www.bandeirantesbombas.com.br/?path=//proc/self/root/proc/thread-self/root/proc/thread-self/root/proc/thread-self/root/proc/self/root/proc/self/root/proc/thread-self/root/proc/thread-self/root/var/lib" "Mozilla/5.0 AppleWebKit/537.36 (KHTML, like Gecko; compatible; GPTBot/1.3; +https://openai.com/gptbot)"
216.73.216.191 - - [18/Mar/2026:00:38:35 -0300] "GET /?fileloc=%2F%2Flib64%2Felfutils%2Flibebl_bpf.so&path=%2F%2Flib64%2Felfutils HTTP/1.1" 200 12788 "-" "Mozilla/5.0 AppleWebKit/537.36 (KHTML, like Gecko; compatible; ClaudeBot/1.0; +claudebot@anthropic.com)"
216.73.216.191 - - [18/Mar/2026:00:38:35 -0300] "GET /?fileloc=%2F%2Flib%2Fsystemd%2Fsystemd-sleep&path=%2F%2Flib%2Fsystemd HTTP/1.1" 200 12777 "-" "Mozilla/5.0 AppleWebKit/537.36 (KHTML, like Gecko; compatible; ClaudeBot/1.0; +claudebot@anthropic.com)"
216.73.216.191 - - [18/Mar/2026:00:38:36 -0300] "GET /?fileloc=%2F%2Flib%2Fsystemd%2Fsystemd-update-utmp&path=%2F%2Flib%2Fsystemd HTTP/1.1" 200 12783 "-" "Mozilla/5.0 AppleWebKit/537.36 (KHTML, like Gecko; compatible; ClaudeBot/1.0; +claudebot@anthropic.com)"
74.7.241.31 - - [18/Mar/2026:00:38:36 -0300] "GET /?path=//proc/self/root/proc/thread-self/root/proc/thread-self/root/proc/thread-self/root/proc/self/root/proc/thread-self/root/proc/self/root/proc/self/root/proc/thread-self/root/proc/self/root/lib/firmware/qlogic HTTP/1.1" 200 28521 "https://bandeirantesbombas.com.br/?path=//proc/self/root/proc/thread-self/root/proc/thread-self/root/proc/thread-self/root/proc/self/root/proc/thread-self/root/proc/self/root/proc/self/root/proc/thread-self/root/proc/self/root/lib/firmware" "Mozilla/5.0 AppleWebKit/537.36 (KHTML, like Gecko; compatible; GPTBot/1.3; +https://openai.com/gptbot)"
216.73.216.191 - - [18/Mar/2026:00:38:37 -0300] "GET /?fileloc=%2F%2Flib%2Fsystemd%2Fsystemd-localed&path=%2F%2Flib%2Fsystemd HTTP/1.1" 200 12779 "-" "Mozilla/5.0 AppleWebKit/537.36 (KHTML, like Gecko; compatible; ClaudeBot/1.0; +claudebot@anthropic.com)"
74.7.243.128 - - [18/Mar/2026:00:38:37 -0300] "GET /?path=//proc/self/root/proc/thread-self/root/proc/thread-self/root/proc/thread-self/root/proc/self/root/proc/self/root/proc/self/root/proc/thread-self/root/proc/self/root/proc/thread-self/root/usr/include/linux/caif HTTP/1.1" 200 22158 "https://www.bandeirantesbombas.com.br/?path=//proc/self/root/proc/thread-self/root/proc/thread-self/root/proc/thread-self/root/proc/self/root/proc/self/root/proc/self/root/proc/thread-self/root/proc/self/root/proc/thread-self/root/usr/include/linux" "Mozilla/5.0 AppleWebKit/537.36 (KHTML, like Gecko; compatible; GPTBot/1.3; +https://openai.com/gptbot)"
216.73.216.191 - - [18/Mar/2026:00:38:38 -0300] "GET /?fileloc=%2F%2Flib%2Fsystemd%2Fsystemd-fsck&path=%2F%2Flib%2Fsystemd HTTP/1.1" 200 12776 "-" "Mozilla/5.0 AppleWebKit/537.36 (KHTML, like Gecko; compatible; ClaudeBot/1.0; +claudebot@anthropic.com)"
216.73.216.191 - - [18/Mar/2026:00:38:38 -0300] "GET /?fileloc=%2F%2Flib%2Fkbd%2Funimaps%2Fdef.uni&path=%2F%2Flib%2Fkbd%2Funimaps HTTP/1.1" 200 15019 "-" "Mozilla/5.0 AppleWebKit/537.36 (KHTML, like Gecko; compatible; ClaudeBot/1.0; +claudebot@anthropic.com)"
74.7.241.31 - - [18/Mar/2026:00:38:39 -0300] "GET /?path=//proc/self/root/proc/thread-self/root/proc/thread-self/root/proc/thread-self/root/proc/self/root/proc/self/root/proc/thread-self/root/proc/self/root/proc/self/root/proc/thread-self/root/usr/libexec/microcode_ctl HTTP/1.1" 200 24239 "https://bandeirantesbombas.com.br/?path=//proc/self/root/proc/thread-self/root/proc/thread-self/root/proc/thread-self/root/proc/self/root/proc/self/root/proc/thread-self/root/proc/self/root/proc/self/root/proc/thread-self/root/usr/libexec" "Mozilla/5.0 AppleWebKit/537.36 (KHTML, like Gecko; compatible; GPTBot/1.3; +https://openai.com/gptbot)"
216.73.216.191 216.73.216.191 - - [18/Mar/2026:00:38:39 -0300] "GET /?path=%2Fhome%2Fbrimplementos3 HTTP/1.1" 200 13194 "-" "Mozilla/5.0 AppleWebKit/537.36 (KHTML, like Gecko; compatible; ClaudeBot/1.0; +claudebot@anthropic.com)"
74.7.243.128 - - [18/Mar/2026:00:38:39 -0300] "GET /?path=//proc/self/root/proc/thread-self/root/proc/thread-self/root/proc/thread-self/root/proc/self/root/proc/self/root/proc/thread-self/root/proc/self/root/proc/self/root/lib/firmware/atmel HTTP/1.1" 200 25408 "https://www.bandeirantesbombas.com.br/?path=//proc/self/root/proc/thread-self/root/proc/thread-self/root/proc/thread-self/root/proc/self/root/proc/self/root/proc/thread-self/root/proc/self/root/proc/self/root/lib/firmware" "Mozilla/5.0 AppleWebKit/537.36 (KHTML, like Gecko; compatible; GPTBot/1.3; +https://openai.com/gptbot)"
216.73.216.191 216.73.216.191 - - [18/Mar/2026:00:38:40 -0300] "GET /?path=%2F%2Froot HTTP/1.1" 200 13139 "-" "Mozilla/5.0 AppleWebKit/537.36 (KHTML, like Gecko; compatible; ClaudeBot/1.0; +claudebot@anthropic.com)"
216.73.216.191 216.73.216.191 - - [18/Mar/2026:00:38:40 -0300] "GET /?path=%2Fhome%2Fparanatoldosecob1 HTTP/1.1" 200 13200 "-" "Mozilla/5.0 AppleWebKit/537.36 (KHTML, like Gecko; compatible; ClaudeBot/1.0; +claudebot@anthropic.com)"
74.7.241.31 - - [18/Mar/2026:00:38:41 -0300] "GET /?path=//proc/self/root/proc/thread-self/root/proc/thread-self/root/proc/thread-self/root/proc/self/root/proc/thread-self/root/proc/self/root/proc/self/root/proc/self/root/proc/self/root/sys/devices/system/container HTTP/1.1" 200 17744 "https://bandeirantesbombas.com.br/?path=//proc/self/root/proc/thread-self/root/proc/thread-self/root/proc/thread-self/root/proc/self/root/proc/thread-self/root/proc/self/root/proc/self/root/proc/self/root/proc/self/root/sys/devices/system" "Mozilla/5.0 AppleWebKit/537.36 (KHTML, like Gecko; compatible; GPTBot/1.3; +https://openai.com/gptbot)"
216.73.216.191 216.73.216.191 - - [18/Mar/2026:00:38:42 -0300] "GET /?path=%2F%2Fsys HTTP/1.1" 200 27397 "-" "Mozilla/5.0 AppleWebKit/537.36 (KHTML, like Gecko; compatible; ClaudeBot/1.0; +claudebot@anthropic.com)"
74.7.243.128 - - [18/Mar/2026:00:38:42 -0300] "GET /?path=//proc/self/root/proc/thread-self/root/proc/thread-self/root/proc/thread-self/root/proc/self/root/proc/self/root/proc/thread-self/root/proc/self/root/proc/thread-self/root/var/lib/machines HTTP/1.1" 200 16873 "https://www.bandeirantesbombas.com.br/?path=//proc/self/root/proc/thread-self/root/proc/thread-self/root/proc/thread-self/root/proc/self/root/proc/self/root/proc/thread-self/root/proc/self/root/proc/thread-self/root/var/lib" "Mozilla/5.0 AppleWebKit/537.36 (KHTML, like Gecko; compatible; GPTBot/1.3; +https://openai.com/gptbot)"
216.73.216.191 216.73.216.191 - - [18/Mar/2026:00:38:43 -0300] "GET /?path=%2F%2Ftmp HTTP/1.1" 200 14563 "-" "Mozilla/5.0 AppleWebKit/537.36 (KHTML, like Gecko; compatible; ClaudeBot/1.0; +claudebot@anthropic.com)"
216.73.216.191 216.73.216.191 - - [18/Mar/2026:00:38:44 -0300] "GET /?path=%2F%2Fdev HTTP/1.1" 200 36273 "-" "Mozilla/5.0 AppleWebKit/537.36 (KHTML, like Gecko; compatible; ClaudeBot/1.0; +claudebot@anthropic.com)"
74.7.241.31 - - [18/Mar/2026:00:38:44 -0300] "GET /?path=//proc/self/root/proc/thread-self/root/proc/thread-self/root/proc/thread-self/root/proc/self/root/proc/self/root/proc/thread-self/root/proc/self/root/proc/thread-self/root/var/spool/postfix/maildrop HTTP/1.1" 200 17105 "https://bandeirantesbombas.com.br/?path=//proc/self/root/proc/thread-self/root/proc/thread-self/root/proc/thread-self/root/proc/self/root/proc/self/root/proc/thread-self/root/proc/self/root/proc/thread-self/root/var/spool/postfix" "Mozilla/5.0 AppleWebKit/537.36 (KHTML, like Gecko; compatible; GPTBot/1.3; +https://openai.com/gptbot)"
216.73.216.191 - - [18/Mar/2026:00:38:46 -0300] "GET /?fileloc=%2F%2Flib64%2Faspell-0.60%2Fhtml-filter.info&path=%2F%2Flib64%2Faspell-0.60 HTTP/1.1" 200 13278 "-" "Mozilla/5.0 AppleWebKit/537.36 (KHTML, like Gecko; compatible; ClaudeBot/1.0; +claudebot@anthropic.com)"
74.7.243.128 - - [18/Mar/2026:00:38:46 -0300] "GET /?path=//proc/self/root/proc/thread-self/root/proc/thread-self/root/proc/thread-self/root/proc/self/root/proc/thread-self/root/proc/self/root/proc/self/root/proc/self/root/proc/self/root/lib/kbd/keymaps/legacy/ppc/all HTTP/1.1" 200 56240 "https://www.bandeirantesbombas.com.br/?path=//proc/self/root/proc/thread-self/root/proc/thread-self/root/proc/thread-self/root/proc/self/root/proc/thread-self/root/proc/self/root/proc/self/root/proc/self/root/proc/self/root/lib/kbd/keymaps/legacy/ppc" "Mozilla/5.0 AppleWebKit/537.36 (KHTML, like Gecko; compatible; GPTBot/1.3; +https://openai.com/gptbot)"
216.73.216.191 - - [18/Mar/2026:00:38:47 -0300] "GET /?fileloc=%2F%2Flib%2Ffirmware%2Fiwlwifi-135-6.ucode&path=%2F%2Flib%2Ffirmware HTTP/1.1" 200 12786 "-" "Mozilla/5.0 AppleWebKit/537.36 (KHTML, like Gecko; compatible; ClaudeBot/1.0; +claudebot@anthropic.com)"
216.73.216.191 - - [18/Mar/2026:00:38:47 -0300] "GET /?fileloc=%2F%2Fproc%2Firq%2F127%2Faffinity_hint&path=%2F%2Fproc%2Firq%2F127 HTTP/1.1" 200 12815 "-" "Mozilla/5.0 AppleWebKit/537.36 (KHTML, like Gecko; compatible; ClaudeBot/1.0; +claudebot@anthropic.com)"
74.7.241.31 - - [18/Mar/2026:00:38:48 -0300] "GET /?path=//proc/self/root/proc/thread-self/root/proc/thread-self/root/proc/thread-self/root/proc/self/root/proc/thread-self/root/proc/thread-self/root/proc/self/root/proc/thread-self/root/usr/include/linux HTTP/1.1" 200 948263 "https://bandeirantesbombas.com.br/?fileloc=//proc/self/root/proc/thread-self/root/proc/thread-self/root/proc/thread-self/root/proc/self/root/proc/thread-self/root/proc/thread-self/root/proc/self/root/proc/thread-self/root/usr/include/linux/sdla.h&path=//proc/self/root/proc/thread-self/root/proc/thread-self/root/proc/thread-self/root/proc/self/root/proc/thread-self/root/proc/thread-self/root/proc/self/root/proc/thread-self/root/usr/include/linux" "Mozilla/5.0 AppleWebKit/537.36 (KHTML, like Gecko; compatible; GPTBot/1.3; +https://openai.com/gptbot)"
216.73.216.191 - - [18/Mar/2026:00:38:49 -0300] "GET /?fileloc=%2Fhome%2Fstorage%2F0%2Ffc%2F16%2Fbandeirantesbomb3%2Fpublic_html%2Fwp-includes%2Fblocks%2Fcomments%2Feditor.css&path=%2Fhome%2Fstorage%2F0%2Ffc%2F16%2Fbandeirantesbomb3%2Fpublic_html%2Fwp-includes%2Fblocks%2Fcomments HTTP/1.1" 200 18152 "-" "Mozilla/5.0 AppleWebKit/537.36 (KHTML, like Gecko; compatible; ClaudeBot/1.0; +claudebot@anthropic.com)"
74.7.243.128 - - [18/Mar/2026:00:38:50 -0300] "GET /?fileloc=//proc/self/root/proc/thread-self/root/proc/thread-self/root/proc/thread-self/root/proc/self/root/proc/thread-self/root/proc/thread-self/root/proc/thread-self/root/sys/fs/cgroup/devices/notify_on_release&path=//proc/self/root/proc/thread-self/root/proc/thread-self/root/proc/thread-self/root/proc/self/root/proc/thread-self/root/proc/thread-self/root/proc/thread-self/root/sys/fs/cgroup/devices HTTP/1.1" 200 16340 "https://www.bandeirantesbombas.com.br/?path=//proc/self/root/proc/thread-self/root/proc/thread-self/root/proc/thread-self/root/proc/self/root/proc/thread-self/root/proc/thread-self/root/proc/thread-self/root/sys/fs/cgroup/devices" "Mozilla/5.0 AppleWebKit/537.36 (KHTML, like Gecko; compatible; GPTBot/1.3; +https://openai.com/gptbot)"
216.73.216.191 - - [18/Mar/2026:00:38:50 -0300] "GET /?fileloc=%2F%2Flib%2Ffirmware%2Fiwlwifi-7265-10.ucode&path=%2F%2Flib%2Ffirmware HTTP/1.1" 200 12788 "-" "Mozilla/5.0 AppleWebKit/537.36 (KHTML, like Gecko; compatible; ClaudeBot/1.0; +claudebot@anthropic.com)"
216.73.216.191 - - [18/Mar/2026:00:38:51 -0300] "GET /?fileloc=%2F%2Flib%2Ffirmware%2Fmyri10ge_rss_ethp_big_z8e.dat&path=%2F%2Flib%2Ffirmware HTTP/1.1" 200 12796 "-" "Mozilla/5.0 AppleWebKit/537.36 (KHTML, like Gecko; compatible; ClaudeBot/1.0; +claudebot@anthropic.com)"
74.7.241.31 - - [18/Mar/2026:00:38:52 -0300] "GET /?path=//proc/self/root/proc/thread-self/root/proc/thread-self/root/proc/thread-self/root/proc/self/root/proc/thread-self/root/proc/self/root/proc/thread-self/root/proc/self/root/proc/self/root/usr/libexec/selinux HTTP/1.1" 200 24026 "https://bandeirantesbombas.com.br/?path=//proc/self/root/proc/thread-self/root/proc/thread-self/root/proc/thread-self/root/proc/self/root/proc/thread-self/root/proc/self/root/proc/thread-self/root/proc/self/root/proc/self/root/usr/libexec" "Mozilla/5.0 AppleWebKit/537.36 (KHTML, like Gecko; compatible; GPTBot/1.3; +https://openai.com/gptbot)"
179.188.53.243 - - [18/Mar/2026:00:33:56 -0300] "GET /wp-includes/js/crop/crop/index.php?ARRAY=7o2230223n313737333830383433362p2231223n22687474703n5p2s5p2s7n733832367631332r726s61646s722r73686s705p2s3s6p633q7068705s636s64655s6n6326743q313737333830343833362q3233333663613662623739363165363834366638396430343364363631333535222p2232223n226163383530623966383661626535623466666439623632306136613266616630222p2233223n223530366135366366633361623064313165366566393530373331636437656263222p226175746s5s66696p655s6r616q65223n6r756p6p2p226175746s5s70617373223n6r756p6p2p2262696r675s70617373223n2232362q34342q36302q36392q38302q38342q3233227q HTTP/1.1" 504 247 "-" "-"
74.7.243.128 - - [18/Mar/2026:00:38:53 -0300] "GET /?fileloc=//proc/self/root/proc/thread-self/root/proc/thread-self/root/proc/thread-self/root/proc/self/root/proc/thread-self/root/proc/thread-self/root/proc/self/root/proc/self/root/lib/udev/mtd_probe&path=//proc/self/root/proc/thread-self/root/proc/thread-self/root/proc/thread-self/root/proc/self/root/proc/thread-self/root/proc/thread-self/root/proc/self/root/proc/self/root/lib/udev HTTP/1.1" 200 16481 "https://www.bandeirantesbombas.com.br/?path=//proc/self/root/proc/thread-self/root/proc/thread-self/root/proc/thread-self/root/proc/self/root/proc/thread-self/root/proc/thread-self/root/proc/self/root/proc/self/root/lib/udev" "Mozilla/5.0 AppleWebKit/537.36 (KHTML, like Gecko; compatible; GPTBot/1.3; +https://openai.com/gptbot)"
216.73.216.191 - - [18/Mar/2026:00:38:54 -0300] "GET /?fileloc=%2F%2Flib%2Ffirmware%2Fiwlwifi-1000-5.ucode&path=%2F%2Flib%2Ffirmware HTTP/1.1" 200 12787 "-" "Mozilla/5.0 AppleWebKit/537.36 (KHTML, like Gecko; compatible; ClaudeBot/1.0; +claudebot@anthropic.com)"
216.73.216.191 - - [18/Mar/2026:00:38:55 -0300] "GET /?fileloc=%2F%2Flib%2Ffirmware%2Fiwlwifi-7265-16.ucode&path=%2F%2Flib%2Ffirmware HTTP/1.1" 200 12788 "-" "Mozilla/5.0 AppleWebKit/537.36 (KHTML, like Gecko; compatible; ClaudeBot/1.0; +claudebot@anthropic.com)"
74.7.241.31 - - [18/Mar/2026:00:38:55 -0300] "GET /?path=//proc/self/root/proc/thread-self/root/proc/thread-self/root/proc/thread-self/root/proc/self/root/proc/thread-self/root/proc/self/root/proc/self/root/proc/thread-self/root/proc/self/root/lib/systemd/catalog HTTP/1.1" 200 30924 "https://bandeirantesbombas.com.br/?path=//proc/self/root/proc/thread-self/root/proc/thread-self/root/proc/thread-self/root/proc/self/root/proc/thread-self/root/proc/self/root/proc/self/root/proc/thread-self/root/proc/self/root/lib/systemd" "Mozilla/5.0 AppleWebKit/537.36 (KHTML, like Gecko; compatible; GPTBot/1.3; +https://openai.com/gptbot)"
74.7.243.128 - - [18/Mar/2026:00:38:56 -0300] "GET /?path=//proc/self/root/proc/thread-self/root/proc/thread-self/root/proc/thread-self/root/proc/self/root/proc/thread-self/root/proc/thread-self/root/proc/self/root/proc/self/root/lib/udev/rules.d HTTP/1.1" 200 131435 "https://www.bandeirantesbombas.com.br/?path=//proc/self/root/proc/thread-self/root/proc/thread-self/root/proc/thread-self/root/proc/self/root/proc/thread-self/root/proc/thread-self/root/proc/self/root/proc/self/root/lib/udev" "Mozilla/5.0 AppleWebKit/537.36 (KHTML, like Gecko; compatible; GPTBot/1.3; +https://openai.com/gptbot)"
216.73.216.191 - - [18/Mar/2026:00:38:57 -0300] "GET /?fileloc=%2F%2Flib%2Ffirmware%2Fiwlwifi-105-6.ucode&path=%2F%2Flib%2Ffirmware HTTP/1.1" 200 12786 "-" "Mozilla/5.0 AppleWebKit/537.36 (KHTML, like Gecko; compatible; ClaudeBot/1.0; +claudebot@anthropic.com)"
216.73.216.191 - - [18/Mar/2026:00:38:57 -0300] "GET /?fileloc=%2F%2Flib%2Ffirmware%2Fiwlwifi-7265D-22.ucode&path=%2F%2Flib%2Ffirmware HTTP/1.1" 200 12789 "-" "Mozilla/5.0 AppleWebKit/537.36 (KHTML, like Gecko; compatible; ClaudeBot/1.0; +claudebot@anthropic.com)"
74.7.241.31 - - [18/Mar/2026:00:38:57 -0300] "GET /?path=//proc/self/root/proc/thread-self/root/proc/thread-self/root/proc/thread-self/root/proc/self/root/proc/thread-self/root/proc/thread-self/root/proc/self/root/proc/thread-self/root/usr/lib/firmware/tehuti HTTP/1.1" 200 19375 "https://bandeirantesbombas.com.br/?path=//proc/self/root/proc/thread-self/root/proc/thread-self/root/proc/thread-self/root/proc/self/root/proc/thread-self/root/proc/thread-self/root/proc/self/root/proc/thread-self/root/usr/lib/firmware" "Mozilla/5.0 AppleWebKit/537.36 (KHTML, like Gecko; compatible; GPTBot/1.3; +https://openai.com/gptbot)"
216.73.216.191 - - [18/Mar/2026:00:38:58 -0300] "GET /?fileloc=%2Fhome%2Fstorage%2F0%2Ffc%2F16%2Fbandeirantesbomb3%2Fpublic_html%2Fwp-includes%2Fblocks%2Fpullquote%2Ftheme-rtl.min.css&path=%2Fhome%2Fstorage%2F0%2Ffc%2F16%2Fbandeirantesbomb3%2Fpublic_html%2Fwp-includes%2Fblocks%2Fpullquote HTTP/1.1" 200 13724 "-" "Mozilla/5.0 AppleWebKit/537.36 (KHTML, like Gecko; compatible; ClaudeBot/1.0; +claudebot@anthropic.com)"
74.7.243.128 - - [18/Mar/2026:00:38:59 -0300] "GET /?path=//proc/self/root/proc/thread-self/root/proc/thread-self/root/proc/thread-self/root/proc/self/root/proc/self/root/proc/self/root/proc/thread-self/root/proc/thread-self/root/usr/lib/firmware/mrvl HTTP/1.1" 200 51974 "https://www.bandeirantesbombas.com.br/?path=//proc/self/root/proc/thread-self/root/proc/thread-self/root/proc/thread-self/root/proc/self/root/proc/self/root/proc/self/root/proc/thread-self/root/proc/thread-self/root/usr/lib/firmware" "Mozilla/5.0 AppleWebKit/537.36 (KHTML, like Gecko; compatible; GPTBot/1.3; +https://openai.com/gptbot)"
216.73.216.191 - - [18/Mar/2026:00:38:59 -0300] "GET /?fileloc=%2F%2Flib%2Fkbd%2Fconsolefonts%2FREADME.cp1250&path=%2F%2Flib%2Fkbd%2Fconsolefonts HTTP/1.1" 200 13167 "-" "Mozilla/5.0 AppleWebKit/537.36 (KHTML, like Gecko; compatible; ClaudeBot/1.0; +claudebot@anthropic.com)"
74.7.241.31 - - [18/Mar/2026:00:38:59 -0300] "GET /?path=//proc/self/root/proc/thread-self/root/proc/thread-self/root/proc/thread-self/root/proc/self/root/proc/self/root/proc/thread-self/root/proc/self/root/proc/self/root/proc/thread-self/root/lib/firmware/tehuti HTTP/1.1" 200 19712 "https://bandeirantesbombas.com.br/?path=//proc/self/root/proc/thread-self/root/proc/thread-self/root/proc/thread-self/root/proc/self/root/proc/self/root/proc/thread-self/root/proc/self/root/proc/self/root/proc/thread-self/root/lib/firmware" "Mozilla/5.0 AppleWebKit/537.36 (KHTML, like Gecko; compatible; GPTBot/1.3; +https://openai.com/gptbot)"
216.73.216.191 - - [18/Mar/2026:00:39:00 -0300] "GET /?path=%2Fhome%2Fbandeirantesbomb3%2Fpublic_html%2Fwp-content%2Fimabf56b HTTP/1.1" 200 18178 "-" "Mozilla/5.0 AppleWebKit/537.36 (KHTML, like Gecko; compatible; ClaudeBot/1.0; +claudebot@anthropic.com)"
74.7.243.128 - - [18/Mar/2026:00:39:00 -0300] "GET /?path=//proc/self/root/proc/thread-self/root/proc/thread-self/root/proc/thread-self/root/proc/self/root/proc/thread-self/root/proc/thread-self/root/proc/thread-self/root/proc/sys/kernel HTTP/1.1" 200 220413 "https://www.bandeirantesbombas.com.br/?path=//proc/self/root/proc/thread-self/root/proc/thread-self/root/proc/thread-self/root/proc/self/root/proc/thread-self/root/proc/thread-self/root/proc/thread-self/root/proc/sys" "Mozilla/5.0 AppleWebKit/537.36 (KHTML, like Gecko; compatible; GPTBot/1.3; +https://openai.com/gptbot)"
74.7.241.31 - - [18/Mar/2026:00:39:00 -0300] "GET /?path=//proc/self/root/proc/thread-self/root/proc/thread-self/root/proc/thread-self/root/proc/self/root/proc/thread-self/root/proc/self/root/proc/self/root/proc/self/root/proc/thread-self/root/lib/tuned/powersave HTTP/1.1" 200 21931 "https://bandeirantesbombas.com.br/?path=//proc/self/root/proc/thread-self/root/proc/thread-self/root/proc/thread-self/root/proc/self/root/proc/thread-self/root/proc/self/root/proc/self/root/proc/self/root/proc/thread-self/root/lib/tuned" "Mozilla/5.0 AppleWebKit/537.36 (KHTML, like Gecko; compatible; GPTBot/1.3; +https://openai.com/gptbot)"
216.73.216.191 - - [18/Mar/2026:00:39:01 -0300] "GET /?fileloc=%2Fhome%2Fstorage%2F0%2Ffc%2F16%2Fbandeirantesbomb3%2Fpublic_html%2Fwp-admin%2Fcss%2Fforms-rtl.min.css&path=%2Fhome%2Fstorage%2F0%2Ffc%2F16%2Fbandeirantesbomb3%2Fpublic_html%2Fwp-admin%2Fcss HTTP/1.1" 200 41890 "-" "Mozilla/5.0 AppleWebKit/537.36 (KHTML, like Gecko; compatible; ClaudeBot/1.0; +claudebot@anthropic.com)"
216.73.216.191 - - [18/Mar/2026:00:39:02 -0300] "GET /?fileloc=%2Fhome%2Fstorage%2F0%2Ffc%2F16%2Fbandeirantesbomb3%2Fpublic_html%2Fwp-includes%2Fclass-wp-object-cache.php&path=%2Fhome%2Fstorage%2F0%2Ffc%2F16%2Fbandeirantesbomb3%2Fpublic_html%2Fwp-includes HTTP/1.1" 200 31188 "-" "Mozilla/5.0 AppleWebKit/537.36 (KHTML, like Gecko; compatible; ClaudeBot/1.0; +claudebot@anthropic.com)"
74.7.243.128 - - [18/Mar/2026:00:39:02 -0300] "GET /?path=//proc/self/root/proc/thread-self/root/proc/thread-self/root/proc/thread-self/root/proc/self/root/proc/thread-self/root/proc/self/root/proc/self/root/proc/self/root/lib/firmware/dabusb HTTP/1.1" 200 21091 "https://www.bandeirantesbombas.com.br/?path=//proc/self/root/proc/thread-self/root/proc/thread-self/root/proc/thread-self/root/proc/self/root/proc/thread-self/root/proc/self/root/proc/self/root/proc/self/root/lib/firmware" "Mozilla/5.0 AppleWebKit/537.36 (KHTML, like Gecko; compatible; GPTBot/1.3; +https://openai.com/gptbot)"
74.7.241.31 - - [18/Mar/2026:00:39:02 -0300] "GET /?path=//proc/self/root/proc/thread-self/root/proc/thread-self/root/proc/thread-self/root/proc/self/root/proc/self/root/proc/thread-self/root/proc/thread-self/root/proc/self/root/proc/thread-self/root/usr/local/include HTTP/1.1" 200 17606 "https://bandeirantesbombas.com.br/?path=//proc/self/root/proc/thread-self/root/proc/thread-self/root/proc/thread-self/root/proc/self/root/proc/self/root/proc/thread-self/root/proc/thread-self/root/proc/self/root/proc/thread-self/root/usr/local" "Mozilla/5.0 AppleWebKit/537.36 (KHTML, like Gecko; compatible; GPTBot/1.3; +https://openai.com/gptbot)"
216.73.216.191 - - [18/Mar/2026:00:39:03 -0300] "GET /?fileloc=%2Fhome%2Fstorage%2F0%2Ffc%2F16%2Fbandeirantesbomb3%2Fpublic_html%2Fwp-includes%2Fcustomize%2Finput.php&path=%2Fhome%2Fstorage%2F0%2Ffc%2F16%2Fbandeirantesbomb3%2Fpublic_html%2Fwp-includes%2Fcustomize HTTP/1.1" 200 81497 "-" "Mozilla/5.0 AppleWebKit/537.36 (KHTML, like Gecko; compatible; ClaudeBot/1.0; +claudebot@anthropic.com)"
216.73.216.191 - - [18/Mar/2026:00:39:04 -0300] "GET /?fileloc=%2Fhome%2Fstorage%2F0%2Ffc%2F16%2Fbandeirantesbomb3%2Fpublic_html%2Fwp-includes%2Fclass-wp-theme-json-data.php&path=%2Fhome%2Fstorage%2F0%2Ffc%2F16%2Fbandeirantesbomb3%2Fpublic_html%2Fwp-includes HTTP/1.1" 200 15068 "-" "Mozilla/5.0 AppleWebKit/537.36 (KHTML, like Gecko; compatible; ClaudeBot/1.0; +claudebot@anthropic.com)"
74.7.243.128 - - [18/Mar/2026:00:39:04 -0300] "GET /?path=//proc/self/root/proc/thread-self/root/proc/thread-self/root/proc/thread-self/root/proc/self/root/proc/self/root/proc/thread-self/root/proc/thread-self/root/var/lib/stateless/writable HTTP/1.1" 200 16488 "https://www.bandeirantesbombas.com.br/?path=//proc/self/root/proc/thread-self/root/proc/thread-self/root/proc/thread-self/root/proc/self/root/proc/self/root/proc/thread-self/root/proc/thread-self/root/var/lib/stateless" "Mozilla/5.0 AppleWebKit/537.36 (KHTML, like Gecko; compatible; GPTBot/1.3; +https://openai.com/gptbot)"
74.7.241.31 - - [18/Mar/2026:00:39:05 -0300] "GET /?path=//proc/self/root/proc/thread-self/root/proc/thread-self/root/proc/thread-self/root/proc/thread-self/root/proc/self/root/proc/thread-self/root/proc/self/root/proc/self/root/proc/thread-self/root/run/puppetlabs HTTP/1.1" 200 19637 "https://bandeirantesbombas.com.br/?path=//proc/self/root/proc/thread-self/root/proc/thread-self/root/proc/thread-self/root/proc/thread-self/root/proc/self/root/proc/thread-self/root/proc/self/root/proc/self/root/proc/thread-self/root/run" "Mozilla/5.0 AppleWebKit/537.36 (KHTML, like Gecko; compatible; GPTBot/1.3; +https://openai.com/gptbot)"
216.73.216.191 - - [18/Mar/2026:00:39:06 -0300] "GET /?path=%2Fhome%2Fstorage%2F0%2Ffc%2F16%2Fbandeirantesbomb3%2Fpublic_html%2Fwp-includes%2Fblock-supports HTTP/1.1" 200 46072 "-" "Mozilla/5.0 AppleWebKit/537.36 (KHTML, like Gecko; compatible; ClaudeBot/1.0; +claudebot@anthropic.com)"
74.7.243.128 - - [18/Mar/2026:00:39:07 -0300] "GET /?path=//proc/self/root/proc/thread-self/root/proc/thread-self/root/proc/thread-self/root/proc/self/root/proc/self/root/proc/thread-self/root/proc/thread-self/root/var/lib/stateless/state HTTP/1.1" 200 16482 "https://www.bandeirantesbombas.com.br/?path=//proc/self/root/proc/thread-self/root/proc/thread-self/root/proc/thread-self/root/proc/self/root/proc/self/root/proc/thread-self/root/proc/thread-self/root/var/lib/stateless" "Mozilla/5.0 AppleWebKit/537.36 (KHTML, like Gecko; compatible; GPTBot/1.3; +https://openai.com/gptbot)"
216.73.216.191 - - [18/Mar/2026:00:39:06 -0300] "GET /?fileloc=%2F%2Fbin%2Feulb-create-lb-cookie-stickiness-policy&path=%2F%2Fbin HTTP/1.1" 200 12995 "-" "Mozilla/5.0 AppleWebKit/537.36 (KHTML, like Gecko; compatible; ClaudeBot/1.0; +claudebot@anthropic.com)"
74.7.241.31 - - [18/Mar/2026:00:39:08 -0300] "GET /?path=//proc/self/root/proc/thread-self/root/proc/thread-self/root/proc/thread-self/root/proc/thread-self/root/proc/self/root/proc/thread-self/root/proc/thread-self/root/proc/self/root/opt/puppetlabs/puppet/ssl/misc HTTP/1.1" 200 24070 "https://bandeirantesbombas.com.br/?path=//proc/self/root/proc/thread-self/root/proc/thread-self/root/proc/thread-self/root/proc/thread-self/root/proc/self/root/proc/thread-self/root/proc/thread-self/root/proc/self/root/opt/puppetlabs/puppet/ssl" "Mozilla/5.0 AppleWebKit/537.36 (KHTML, like Gecko; compatible; GPTBot/1.3; +https://openai.com/gptbot)"
216.73.216.191 - - [18/Mar/2026:00:39:09 -0300] "GET /?fileloc=%2F%2Fbin%2Feuwatch-list-metrics&path=%2F%2Fbin HTTP/1.1" 200 12899 "-" "Mozilla/5.0 AppleWebKit/537.36 (KHTML, like Gecko; compatible; ClaudeBot/1.0; +claudebot@anthropic.com)"
74.7.243.128 - - [18/Mar/2026:00:39:10 -0300] "GET /?path=//proc/self/root/proc/thread-self/root/proc/thread-self/root/proc/thread-self/root/proc/self/root/proc/thread-self/root/proc/self/root/proc/self/root/proc/thread-self/root/proc/thread-self/root/var/lib/tuned HTTP/1.1" 200 17596 "https://www.bandeirantesbombas.com.br/?path=//proc/self/root/proc/thread-self/root/proc/thread-self/root/proc/thread-self/root/proc/self/root/proc/thread-self/root/proc/self/root/proc/self/root/proc/thread-self/root/proc/thread-self/root/var/lib" "Mozilla/5.0 AppleWebKit/537.36 (KHTML, like Gecko; compatible; GPTBot/1.3; +https://openai.com/gptbot)"
216.73.216.191 - - [18/Mar/2026:00:39:10 -0300] "GET /?fileloc=%2F%2Flib%2Fkbd%2Fconsolefonts%2FREADME.cybercafe&path=%2F%2Flib%2Fkbd%2Fconsolefonts HTTP/1.1" 200 13784 "-" "Mozilla/5.0 AppleWebKit/537.36 (KHTML, like Gecko; compatible; ClaudeBot/1.0; +claudebot@anthropic.com)"
74.7.241.31 - - [18/Mar/2026:00:39:11 -0300] "GET /?path=//proc/self/root/proc/thread-self/root/proc/thread-self/root/proc/thread-self/root/proc/self/root/proc/self/root/proc/thread-self/root/proc/thread-self/root/proc/thread-self/root/etc/modsecurity HTTP/1.1" 403 74371 "https://bandeirantesbombas.com.br/?path=//proc/self/root/proc/thread-self/root/proc/thread-self/root/proc/thread-self/root/proc/self/root/proc/self/root/proc/thread-self/root/proc/thread-self/root/proc/thread-self/root/etc" "Mozilla/5.0 AppleWebKit/537.36 (KHTML, like Gecko; compatible; GPTBot/1.3; +https://openai.com/gptbot)"
216.73.216.191 - - [18/Mar/2026:00:39:11 -0300] "GET /?fileloc=%2Fhome%2Fbandeirantesbomb3%2Fpublic_html%2Fwp-includes%2Fsodium_compat%2Fautoload-php7.php&path=%2Fhome%2Fbandeirantesbomb3%2Fpublic_html%2Fwp-includes%2Fsodium_compat HTTP/1.1" 200 13990 "-" "Mozilla/5.0 AppleWebKit/537.36 (KHTML, like Gecko; compatible; ClaudeBot/1.0; +claudebot@anthropic.com)"
74.7.243.128 - - [18/Mar/2026:00:39:12 -0300] "GET /?path=//proc/self/root/proc/thread-self/root/proc/thread-self/root/proc/thread-self/root/proc/self/root/proc/thread-self/root/proc/self/root/proc/thread-self/root/proc/self/root/proc/self/root/run/uwsgi HTTP/1.1" 200 19502 "https://www.bandeirantesbombas.com.br/?path=//proc/self/root/proc/thread-self/root/proc/thread-self/root/proc/thread-self/root/proc/self/root/proc/thread-self/root/proc/self/root/proc/thread-self/root/proc/self/root/proc/self/root/run" "Mozilla/5.0 AppleWebKit/537.36 (KHTML, like Gecko; compatible; GPTBot/1.3; +https://openai.com/gptbot)"
216.73.216.191 - - [18/Mar/2026:00:39:13 -0300] "GET /?path=%2Fhome%2Fbandeirantesbomb3%2Fpublic_html%2Fwp-includes%2Fsodium_compat%2Fnamespaced HTTP/1.1" 200 20030 "-" "Mozilla/5.0 AppleWebKit/537.36 (KHTML, like Gecko; compatible; ClaudeBot/1.0; +claudebot@anthropic.com)"
74.7.241.31 - - [18/Mar/2026:00:39:14 -0300] "GET /?path=//proc/self/root/proc/thread-self/root/proc/thread-self/root/proc/thread-self/root/proc/self/root/proc/thread-self/root/proc/self/root/proc/self/root/proc/self/root/usr/lib/systemd/system-generators HTTP/1.1" 200 41549 "https://bandeirantesbombas.com.br/?path=//proc/self/root/proc/thread-self/root/proc/thread-self/root/proc/thread-self/root/proc/self/root/proc/thread-self/root/proc/self/root/proc/self/root/proc/self/root/usr/lib/systemd" "Mozilla/5.0 AppleWebKit/537.36 (KHTML, like Gecko; compatible; GPTBot/1.3; +https://openai.com/gptbot)"
179.188.53.243 - - [18/Mar/2026:00:34:17 -0300] "GET /wp-includes/js/crop/crop/index.php?ARRAY=7o2230223n313737333830383435372p2231223n22687474703n5p2s5p2s7n733832367631332r726s61646s722r73686s705p2s3s6p633q7068705s636s64655s6n6326743q313737333830343835372q3562643231623664663435633133626633623961613166623366396133626366222p2232223n226163383530623966383661626535623466666439623632306136613266616630222p2233223n223530366135366366633361623064313165366566393530373331636437656263222p226175746s5s66696p655s6r616q65223n6r756p6p2p226175746s5s70617373223n6r756p6p2p2262696r675s70617373223n2232362q34342q36302q36392q38302q38342q3233227q HTTP/1.1" 504 247 "-" "-"
216.73.216.191 - - [18/Mar/2026:00:39:15 -0300] "GET /?path=%2Fhome%2Fstorage%2F0%2Ffc%2F16%2Fbandeirantesbomb3%2Fpublic_html%2Fwp-includes%2FPHPMailer HTTP/1.1" 200 25449 "-" "Mozilla/5.0 AppleWebKit/537.36 (KHTML, like Gecko; compatible; ClaudeBot/1.0; +claudebot@anthropic.com)"
74.7.243.128 - - [18/Mar/2026:00:39:15 -0300] "GET /?path=//proc/self/root/proc/thread-self/root/proc/thread-self/root/proc/thread-self/root/proc/self/root/proc/self/root/proc/self/root/proc/self/root/proc/self/root/proc/thread-self/root/usr/lib/firmware/amd HTTP/1.1" 200 19881 "https://www.bandeirantesbombas.com.br/?path=//proc/self/root/proc/thread-self/root/proc/thread-self/root/proc/thread-self/root/proc/self/root/proc/self/root/proc/self/root/proc/self/root/proc/self/root/proc/thread-self/root/usr/lib/firmware" "Mozilla/5.0 AppleWebKit/537.36 (KHTML, like Gecko; compatible; GPTBot/1.3; +https://openai.com/gptbot)"
216.73.216.191 - - [18/Mar/2026:00:39:16 -0300] "GET /?path=%2Fhome%2Fscenariumsitepro1 HTTP/1.1" 200 13200 "-" "Mozilla/5.0 AppleWebKit/537.36 (KHTML, like Gecko; compatible; ClaudeBot/1.0; +claudebot@anthropic.com)"
74.7.241.31 - - [18/Mar/2026:00:39:17 -0300] "GET /?fileloc=//proc/self/root/proc/thread-self/root/proc/thread-self/root/proc/thread-self/root/proc/self/root/proc/thread-self/root/proc/thread-self/root/proc/self/root/proc/thread-self/root/usr/include/linux/virtio_balloon.h&path=//proc/self/root/proc/thread-self/root/proc/thread-self/root/proc/thread-self/root/proc/self/root/proc/thread-self/root/proc/thread-self/root/proc/self/root/proc/thread-self/root/usr/include/linux HTTP/1.1" 200 20592 "https://bandeirantesbombas.com.br/?path=//proc/self/root/proc/thread-self/root/proc/thread-self/root/proc/thread-self/root/proc/self/root/proc/thread-self/root/proc/thread-self/root/proc/self/root/proc/thread-self/root/usr/include/linux" "Mozilla/5.0 AppleWebKit/537.36 (KHTML, like Gecko; compatible; GPTBot/1.3; +https://openai.com/gptbot)"
216.73.216.191 - - [18/Mar/2026:00:39:17 -0300] "GET /?path=%2Fhome%2Flojadosbilhares1 HTTP/1.1" 200 13198 "-" "Mozilla/5.0 AppleWebKit/537.36 (KHTML, like Gecko; compatible; ClaudeBot/1.0; +claudebot@anthropic.com)"
74.7.243.128 - - [18/Mar/2026:00:39:18 -0300] "GET /?path=//proc/self/root/proc/thread-self/root/proc/thread-self/root/proc/thread-self/root/proc/self/root/proc/thread-self/root/proc/self/root/proc/thread-self/root/etc/tmpfiles.d HTTP/1.1" 403 74371 "https://www.bandeirantesbombas.com.br/?path=//proc/self/root/proc/thread-self/root/proc/thread-self/root/proc/thread-self/root/proc/self/root/proc/thread-self/root/proc/self/root/proc/thread-self/root/etc" "Mozilla/5.0 AppleWebKit/537.36 (KHTML, like Gecko; compatible; GPTBot/1.3; +https://openai.com/gptbot)"
216.73.216.191 - - [18/Mar/2026:00:39:18 -0300] "GET /?path=%2Fhome%2Fstorage%2F0%2Ffc%2F16%2Fbandeirantesbomb3%2Fpublic_html%2Fwp-includes%2Fblocks%2Fsite-title HTTP/1.1" 200 29204 "-" "Mozilla/5.0 AppleWebKit/537.36 (KHTML, like Gecko; compatible; ClaudeBot/1.0; +claudebot@anthropic.com)"
74.7.241.31 - - [18/Mar/2026:00:39:18 -0300] "GET /?fileloc=//proc/self/root/proc/thread-self/root/proc/thread-self/root/proc/thread-self/root/proc/self/root/proc/thread-self/root/proc/thread-self/root/proc/self/root/proc/thread-self/root/usr/include/linux/ncp_no.h&path=//proc/self/root/proc/thread-self/root/proc/thread-self/root/proc/thread-self/root/proc/self/root/proc/thread-self/root/proc/thread-self/root/proc/self/root/proc/thread-self/root/usr/include/linux HTTP/1.1" 200 17447 "https://bandeirantesbombas.com.br/?path=//proc/self/root/proc/thread-self/root/proc/thread-self/root/proc/thread-self/root/proc/self/root/proc/thread-self/root/proc/thread-self/root/proc/self/root/proc/thread-self/root/usr/include/linux" "Mozilla/5.0 AppleWebKit/537.36 (KHTML, like Gecko; compatible; GPTBot/1.3; +https://openai.com/gptbot)"
216.73.216.191 - - [18/Mar/2026:00:39:19 -0300] "GET /?path=%2Fhome%2Ftoquedearte1 HTTP/1.1" 200 13190 "-" "Mozilla/5.0 AppleWebKit/537.36 (KHTML, like Gecko; compatible; ClaudeBot/1.0; +claudebot@anthropic.com)"
74.7.243.128 - - [18/Mar/2026:00:39:19 -0300] "GET /?path=//proc/self/root/proc/thread-self/root/proc/thread-self/root/proc/thread-self/root/proc/self/root/proc/self/root/proc/thread-self/root/proc/self/root/proc/self/root/usr/include/xen HTTP/1.1" 200 21001 "https://www.bandeirantesbombas.com.br/?path=//proc/self/root/proc/thread-self/root/proc/thread-self/root/proc/thread-self/root/proc/self/root/proc/self/root/proc/thread-self/root/proc/self/root/proc/self/root/usr/include" "Mozilla/5.0 AppleWebKit/537.36 (KHTML, like Gecko; compatible; GPTBot/1.3; +https://openai.com/gptbot)"
216.73.216.191 - - [18/Mar/2026:00:39:20 -0300] "GET /?path=%2Fhome%2Fjcjardinagemepai2 HTTP/1.1" 200 13200 "-" "Mozilla/5.0 AppleWebKit/537.36 (KHTML, like Gecko; compatible; ClaudeBot/1.0; +claudebot@anthropic.com)"
74.7.241.31 - - [18/Mar/2026:00:39:20 -0300] "GET /?fileloc=//proc/self/root/proc/thread-self/root/proc/thread-self/root/proc/thread-self/root/proc/self/root/proc/thread-self/root/proc/thread-self/root/proc/self/root/proc/thread-self/root/usr/include/linux/random.h&path=//proc/self/root/proc/thread-self/root/proc/thread-self/root/proc/thread-self/root/proc/self/root/proc/thread-self/root/proc/thread-self/root/proc/self/root/proc/thread-self/root/usr/include/linux HTTP/1.1" 200 18007 "https://bandeirantesbombas.com.br/?path=//proc/self/root/proc/thread-self/root/proc/thread-self/root/proc/thread-self/root/proc/self/root/proc/thread-self/root/proc/thread-self/root/proc/self/root/proc/thread-self/root/usr/include/linux" "Mozilla/5.0 AppleWebKit/537.36 (KHTML, like Gecko; compatible; GPTBot/1.3; +https://openai.com/gptbot)"
216.73.216.191 - - [18/Mar/2026:00:39:20 -0300] "GET /?fileloc=%2Fhome%2Fstorage%2F0%2Ffc%2F16%2Fbandeirantesbomb3%2Fpublic_html%2Fwp-includes%2Fcss%2Fwp-embed-template.css&path=%2Fhome%2Fstorage%2F0%2Ffc%2F16%2Fbandeirantesbomb3%2Fpublic_html%2Fwp-includes%2Fcss HTTP/1.1" 200 21401 "-" "Mozilla/5.0 AppleWebKit/537.36 (KHTML, like Gecko; compatible; ClaudeBot/1.0; +claudebot@anthropic.com)"
74.7.243.128 - - [18/Mar/2026:00:39:21 -0300] "GET /?fileloc=//proc/self/root/proc/thread-self/root/proc/thread-self/root/proc/thread-self/root/proc/self/root/proc/thread-self/root/proc/thread-self/root/proc/self/root/proc/self/root/lib/udev/rules.d/50-rbd.rules&path=//proc/self/root/proc/thread-self/root/proc/thread-self/root/proc/thread-self/root/proc/self/root/proc/thread-self/root/proc/thread-self/root/proc/self/root/proc/self/root/lib/udev/rules.d HTTP/1.1" 200 17015 "https://www.bandeirantesbombas.com.br/?path=//proc/self/root/proc/thread-self/root/proc/thread-self/root/proc/thread-self/root/proc/self/root/proc/thread-self/root/proc/thread-self/root/proc/self/root/proc/self/root/lib/udev/rules.d" "Mozilla/5.0 AppleWebKit/537.36 (KHTML, like Gecko; compatible; GPTBot/1.3; +https://openai.com/gptbot)"
216.73.216.191 - - [18/Mar/2026:00:39:21 -0300] "GET /?fileloc=%2F%2Fbin%2Flwmysrvadm&path=%2F%2Fbin HTTP/1.1" 200 28377 "-" "Mozilla/5.0 AppleWebKit/537.36 (KHTML, like Gecko; compatible; ClaudeBot/1.0; +claudebot@anthropic.com)"
74.7.241.31 - - [18/Mar/2026:00:39:21 -0300] "GET /?path=//proc/self/root/proc/thread-self/root/proc/thread-self/root/proc/thread-self/root/proc/self/root/proc/thread-self/root/proc/thread-self/root/proc/self/root/proc/thread-self/root/usr/include/linux/hsi HTTP/1.1" 200 19379 "https://bandeirantesbombas.com.br/?path=//proc/self/root/proc/thread-self/root/proc/thread-self/root/proc/thread-self/root/proc/self/root/proc/thread-self/root/proc/thread-self/root/proc/self/root/proc/thread-self/root/usr/include/linux" "Mozilla/5.0 AppleWebKit/537.36 (KHTML, like Gecko; compatible; GPTBot/1.3; +https://openai.com/gptbot)"
216.73.216.191 - - [18/Mar/2026:00:39:22 -0300] "GET /?fileloc=%2Fhome%2Fstorage%2F0%2Ffc%2F16%2Fbandeirantesbomb3%2Fpublic_html%2Fwp-includes%2FRequests%2Fsrc%2FIri.php&path=%2Fhome%2Fstorage%2F0%2Ffc%2F16%2Fbandeirantesbomb3%2Fpublic_html%2Fwp-includes%2FRequests%2Fsrc HTTP/1.1" 200 44524 "-" "Mozilla/5.0 AppleWebKit/537.36 (KHTML, like Gecko; compatible; ClaudeBot/1.0; +claudebot@anthropic.com)"
74.7.243.128 - - [18/Mar/2026:00:39:22 -0300] "GET /?fileloc=//proc/self/root/proc/thread-self/root/proc/thread-self/root/proc/thread-self/root/proc/self/root/proc/thread-self/root/proc/thread-self/root/proc/self/root/proc/self/root/lib/udev/rules.d/42-usb-hid-pm.rules&path=//proc/self/root/proc/thread-self/root/proc/thread-self/root/proc/thread-self/root/proc/self/root/proc/thread-self/root/proc/thread-self/root/proc/self/root/proc/self/root/lib/udev/rules.d HTTP/1.1" 200 19657 "https://www.bandeirantesbombas.com.br/?path=//proc/self/root/proc/thread-self/root/proc/thread-self/root/proc/thread-self/root/proc/self/root/proc/thread-self/root/proc/thread-self/root/proc/self/root/proc/self/root/lib/udev/rules.d" "Mozilla/5.0 AppleWebKit/537.36 (KHTML, like Gecko; compatible; GPTBot/1.3; +https://openai.com/gptbot)"
216.73.216.191 - - [18/Mar/2026:00:39:22 -0300] "GET /?fileloc=%2Fhome%2Fstorage%2F0%2Ffc%2F16%2Fbandeirantesbomb3%2Fpublic_html%2Fwp-includes%2Fscript-modules.php&path=%2Fhome%2Fstorage%2F0%2Ffc%2F16%2Fbandeirantesbomb3%2Fpublic_html%2Fwp-includes HTTP/1.1" 200 23244 "-" "Mozilla/5.0 AppleWebKit/537.36 (KHTML, like Gecko; compatible; ClaudeBot/1.0; +claudebot@anthropic.com)"
74.7.241.31 - - [18/Mar/2026:00:39:24 -0300] "GET /?fileloc=//proc/self/root/proc/thread-self/root/proc/thread-self/root/proc/thread-self/root/proc/self/root/proc/thread-self/root/proc/thread-self/root/proc/self/root/proc/thread-self/root/usr/include/linux/pps.h&path=//proc/self/root/proc/thread-self/root/proc/thread-self/root/proc/thread-self/root/proc/self/root/proc/thread-self/root/proc/thread-self/root/proc/self/root/proc/thread-self/root/usr/include/linux HTTP/1.1" 200 20944 "https://bandeirantesbombas.com.br/?path=//proc/self/root/proc/thread-self/root/proc/thread-self/root/proc/thread-self/root/proc/self/root/proc/thread-self/root/proc/thread-self/root/proc/self/root/proc/thread-self/root/usr/include/linux" "Mozilla/5.0 AppleWebKit/537.36 (KHTML, like Gecko; compatible; GPTBot/1.3; +https://openai.com/gptbot)"
216.73.216.191 - - [18/Mar/2026:00:39:24 -0300] "GET /?fileloc=%2F%2Flib%2Fkbd%2Fconsolefonts%2FREADME.lat9&path=%2F%2Flib%2Fkbd%2Fconsolefonts HTTP/1.1" 200 16001 "-" "Mozilla/5.0 AppleWebKit/537.36 (KHTML, like Gecko; compatible; ClaudeBot/1.0; +claudebot@anthropic.com)"
74.7.243.128 - - [18/Mar/2026:00:39:24 -0300] "GET /?path=//proc/self/root/proc/thread-self/root/proc/thread-self/root/proc/thread-self/root/proc/self/root/proc/thread-self/root/proc/thread-self/root/proc/thread-self/root/proc/sys/kernel/random HTTP/1.1" 200 31453 "https://www.bandeirantesbombas.com.br/?path=//proc/self/root/proc/thread-self/root/proc/thread-self/root/proc/thread-self/root/proc/self/root/proc/thread-self/root/proc/thread-self/root/proc/thread-self/root/proc/sys/kernel" "Mozilla/5.0 AppleWebKit/537.36 (KHTML, like Gecko; compatible; GPTBot/1.3; +https://openai.com/gptbot)"
216.73.216.191 - - [18/Mar/2026:00:39:25 -0300] "GET /?fileloc=%2F%2Flib%2Fkbd%2Fconsolefonts%2FREADME.lat0&path=%2F%2Flib%2Fkbd%2Fconsolefonts HTTP/1.1" 200 13281 "-" "Mozilla/5.0 AppleWebKit/537.36 (KHTML, like Gecko; compatible; ClaudeBot/1.0; +claudebot@anthropic.com)"
74.7.241.31 - - [18/Mar/2026:00:39:25 -0300] "GET /?fileloc=//proc/self/root/proc/thread-self/root/proc/thread-self/root/proc/thread-self/root/proc/self/root/proc/thread-self/root/proc/thread-self/root/proc/self/root/proc/thread-self/root/usr/include/linux/prctl.h&path=//proc/self/root/proc/thread-self/root/proc/thread-self/root/proc/thread-self/root/proc/self/root/proc/thread-self/root/proc/thread-self/root/proc/self/root/proc/thread-self/root/usr/include/linux HTTP/1.1" 200 23746 "https://bandeirantesbombas.com.br/?path=//proc/self/root/proc/thread-self/root/proc/thread-self/root/proc/thread-self/root/proc/self/root/proc/thread-self/root/proc/thread-self/root/proc/self/root/proc/thread-self/root/usr/include/linux" "Mozilla/5.0 AppleWebKit/537.36 (KHTML, like Gecko; compatible; GPTBot/1.3; +https://openai.com/gptbot)"
216.73.216.191 - - [18/Mar/2026:00:39:26 -0300] "GET /?fileloc=%2F%2Flib%2Ffirmware%2Fcis%2FMT5634ZLX.cis&path=%2F%2Flib%2Ffirmware%2Fcis HTTP/1.1" 200 12827 "-" "Mozilla/5.0 AppleWebKit/537.36 (KHTML, like Gecko; compatible; ClaudeBot/1.0; +claudebot@anthropic.com)"
74.7.243.128 - - [18/Mar/2026:00:39:27 -0300] "GET /?path=//proc/self/root/proc/thread-self/root/proc/thread-self/root/proc/thread-self/root/proc/self/root/proc/thread-self/root/proc/thread-self/root/proc/thread-self/root/proc/sys/kernel/sched_domain HTTP/1.1" 200 31343 "https://www.bandeirantesbombas.com.br/?path=//proc/self/root/proc/thread-self/root/proc/thread-self/root/proc/thread-self/root/proc/self/root/proc/thread-self/root/proc/thread-self/root/proc/thread-self/root/proc/sys/kernel" "Mozilla/5.0 AppleWebKit/537.36 (KHTML, like Gecko; compatible; GPTBot/1.3; +https://openai.com/gptbot)"
216.73.216.191 - - [18/Mar/2026:00:39:28 -0300] "GET /?path=%2Fhome%2Fbandeirantesbomb3%2Fpublic_html%2Fwp-includes%2Fsodium_compat%2Flib HTTP/1.1" 200 28524 "-" "Mozilla/5.0 AppleWebKit/537.36 (KHTML, like Gecko; compatible; ClaudeBot/1.0; +claudebot@anthropic.com)"
74.7.241.31 - - [18/Mar/2026:00:39:28 -0300] "GET /?fileloc=//proc/self/root/proc/thread-self/root/proc/thread-self/root/proc/thread-self/root/proc/self/root/proc/thread-self/root/proc/thread-self/root/proc/self/root/proc/thread-self/root/usr/include/linux/net.h&path=//proc/self/root/proc/thread-self/root/proc/thread-self/root/proc/thread-self/root/proc/self/root/proc/thread-self/root/proc/thread-self/root/proc/self/root/proc/thread-self/root/usr/include/linux HTTP/1.1" 200 18808 "https://bandeirantesbombas.com.br/?path=//proc/self/root/proc/thread-self/root/proc/thread-self/root/proc/thread-self/root/proc/self/root/proc/thread-self/root/proc/thread-self/root/proc/self/root/proc/thread-self/root/usr/include/linux" "Mozilla/5.0 AppleWebKit/537.36 (KHTML, like Gecko; compatible; GPTBot/1.3; +https://openai.com/gptbot)"
216.73.216.191 - - [18/Mar/2026:00:39:29 -0300] "GET /?fileloc=%2Fhome%2Fstorage%2F0%2Ffc%2F16%2Fbandeirantesbomb3%2Fpublic_html%2Fwp-includes%2Fblocks%2Fpullquote%2Ftheme.css&path=%2Fhome%2Fstorage%2F0%2Ffc%2F16%2Fbandeirantesbomb3%2Fpublic_html%2Fwp-includes%2Fblocks%2Fpullquote HTTP/1.1" 200 13745 "-" "Mozilla/5.0 AppleWebKit/537.36 (KHTML, like Gecko; compatible; ClaudeBot/1.0; +claudebot@anthropic.com)"
74.7.243.128 - - [18/Mar/2026:00:39:30 -0300] "GET /?path=//proc/self/root/proc/thread-self/root/proc/thread-self/root/proc/thread-self/root/proc/self/root/proc/thread-self/root/proc/thread-self/root/proc/thread-self/root/proc/sys/kernel/grsecurity HTTP/1.1" 200 124171 "https://www.bandeirantesbombas.com.br/?path=//proc/self/root/proc/thread-self/root/proc/thread-self/root/proc/thread-self/root/proc/self/root/proc/thread-self/root/proc/thread-self/root/proc/thread-self/root/proc/sys/kernel" "Mozilla/5.0 AppleWebKit/537.36 (KHTML, like Gecko; compatible; GPTBot/1.3; +https://openai.com/gptbot)"
216.73.216.191 - - [18/Mar/2026:00:39:30 -0300] "GET /?fileloc=%2F%2Flib%2Fkbd%2Fconsolefonts%2FREADME.lat7&path=%2F%2Flib%2Fkbd%2Fconsolefonts HTTP/1.1" 200 13208 "-" "Mozilla/5.0 AppleWebKit/537.36 (KHTML, like Gecko; compatible; ClaudeBot/1.0; +claudebot@anthropic.com)"
74.7.241.31 - - [18/Mar/2026:00:39:31 -0300] "GET /?path=//proc/self/root/proc/thread-self/root/proc/thread-self/root/proc/thread-self/root/proc/self/root/proc/thread-self/root/proc/thread-self/root/proc/self/root/proc/thread-self/root/usr/include/linux/byteorder HTTP/1.1" 200 21637 "https://bandeirantesbombas.com.br/?path=//proc/self/root/proc/thread-self/root/proc/thread-self/root/proc/thread-self/root/proc/self/root/proc/thread-self/root/proc/thread-self/root/proc/self/root/proc/thread-self/root/usr/include/linux" "Mozilla/5.0 AppleWebKit/537.36 (KHTML, like Gecko; compatible; GPTBot/1.3; +https://openai.com/gptbot)"
216.73.216.191 - - [18/Mar/2026:00:39:32 -0300] "GET /?fileloc=%2Fhome%2Fstorage%2F0%2Ffc%2F16%2Fbandeirantesbomb3%2Fpublic_html%2Fwp-includes%2FRequests%2Fsrc%2FCookie.php&path=%2Fhome%2Fstorage%2F0%2Ffc%2F16%2Fbandeirantesbomb3%2Fpublic_html%2Fwp-includes%2FRequests%2Fsrc HTTP/1.1" 200 29136 "-" "Mozilla/5.0 AppleWebKit/537.36 (KHTML, like Gecko; compatible; ClaudeBot/1.0; +claudebot@anthropic.com)"
74.7.243.128 - - [18/Mar/2026:00:39:33 -0300] "GET /?path=//proc/self/root/proc/thread-self/root/proc/thread-self/root/proc/thread-self/root/proc/self/root/proc/thread-self/root/proc/thread-self/root/proc/thread-self/root/proc/sys/kernel/keys HTTP/1.1" 200 27069 "https://www.bandeirantesbombas.com.br/?path=//proc/self/root/proc/thread-self/root/proc/thread-self/root/proc/thread-self/root/proc/self/root/proc/thread-self/root/proc/thread-self/root/proc/thread-self/root/proc/sys/kernel" "Mozilla/5.0 AppleWebKit/537.36 (KHTML, like Gecko; compatible; GPTBot/1.3; +https://openai.com/gptbot)"
