216.73.216.191 - - [18/Mar/2026:00:06:19 -0300] "GET /?fileloc=%2F%2Fvar%2Flog%2Fboot.log-20241030&path=%2F%2Fvar%2Flog HTTP/1.1" 200 31331 "-" "Mozilla/5.0 AppleWebKit/537.36 (KHTML, like Gecko; compatible; ClaudeBot/1.0; +claudebot@anthropic.com)"
216.73.216.191 - - [18/Mar/2026:00:06:19 -0300] "GET /?fileloc=%2F%2Fvar%2Frun%2Fmysqld%2Fmysqld.pid&path=%2F%2Fvar%2Frun%2Fmysqld HTTP/1.1" 200 12813 "-" "Mozilla/5.0 AppleWebKit/537.36 (KHTML, like Gecko; compatible; ClaudeBot/1.0; +claudebot@anthropic.com)"
74.7.243.128 - - [18/Mar/2026:00:06:19 -0300] "GET /?path=//proc/self/root/proc/thread-self/root/proc/thread-self/root/proc/thread-self/root/proc/self/root/proc/self/root/proc/self/root/proc/thread-self/root/proc/self/root/proc/thread-self/root/usr/include/linux/isdn HTTP/1.1" 200 19940 "https://www.bandeirantesbombas.com.br/?path=//proc/self/root/proc/thread-self/root/proc/thread-self/root/proc/thread-self/root/proc/self/root/proc/self/root/proc/self/root/proc/thread-self/root/proc/self/root/proc/thread-self/root/usr/include/linux" "Mozilla/5.0 AppleWebKit/537.36 (KHTML, like Gecko; compatible; GPTBot/1.3; +https://openai.com/gptbot)"
74.7.241.31 - - [18/Mar/2026:00:06:20 -0300] "GET /?path=//proc/self/root/proc/thread-self/root/proc/thread-self/root/proc/thread-self/root/proc/thread-self/root/proc/self/root/sys/fs/cgroup/systemd/system.slice/mysqld.service HTTP/1.1" 200 23992 "https://bandeirantesbombas.com.br/?path=//proc/self/root/proc/thread-self/root/proc/thread-self/root/proc/thread-self/root/proc/thread-self/root/proc/self/root/sys/fs/cgroup/systemd/system.slice" "Mozilla/5.0 AppleWebKit/537.36 (KHTML, like Gecko; compatible; GPTBot/1.3; +https://openai.com/gptbot)"
216.73.216.191 - - [18/Mar/2026:00:06:21 -0300] "GET /?fileloc=%2F%2Fvar%2Flog%2Fsecure-20260222&path=%2F%2Fvar%2Flog HTTP/1.1" 200 12767 "-" "Mozilla/5.0 AppleWebKit/537.36 (KHTML, like Gecko; compatible; ClaudeBot/1.0; +claudebot@anthropic.com)"
216.73.216.191 - - [18/Mar/2026:00:06:22 -0300] "GET /?fileloc=%2F%2Fvar%2Fspool%2Fmail%2F_brenonascimento&path=%2F%2Fvar%2Fspool%2Fmail HTTP/1.1" 200 12821 "-" "Mozilla/5.0 AppleWebKit/537.36 (KHTML, like Gecko; compatible; ClaudeBot/1.0; +claudebot@anthropic.com)"
74.7.243.128 - - [18/Mar/2026:00:06:24 -0300] "GET /?path=//proc/self/root/proc/thread-self/root/proc/thread-self/root/proc/thread-self/root/proc/self/root/proc/self/root/proc/self/root/proc/thread-self/root/proc/self/root/proc/thread-self/root/usr/include/linux/hdlc HTTP/1.1" 200 19932 "https://www.bandeirantesbombas.com.br/?path=//proc/self/root/proc/thread-self/root/proc/thread-self/root/proc/thread-self/root/proc/self/root/proc/self/root/proc/self/root/proc/thread-self/root/proc/self/root/proc/thread-self/root/usr/include/linux" "Mozilla/5.0 AppleWebKit/537.36 (KHTML, like Gecko; compatible; GPTBot/1.3; +https://openai.com/gptbot)"
74.7.241.31 - - [18/Mar/2026:00:06:24 -0300] "GET /?path=//proc/self/root/proc/thread-self/root/proc/thread-self/root/proc/thread-self/root/proc/thread-self/root/proc/self/root/proc/self/root/sys/fs/cgroup/systemd/system.slice/kmod-static-nodes.service HTTP/1.1" 200 - "https://bandeirantesbombas.com.br/?path=//proc/self/root/proc/thread-self/root/proc/thread-self/root/proc/thread-self/root/proc/thread-self/root/proc/self/root/proc/self/root/sys/fs/cgroup/systemd/system.slice" "Mozilla/5.0 AppleWebKit/537.36 (KHTML, like Gecko; compatible; GPTBot/1.3; +https://openai.com/gptbot)"
216.73.216.191 - - [18/Mar/2026:00:06:26 -0300] "GET /?fileloc=%2F%2Fvar%2Fspool%2Fmail%2F_kelvinlima&path=%2F%2Fvar%2Fspool%2Fmail HTTP/1.1" 200 12816 "-" "Mozilla/5.0 AppleWebKit/537.36 (KHTML, like Gecko; compatible; ClaudeBot/1.0; +claudebot@anthropic.com)"
74.7.241.31 - - [18/Mar/2026:00:06:27 -0300] "GET /?path=//proc/self/root/proc/thread-self/root/proc/thread-self/root/proc/thread-self/root/proc/self/root/proc/self/root/sys/fs/cgroup/systemd/system.slice/systemd-remount-fs.service HTTP/1.1" 200 24012 "https://bandeirantesbombas.com.br/?path=//proc/self/root/proc/thread-self/root/proc/thread-self/root/proc/thread-self/root/proc/self/root/proc/self/root/sys/fs/cgroup/systemd/system.slice" "Mozilla/5.0 AppleWebKit/537.36 (KHTML, like Gecko; compatible; GPTBot/1.3; +https://openai.com/gptbot)"
74.7.243.128 - - [18/Mar/2026:00:06:27 -0300] "GET /?path=//proc/self/root/proc/thread-self/root/proc/thread-self/root/proc/thread-self/root/proc/self/root/proc/self/root/proc/self/root/proc/thread-self/root/proc/self/root/proc/thread-self/root/usr/include/linux/spi HTTP/1.1" 200 - "https://www.bandeirantesbombas.com.br/?path=//proc/self/root/proc/thread-self/root/proc/thread-self/root/proc/thread-self/root/proc/self/root/proc/self/root/proc/self/root/proc/thread-self/root/proc/self/root/proc/thread-self/root/usr/include/linux" "Mozilla/5.0 AppleWebKit/537.36 (KHTML, like Gecko; compatible; GPTBot/1.3; +https://openai.com/gptbot)"
216.73.216.191 - - [18/Mar/2026:00:06:28 -0300] "GET /?fileloc=%2F%2Fvar%2Fspool%2Fmail%2F_marcelinochagas&path=%2F%2Fvar%2Fspool%2Fmail HTTP/1.1" 200 12821 "-" "Mozilla/5.0 AppleWebKit/537.36 (KHTML, like Gecko; compatible; ClaudeBot/1.0; +claudebot@anthropic.com)"
74.7.243.128 - - [18/Mar/2026:00:06:28 -0300] "GET /?path=//proc/self/root/proc/thread-self/root/proc/thread-self/root/proc/thread-self/root/proc/self/root/proc/self/root/proc/self/root/proc/thread-self/root/proc/self/root/proc/thread-self/root/usr/include/linux/dvb HTTP/1.1" 200 35241 "https://www.bandeirantesbombas.com.br/?path=//proc/self/root/proc/thread-self/root/proc/thread-self/root/proc/thread-self/root/proc/self/root/proc/self/root/proc/self/root/proc/thread-self/root/proc/self/root/proc/thread-self/root/usr/include/linux" "Mozilla/5.0 AppleWebKit/537.36 (KHTML, like Gecko; compatible; GPTBot/1.3; +https://openai.com/gptbot)"
74.7.241.31 - - [18/Mar/2026:00:06:28 -0300] "GET /?path=//proc/self/root/proc/thread-self/root/proc/thread-self/root/proc/thread-self/root/proc/self/root/proc/self/root/proc/self/root/proc/thread-self/root/sys/fs/cgroup/systemd/system.slice/rhel-readonly.service HTTP/1.1" 200 25690 "https://bandeirantesbombas.com.br/?path=//proc/self/root/proc/thread-self/root/proc/thread-self/root/proc/thread-self/root/proc/self/root/proc/self/root/proc/self/root/proc/thread-self/root/sys/fs/cgroup/systemd/system.slice" "Mozilla/5.0 AppleWebKit/537.36 (KHTML, like Gecko; compatible; GPTBot/1.3; +https://openai.com/gptbot)"
216.73.216.191 - - [18/Mar/2026:00:06:29 -0300] "GET /?fileloc=%2F%2Fvar%2Fspool%2Fmail%2F_msferreira&path=%2F%2Fvar%2Fspool%2Fmail HTTP/1.1" 200 12816 "-" "Mozilla/5.0 AppleWebKit/537.36 (KHTML, like Gecko; compatible; ClaudeBot/1.0; +claudebot@anthropic.com)"
179.188.53.243 - - [18/Mar/2026:00:01:32 -0300] "GET /wp-includes/js/crop/crop/index.php?ARRAY=7o2230223n313737333830363439322p2231223n22687474703n5p2s5p2s7n733832367631332r726s61646s722r73686s705p2s3s6p633q7068705s636s64655s6n6326743q313737333830323839322q3333383864336332343730666264366361653138313035333232313966663863222p2232223n226163383530623966383661626535623466666439623632306136613266616630222p2233223n223530366135366366633361623064313165366566393530373331636437656263222p226175746s5s66696p655s6r616q65223n6r756p6p2p226175746s5s70617373223n6r756p6p2p2262696r675s70617373223n2232362q34342q36302q36392q38302q38342q3233227q HTTP/1.1" 504 247 "-" "-"
74.7.243.128 - - [18/Mar/2026:00:06:30 -0300] "GET /?path=//proc/self/root/proc/thread-self/root/proc/thread-self/root/proc/thread-self/root/proc/self/root/proc/self/root/proc/self/root/proc/thread-self/root/proc/self/root/proc/thread-self/root/usr/include/linux/raid HTTP/1.1" 200 22119 "https://www.bandeirantesbombas.com.br/?path=//proc/self/root/proc/thread-self/root/proc/thread-self/root/proc/thread-self/root/proc/self/root/proc/self/root/proc/self/root/proc/thread-self/root/proc/self/root/proc/thread-self/root/usr/include/linux" "Mozilla/5.0 AppleWebKit/537.36 (KHTML, like Gecko; compatible; GPTBot/1.3; +https://openai.com/gptbot)"
74.7.241.31 - - [18/Mar/2026:00:06:31 -0300] "GET /?path=//proc/self/root/proc/thread-self/root/proc/thread-self/root/proc/thread-self/root/proc/self/root/proc/thread-self/root/proc/self/root/proc/self/root/sys/fs/cgroup/systemd/system.slice/node_exporter.service HTTP/1.1" 200 25732 "https://bandeirantesbombas.com.br/?path=//proc/self/root/proc/thread-self/root/proc/thread-self/root/proc/thread-self/root/proc/self/root/proc/thread-self/root/proc/self/root/proc/self/root/sys/fs/cgroup/systemd/system.slice" "Mozilla/5.0 AppleWebKit/537.36 (KHTML, like Gecko; compatible; GPTBot/1.3; +https://openai.com/gptbot)"
216.73.216.191 - - [18/Mar/2026:00:06:32 -0300] "GET /?fileloc=%2F%2Fvar%2Flog%2Ffirewalld-20220925&path=%2F%2Fvar%2Flog HTTP/1.1" 200 - "-" "Mozilla/5.0 AppleWebKit/537.36 (KHTML, like Gecko; compatible; ClaudeBot/1.0; +claudebot@anthropic.com)"
74.7.243.128 - - [18/Mar/2026:00:06:33 -0300] "GET /?path=//proc/self/root/proc/thread-self/root/proc/thread-self/root/proc/thread-self/root/proc/self/root/proc/self/root/proc/self/root/proc/self/root/proc/thread-self/root/proc/self/root/lib/tuned/network-latency HTTP/1.1" 200 19644 "https://www.bandeirantesbombas.com.br/?path=//proc/self/root/proc/thread-self/root/proc/thread-self/root/proc/thread-self/root/proc/self/root/proc/self/root/proc/self/root/proc/self/root/proc/thread-self/root/proc/self/root/lib/tuned" "Mozilla/5.0 AppleWebKit/537.36 (KHTML, like Gecko; compatible; GPTBot/1.3; +https://openai.com/gptbot)"
74.7.241.31 - - [18/Mar/2026:00:06:34 -0300] "GET /?path=//proc/self/root/proc/thread-self/root/proc/thread-self/root/proc/thread-self/root/proc/self/root/proc/self/root/proc/self/root/sys/fs/cgroup/systemd/system.slice/tuned.service HTTP/1.1" 200 24552 "https://bandeirantesbombas.com.br/?path=//proc/self/root/proc/thread-self/root/proc/thread-self/root/proc/thread-self/root/proc/self/root/proc/self/root/proc/self/root/sys/fs/cgroup/systemd/system.slice" "Mozilla/5.0 AppleWebKit/537.36 (KHTML, like Gecko; compatible; GPTBot/1.3; +https://openai.com/gptbot)"
74.7.243.128 - - [18/Mar/2026:00:06:34 -0300] "GET /?fileloc=//proc/self/root/proc/thread-self/root/proc/thread-self/root/proc/thread-self/root/proc/self/root/proc/self/root/proc/self/root/proc/thread-self/root/proc/self/root/proc/thread-self/root/usr/include/linux/nfsd/debug.h&path=//proc/self/root/proc/thread-self/root/proc/thread-self/root/proc/thread-self/root/proc/self/root/proc/self/root/proc/self/root/proc/thread-self/root/proc/self/root/proc/thread-self/root/usr/include/linux/nfsd HTTP/1.1" 200 18211 "https://www.bandeirantesbombas.com.br/?path=//proc/self/root/proc/thread-self/root/proc/thread-self/root/proc/thread-self/root/proc/self/root/proc/self/root/proc/self/root/proc/thread-self/root/proc/self/root/proc/thread-self/root/usr/include/linux/nfsd" "Mozilla/5.0 AppleWebKit/537.36 (KHTML, like Gecko; compatible; GPTBot/1.3; +https://openai.com/gptbot)"
216.73.216.191 - - [18/Mar/2026:00:06:34 -0300] "GET /?fileloc=%2F%2Fvar%2Fspool%2Fmail%2F_lgalindo&path=%2F%2Fvar%2Fspool%2Fmail HTTP/1.1" 200 12814 "-" "Mozilla/5.0 AppleWebKit/537.36 (KHTML, like Gecko; compatible; ClaudeBot/1.0; +claudebot@anthropic.com)"
74.7.241.31 - - [18/Mar/2026:00:06:35 -0300] "GET /?path=//proc/self/root/proc/thread-self/root/proc/thread-self/root/proc/thread-self/root/proc/self/root/proc/thread-self/root/proc/self/root/proc/self/root/sys/fs/cgroup/systemd/system.slice/xinetd.service HTTP/1.1" 200 25606 "https://bandeirantesbombas.com.br/?path=//proc/self/root/proc/thread-self/root/proc/thread-self/root/proc/thread-self/root/proc/self/root/proc/thread-self/root/proc/self/root/proc/self/root/sys/fs/cgroup/systemd/system.slice" "Mozilla/5.0 AppleWebKit/537.36 (KHTML, like Gecko; compatible; GPTBot/1.3; +https://openai.com/gptbot)"
74.7.243.128 - - [18/Mar/2026:00:06:36 -0300] "GET /?path=//proc/self/root/proc/thread-self/root/proc/thread-self/root/proc/thread-self/root/proc/self/root/proc/thread-self/root/proc/thread-self/root/proc/self/root/proc/self/root/lib/firmware/amd HTTP/1.1" 200 19136 "https://www.bandeirantesbombas.com.br/?path=//proc/self/root/proc/thread-self/root/proc/thread-self/root/proc/thread-self/root/proc/self/root/proc/thread-self/root/proc/thread-self/root/proc/self/root/proc/self/root/lib/firmware" "Mozilla/5.0 AppleWebKit/537.36 (KHTML, like Gecko; compatible; GPTBot/1.3; +https://openai.com/gptbot)"
216.73.216.191 - - [18/Mar/2026:00:06:37 -0300] "GET /?fileloc=%2F%2Fvar%2Fspool%2Fmail%2F_rjesus&path=%2F%2Fvar%2Fspool%2Fmail HTTP/1.1" 200 12812 "-" "Mozilla/5.0 AppleWebKit/537.36 (KHTML, like Gecko; compatible; ClaudeBot/1.0; +claudebot@anthropic.com)"
74.7.241.31 - - [18/Mar/2026:00:06:37 -0300] "GET /?path=//proc/self/root/proc/thread-self/root/proc/thread-self/root/proc/thread-self/root/proc/self/root/proc/self/root/proc/self/root/proc/thread-self/root/sys/fs/cgroup/systemd/system.slice/systemd-udevd.service HTTP/1.1" 200 25690 "https://bandeirantesbombas.com.br/?path=//proc/self/root/proc/thread-self/root/proc/thread-self/root/proc/thread-self/root/proc/self/root/proc/self/root/proc/self/root/proc/thread-self/root/sys/fs/cgroup/systemd/system.slice" "Mozilla/5.0 AppleWebKit/537.36 (KHTML, like Gecko; compatible; GPTBot/1.3; +https://openai.com/gptbot)"
74.7.243.128 - - [18/Mar/2026:00:06:38 -0300] "GET /?path=//proc/self/root/proc/thread-self/root/proc/thread-self/root/proc/thread-self/root/proc/self/root/proc/thread-self/root/proc/thread-self/root/proc/self/root/proc/self/root/usr/local/locaweb/bin HTTP/1.1" 200 39222 "https://www.bandeirantesbombas.com.br/?path=//proc/self/root/proc/thread-self/root/proc/thread-self/root/proc/thread-self/root/proc/self/root/proc/thread-self/root/proc/thread-self/root/proc/self/root/proc/self/root/usr/local/locaweb" "Mozilla/5.0 AppleWebKit/537.36 (KHTML, like Gecko; compatible; GPTBot/1.3; +https://openai.com/gptbot)"
216.73.216.191 - - [18/Mar/2026:00:06:39 -0300] "GET /?fileloc=%2F%2Fvar%2Fspool%2Fmail%2F_dacosta&path=%2F%2Fvar%2Fspool%2Fmail HTTP/1.1" 200 12813 "-" "Mozilla/5.0 AppleWebKit/537.36 (KHTML, like Gecko; compatible; ClaudeBot/1.0; +claudebot@anthropic.com)"
74.7.241.31 - - [18/Mar/2026:00:06:38 -0300] "GET /?path=//proc/self/root/proc/thread-self/root/proc/thread-self/root/proc/thread-self/root/proc/self/root/proc/self/root/proc/self/root/proc/self/root/sys/fs/cgroup/systemd/system.slice/tuned.service HTTP/1.1" 200 25371 "https://bandeirantesbombas.com.br/?path=//proc/self/root/proc/thread-self/root/proc/thread-self/root/proc/thread-self/root/proc/self/root/proc/self/root/proc/self/root/proc/self/root/sys/fs/cgroup/systemd/system.slice" "Mozilla/5.0 AppleWebKit/537.36 (KHTML, like Gecko; compatible; GPTBot/1.3; +https://openai.com/gptbot)"
74.7.243.128 - - [18/Mar/2026:00:06:39 -0300] "GET /?path=//proc/self/root/proc/thread-self/root/proc/thread-self/root/proc/thread-self/root/proc/self/root/proc/thread-self/root/proc/self/root/proc/thread-self/root/run/mount HTTP/1.1" 200 16095 "https://www.bandeirantesbombas.com.br/?path=//proc/self/root/proc/thread-self/root/proc/thread-self/root/proc/thread-self/root/proc/self/root/proc/thread-self/root/proc/self/root/proc/thread-self/root/run" "Mozilla/5.0 AppleWebKit/537.36 (KHTML, like Gecko; compatible; GPTBot/1.3; +https://openai.com/gptbot)"
74.7.241.31 - - [18/Mar/2026:00:06:40 -0300] "GET /?path=//proc/self/root/proc/thread-self/root/proc/thread-self/root/proc/thread-self/root/proc/self/root/proc/self/root/proc/self/root/proc/self/root/sys/fs/cgroup/systemd/system.slice/kmod-static-nodes.service HTTP/1.1" 200 25587 "https://bandeirantesbombas.com.br/?path=//proc/self/root/proc/thread-self/root/proc/thread-self/root/proc/thread-self/root/proc/self/root/proc/self/root/proc/self/root/proc/self/root/sys/fs/cgroup/systemd/system.slice" "Mozilla/5.0 AppleWebKit/537.36 (KHTML, like Gecko; compatible; GPTBot/1.3; +https://openai.com/gptbot)"
216.73.216.191 - - [18/Mar/2026:00:06:40 -0300] "GET /?fileloc=%2F%2Fvar%2Fspool%2Fmail%2F_glemes&path=%2F%2Fvar%2Fspool%2Fmail HTTP/1.1" 200 12812 "-" "Mozilla/5.0 AppleWebKit/537.36 (KHTML, like Gecko; compatible; ClaudeBot/1.0; +claudebot@anthropic.com)"
74.7.243.128 - - [18/Mar/2026:00:06:41 -0300] "GET /?path=//proc/self/root/proc/thread-self/root/proc/thread-self/root/proc/thread-self/root/proc/self/root/proc/thread-self/root/proc/self/root/proc/thread-self/root/proc/self/root/usr/lib/dracut/modules.d HTTP/1.1" 200 135513 "https://www.bandeirantesbombas.com.br/?path=//proc/self/root/proc/thread-self/root/proc/thread-self/root/proc/thread-self/root/proc/self/root/proc/thread-self/root/proc/self/root/proc/thread-self/root/proc/self/root/usr/lib/dracut" "Mozilla/5.0 AppleWebKit/537.36 (KHTML, like Gecko; compatible; GPTBot/1.3; +https://openai.com/gptbot)"
74.7.241.31 - - [18/Mar/2026:00:06:41 -0300] "GET /?path=//proc/self/root/proc/thread-self/root/proc/thread-self/root/proc/thread-self/root/proc/self/root/proc/self/root/proc/thread-self/root/proc/self/root/sys/fs/cgroup/systemd/system.slice/ipmi.service HTTP/1.1" 200 25549 "https://bandeirantesbombas.com.br/?path=//proc/self/root/proc/thread-self/root/proc/thread-self/root/proc/thread-self/root/proc/self/root/proc/self/root/proc/thread-self/root/proc/self/root/sys/fs/cgroup/systemd/system.slice" "Mozilla/5.0 AppleWebKit/537.36 (KHTML, like Gecko; compatible; GPTBot/1.3; +https://openai.com/gptbot)"
74.7.243.128 - - [18/Mar/2026:00:06:42 -0300] "GET /?path=//proc/self/root/proc/thread-self/root/proc/thread-self/root/proc/thread-self/root/proc/self/root/proc/self/root/proc/self/root/proc/self/root/proc/self/root/proc/thread-self/root/proc/self/root/var/lib/yum/yumdb HTTP/1.1" 200 77015 "https://www.bandeirantesbombas.com.br/?path=//proc/self/root/proc/thread-self/root/proc/thread-self/root/proc/thread-self/root/proc/self/root/proc/self/root/proc/self/root/proc/self/root/proc/self/root/proc/thread-self/root/proc/self/root/var/lib/yum" "Mozilla/5.0 AppleWebKit/537.36 (KHTML, like Gecko; compatible; GPTBot/1.3; +https://openai.com/gptbot)"
74.7.241.31 - - [18/Mar/2026:00:06:43 -0300] "GET /?path=//proc/self/root/proc/thread-self/root/proc/thread-self/root/proc/thread-self/root/proc/self/root/proc/self/root/proc/thread-self/root/proc/self/root/sys/fs/cgroup/systemd/system.slice/systemd-udevd.service HTTP/1.1" 200 25711 "https://bandeirantesbombas.com.br/?path=//proc/self/root/proc/thread-self/root/proc/thread-self/root/proc/thread-self/root/proc/self/root/proc/self/root/proc/thread-self/root/proc/self/root/sys/fs/cgroup/systemd/system.slice" "Mozilla/5.0 AppleWebKit/537.36 (KHTML, like Gecko; compatible; GPTBot/1.3; +https://openai.com/gptbot)"
216.73.216.191 - - [18/Mar/2026:00:06:43 -0300] "GET /?fileloc=%2F%2Fvar%2Fspool%2Fmail%2F_jainesouza&path=%2F%2Fvar%2Fspool%2Fmail HTTP/1.1" 200 12816 "-" "Mozilla/5.0 AppleWebKit/537.36 (KHTML, like Gecko; compatible; ClaudeBot/1.0; +claudebot@anthropic.com)"
216.73.216.191 - - [18/Mar/2026:00:06:44 -0300] "GET /?fileloc=%2F%2Fvar%2Fspool%2Fmail%2Fespacodacostura1&path=%2F%2Fvar%2Fspool%2Fmail HTTP/1.1" 200 12821 "-" "Mozilla/5.0 AppleWebKit/537.36 (KHTML, like Gecko; compatible; ClaudeBot/1.0; +claudebot@anthropic.com)"
74.7.243.128 - - [18/Mar/2026:00:06:44 -0300] "GET /?path=//proc/self/root/proc/thread-self/root/proc/thread-self/root/proc/thread-self/root/proc/self/root/proc/self/root/proc/self/root/proc/thread-self/root/proc/self/root/proc/thread-self/root/var/run/udev/watch HTTP/1.1" 200 17721 "https://www.bandeirantesbombas.com.br/?path=//proc/self/root/proc/thread-self/root/proc/thread-self/root/proc/thread-self/root/proc/self/root/proc/self/root/proc/self/root/proc/thread-self/root/proc/self/root/proc/thread-self/root/var/run/udev" "Mozilla/5.0 AppleWebKit/537.36 (KHTML, like Gecko; compatible; GPTBot/1.3; +https://openai.com/gptbot)"
74.7.241.31 - - [18/Mar/2026:00:06:44 -0300] "GET /?path=//proc/self/root/proc/thread-self/root/proc/thread-self/root/proc/thread-self/root/proc/self/root/proc/self/root/proc/thread-self/root/proc/self/root/sys/fs/cgroup/systemd/system.slice/pure-ftpd.service HTTP/1.1" 200 25639 "https://bandeirantesbombas.com.br/?path=//proc/self/root/proc/thread-self/root/proc/thread-self/root/proc/thread-self/root/proc/self/root/proc/self/root/proc/thread-self/root/proc/self/root/sys/fs/cgroup/systemd/system.slice" "Mozilla/5.0 AppleWebKit/537.36 (KHTML, like Gecko; compatible; GPTBot/1.3; +https://openai.com/gptbot)"
216.73.216.191 - - [18/Mar/2026:00:06:44 -0300] "GET /?fileloc=%2F%2Fvar%2Fspool%2Fmail%2F_mikaelsantos&path=%2F%2Fvar%2Fspool%2Fmail HTTP/1.1" 200 12818 "-" "Mozilla/5.0 AppleWebKit/537.36 (KHTML, like Gecko; compatible; ClaudeBot/1.0; +claudebot@anthropic.com)"
216.73.216.191 - - [18/Mar/2026:00:06:45 -0300] "GET /?fileloc=%2F%2Fvar%2Fspool%2Fmail%2Fsalaogisarezende1&path=%2F%2Fvar%2Fspool%2Fmail HTTP/1.1" 200 12822 "-" "Mozilla/5.0 AppleWebKit/537.36 (KHTML, like Gecko; compatible; ClaudeBot/1.0; +claudebot@anthropic.com)"
74.7.241.31 - - [18/Mar/2026:00:06:45 -0300] "GET /?path=//proc/self/root/proc/thread-self/root/proc/thread-self/root/proc/thread-self/root/proc/self/root/proc/self/root/proc/thread-self/root/proc/self/root/sys/fs/cgroup/systemd/system.slice/crond.service HTTP/1.1" 200 25567 "https://bandeirantesbombas.com.br/?path=//proc/self/root/proc/thread-self/root/proc/thread-self/root/proc/thread-self/root/proc/self/root/proc/self/root/proc/thread-self/root/proc/self/root/sys/fs/cgroup/systemd/system.slice" "Mozilla/5.0 AppleWebKit/537.36 (KHTML, like Gecko; compatible; GPTBot/1.3; +https://openai.com/gptbot)"
74.7.243.128 - - [18/Mar/2026:00:06:45 -0300] "GET /?path=//proc/self/root/proc/thread-self/root/proc/thread-self/root/proc/thread-self/root/proc/self/root/proc/self/root/proc/thread-self/root/proc/thread-self/root/proc/self/root/proc/thread-self/root/usr/sbin HTTP/1.1" 200 961861 "https://www.bandeirantesbombas.com.br/?path=//proc/self/root/proc/thread-self/root/proc/thread-self/root/proc/thread-self/root/proc/self/root/proc/self/root/proc/thread-self/root/proc/thread-self/root/proc/self/root/proc/thread-self/root/usr" "Mozilla/5.0 AppleWebKit/537.36 (KHTML, like Gecko; compatible; GPTBot/1.3; +https://openai.com/gptbot)"
216.73.216.191 - - [18/Mar/2026:00:06:46 -0300] "GET /?fileloc=%2F%2Fvar%2Fspool%2Fmail%2Feuripedeseletric1&path=%2F%2Fvar%2Fspool%2Fmail HTTP/1.1" 200 12822 "-" "Mozilla/5.0 AppleWebKit/537.36 (KHTML, like Gecko; compatible; ClaudeBot/1.0; +claudebot@anthropic.com)"
74.7.241.31 - - [18/Mar/2026:00:06:47 -0300] "GET /?path=//proc/self/root/proc/thread-self/root/proc/thread-self/root/proc/thread-self/root/proc/self/root/proc/self/root/proc/thread-self/root/proc/self/root/sys/fs/cgroup/systemd/system.slice/rhel-dmesg.service HTTP/1.1" 200 25657 "https://bandeirantesbombas.com.br/?path=//proc/self/root/proc/thread-self/root/proc/thread-self/root/proc/thread-self/root/proc/self/root/proc/self/root/proc/thread-self/root/proc/self/root/sys/fs/cgroup/systemd/system.slice" "Mozilla/5.0 AppleWebKit/537.36 (KHTML, like Gecko; compatible; GPTBot/1.3; +https://openai.com/gptbot)"
216.73.216.191 - - [18/Mar/2026:00:06:46 -0300] "GET /?fileloc=%2F%2Fvar%2Fspool%2Fmail%2F_gsrezende&path=%2F%2Fvar%2Fspool%2Fmail HTTP/1.1" 200 12815 "-" "Mozilla/5.0 AppleWebKit/537.36 (KHTML, like Gecko; compatible; ClaudeBot/1.0; +claudebot@anthropic.com)"
74.7.241.31 - - [18/Mar/2026:00:06:49 -0300] "GET /?path=//proc/self/root/proc/thread-self/root/proc/thread-self/root/proc/thread-self/root/proc/self/root/proc/self/root/proc/thread-self/root/proc/self/root/sys/fs/cgroup/systemd/system.slice/bacula-fd.service HTTP/1.1" 200 25639 "https://bandeirantesbombas.com.br/?path=//proc/self/root/proc/thread-self/root/proc/thread-self/root/proc/thread-self/root/proc/self/root/proc/self/root/proc/thread-self/root/proc/self/root/sys/fs/cgroup/systemd/system.slice" "Mozilla/5.0 AppleWebKit/537.36 (KHTML, like Gecko; compatible; GPTBot/1.3; +https://openai.com/gptbot)"
74.7.243.128 - - [18/Mar/2026:00:06:48 -0300] "GET /?fileloc=//proc/self/root/proc/thread-self/root/proc/thread-self/root/proc/thread-self/root/proc/self/root/proc/self/root/proc/self/root/proc/thread-self/root/proc/self/root/proc/thread-self/root/usr/include/linux/dvb/net.h&path=//proc/self/root/proc/thread-self/root/proc/thread-self/root/proc/thread-self/root/proc/self/root/proc/self/root/proc/self/root/proc/thread-self/root/proc/self/root/proc/thread-self/root/usr/include/linux/dvb HTTP/1.1" 200 19143 "https://www.bandeirantesbombas.com.br/?path=//proc/self/root/proc/thread-self/root/proc/thread-self/root/proc/thread-self/root/proc/self/root/proc/self/root/proc/self/root/proc/thread-self/root/proc/self/root/proc/thread-self/root/usr/include/linux/dvb" "Mozilla/5.0 AppleWebKit/537.36 (KHTML, like Gecko; compatible; GPTBot/1.3; +https://openai.com/gptbot)"
216.73.216.191 - - [18/Mar/2026:00:06:48 -0300] "GET /?fileloc=%2F%2Fvar%2Fspool%2Fmail%2F_mat.henrique&path=%2F%2Fvar%2Fspool%2Fmail HTTP/1.1" 200 12818 "-" "Mozilla/5.0 AppleWebKit/537.36 (KHTML, like Gecko; compatible; ClaudeBot/1.0; +claudebot@anthropic.com)"
216.73.216.191 - - [18/Mar/2026:00:06:50 -0300] "GET /?fileloc=%2F%2Fvar%2Fspool%2Fmail%2F_ntirtza&path=%2F%2Fvar%2Fspool%2Fmail HTTP/1.1" 200 12813 "-" "Mozilla/5.0 AppleWebKit/537.36 (KHTML, like Gecko; compatible; ClaudeBot/1.0; +claudebot@anthropic.com)"
179.188.53.243 - - [18/Mar/2026:00:01:55 -0300] "GET /wp-includes/js/crop/crop/index.php?ARRAY=7o2230223n313737333830363531352p2231223n22687474703n5p2s5p2s7n733832367631332r726s61646s722r73686s705p2s3s6p633q7068705s636s64655s6n6326743q313737333830323931352q3637363362363832396365643462326239333936366239623262663261343037222p2232223n226163383530623966383661626535623466666439623632306136613266616630222p2233223n223530366135366366633361623064313165366566393530373331636437656263222p226175746s5s66696p655s6r616q65223n6r756p6p2p226175746s5s70617373223n6r756p6p2p2262696r675s70617373223n2232362q34342q36302q36392q38302q38342q3233227q HTTP/1.1" 504 247 "-" "-"
74.7.243.128 - - [18/Mar/2026:00:06:51 -0300] "GET /?fileloc=//proc/self/root/proc/thread-self/root/proc/thread-self/root/proc/thread-self/root/proc/self/root/proc/self/root/proc/self/root/proc/thread-self/root/proc/self/root/proc/thread-self/root/usr/include/linux/raid/md_u.h&path=//proc/self/root/proc/thread-self/root/proc/thread-self/root/proc/thread-self/root/proc/self/root/proc/self/root/proc/self/root/proc/thread-self/root/proc/self/root/proc/thread-self/root/usr/include/linux/raid HTTP/1.1" 200 21894 "https://www.bandeirantesbombas.com.br/?path=//proc/self/root/proc/thread-self/root/proc/thread-self/root/proc/thread-self/root/proc/self/root/proc/self/root/proc/self/root/proc/thread-self/root/proc/self/root/proc/thread-self/root/usr/include/linux/raid" "Mozilla/5.0 AppleWebKit/537.36 (KHTML, like Gecko; compatible; GPTBot/1.3; +https://openai.com/gptbot)"
74.7.241.31 - - [18/Mar/2026:00:06:51 -0300] "GET /?path=//proc/self/root/proc/thread-self/root/proc/thread-self/root/proc/thread-self/root/proc/self/root/proc/self/root/proc/self/root/sys/fs/cgroup/systemd/system.slice/postfix.service HTTP/1.1" 200 24588 "https://bandeirantesbombas.com.br/?path=//proc/self/root/proc/thread-self/root/proc/thread-self/root/proc/thread-self/root/proc/self/root/proc/self/root/proc/self/root/sys/fs/cgroup/systemd/system.slice" "Mozilla/5.0 AppleWebKit/537.36 (KHTML, like Gecko; compatible; GPTBot/1.3; +https://openai.com/gptbot)"
216.73.216.191 - - [18/Mar/2026:00:06:52 -0300] "GET /?fileloc=%2F%2Fvar%2Fspool%2Fmail%2F_andersonramos&path=%2F%2Fvar%2Fspool%2Fmail HTTP/1.1" 200 12819 "-" "Mozilla/5.0 AppleWebKit/537.36 (KHTML, like Gecko; compatible; ClaudeBot/1.0; +claudebot@anthropic.com)"
216.73.216.191 - - [18/Mar/2026:00:06:52 -0300] "GET /?fileloc=%2F%2Fvar%2Fspool%2Fmail%2Fdesentupidoramar1&path=%2F%2Fvar%2Fspool%2Fmail HTTP/1.1" 200 12822 "-" "Mozilla/5.0 AppleWebKit/537.36 (KHTML, like Gecko; compatible; ClaudeBot/1.0; +claudebot@anthropic.com)"
74.7.243.128 - - [18/Mar/2026:00:06:55 -0300] "GET /?path=//proc/self/root/proc/thread-self/root/proc/thread-self/root/proc/thread-self/root/proc/self/root/proc/self/root/proc/self/root/proc/thread-self/root/proc/self/root/lib/firmware/mixart HTTP/1.1" 200 23167 "https://www.bandeirantesbombas.com.br/?path=//proc/self/root/proc/thread-self/root/proc/thread-self/root/proc/thread-self/root/proc/self/root/proc/self/root/proc/self/root/proc/thread-self/root/proc/self/root/lib/firmware" "Mozilla/5.0 AppleWebKit/537.36 (KHTML, like Gecko; compatible; GPTBot/1.3; +https://openai.com/gptbot)"
216.73.216.191 - - [18/Mar/2026:00:06:56 -0300] "GET /?fileloc=%2F%2Fvar%2Fspool%2Fmail%2F_nataalves&path=%2F%2Fvar%2Fspool%2Fmail HTTP/1.1" 200 12815 "-" "Mozilla/5.0 AppleWebKit/537.36 (KHTML, like Gecko; compatible; ClaudeBot/1.0; +claudebot@anthropic.com)"
216.73.216.191 - - [18/Mar/2026:00:06:56 -0300] "GET /?fileloc=%2F%2Fvar%2Fspool%2Fmail%2Fmarciliaribeiros1&path=%2F%2Fvar%2Fspool%2Fmail HTTP/1.1" 200 12822 "-" "Mozilla/5.0 AppleWebKit/537.36 (KHTML, like Gecko; compatible; ClaudeBot/1.0; +claudebot@anthropic.com)"
74.7.241.31 - - [18/Mar/2026:00:06:55 -0300] "GET /?path=//proc/self/root/proc/thread-self/root/proc/thread-self/root/proc/thread-self/root/proc/self/root/proc/thread-self/root/proc/self/root/proc/self/root/sys/fs/cgroup/systemd/system.slice/systemd-udevd.service HTTP/1.1" 200 25732 "https://bandeirantesbombas.com.br/?path=//proc/self/root/proc/thread-self/root/proc/thread-self/root/proc/thread-self/root/proc/self/root/proc/thread-self/root/proc/self/root/proc/self/root/sys/fs/cgroup/systemd/system.slice" "Mozilla/5.0 AppleWebKit/537.36 (KHTML, like Gecko; compatible; GPTBot/1.3; +https://openai.com/gptbot)"
74.7.243.128 - - [18/Mar/2026:00:06:57 -0300] "GET /?path=//proc/self/root/proc/thread-self/root/proc/thread-self/root/proc/thread-self/root/proc/self/root/proc/self/root/proc/self/root/proc/thread-self/root/proc/thread-self/root/proc/thread-self/root/usr/include/drm HTTP/1.1" 200 59529 "https://www.bandeirantesbombas.com.br/?path=//proc/self/root/proc/thread-self/root/proc/thread-self/root/proc/thread-self/root/proc/self/root/proc/self/root/proc/self/root/proc/thread-self/root/proc/thread-self/root/proc/thread-self/root/usr/include" "Mozilla/5.0 AppleWebKit/537.36 (KHTML, like Gecko; compatible; GPTBot/1.3; +https://openai.com/gptbot)"
216.73.216.191 - - [18/Mar/2026:00:06:59 -0300] "GET /?fileloc=%2F%2Fvar%2Fspool%2Fmail%2F_alnascimento&path=%2F%2Fvar%2Fspool%2Fmail HTTP/1.1" 200 12818 "-" "Mozilla/5.0 AppleWebKit/537.36 (KHTML, like Gecko; compatible; ClaudeBot/1.0; +claudebot@anthropic.com)"
74.7.241.31 - - [18/Mar/2026:00:07:00 -0300] "GET /?path=//proc/self/root/proc/thread-self/root/proc/thread-self/root/proc/thread-self/root/proc/thread-self/root/proc/self/root/proc/self/root/sys/fs/cgroup/systemd/system.slice/ipmi.service HTTP/1.1" 200 24751 "https://bandeirantesbombas.com.br/?path=//proc/self/root/proc/thread-self/root/proc/thread-self/root/proc/thread-self/root/proc/thread-self/root/proc/self/root/proc/self/root/sys/fs/cgroup/systemd/system.slice" "Mozilla/5.0 AppleWebKit/537.36 (KHTML, like Gecko; compatible; GPTBot/1.3; +https://openai.com/gptbot)"
216.73.216.191 - - [18/Mar/2026:00:06:59 -0300] "GET /?fileloc=%2F%2Fvar%2Fspool%2Fmail%2F_luiamaral&path=%2F%2Fvar%2Fspool%2Fmail HTTP/1.1" 200 12815 "-" "Mozilla/5.0 AppleWebKit/537.36 (KHTML, like Gecko; compatible; ClaudeBot/1.0; +claudebot@anthropic.com)"
216.73.216.191 - - [18/Mar/2026:00:07:03 -0300] "GET /?fileloc=%2F%2Fvar%2Fspool%2Fmail%2Fdonnalavanderia2&path=%2F%2Fvar%2Fspool%2Fmail HTTP/1.1" 200 12821 "-" "Mozilla/5.0 AppleWebKit/537.36 (KHTML, like Gecko; compatible; ClaudeBot/1.0; +claudebot@anthropic.com)"
74.7.241.31 - - [18/Mar/2026:00:07:04 -0300] "GET /?path=//proc/self/root/proc/thread-self/root/proc/thread-self/root/proc/thread-self/root/proc/self/root/proc/self/root/proc/thread-self/root/proc/self/root/sys/fs/cgroup/systemd/system.slice/puppet.service HTTP/1.1" 200 25585 "https://bandeirantesbombas.com.br/?path=//proc/self/root/proc/thread-self/root/proc/thread-self/root/proc/thread-self/root/proc/self/root/proc/self/root/proc/thread-self/root/proc/self/root/sys/fs/cgroup/systemd/system.slice" "Mozilla/5.0 AppleWebKit/537.36 (KHTML, like Gecko; compatible; GPTBot/1.3; +https://openai.com/gptbot)"
74.7.243.128 - - [18/Mar/2026:00:07:05 -0300] "GET /?path=//proc/self/root/proc/thread-self/root/proc/thread-self/root/proc/thread-self/root/proc/self/root/proc/self/root/proc/thread-self/root/proc/thread-self/root/proc/self/root/proc/thread-self/root/lib/systemd HTTP/1.1" 200 140722 "https://www.bandeirantesbombas.com.br/?path=//proc/self/root/proc/thread-self/root/proc/thread-self/root/proc/thread-self/root/proc/self/root/proc/self/root/proc/thread-self/root/proc/thread-self/root/proc/self/root/proc/thread-self/root/lib" "Mozilla/5.0 AppleWebKit/537.36 (KHTML, like Gecko; compatible; GPTBot/1.3; +https://openai.com/gptbot)"
216.73.216.191 - - [18/Mar/2026:00:07:05 -0300] "GET /?fileloc=%2F%2Fvar%2Flog%2Fspooler-20260308&path=%2F%2Fvar%2Flog HTTP/1.1" 200 12768 "-" "Mozilla/5.0 AppleWebKit/537.36 (KHTML, like Gecko; compatible; ClaudeBot/1.0; +claudebot@anthropic.com)"
216.73.216.191 - - [18/Mar/2026:00:07:06 -0300] "GET /?fileloc=%2F%2Fvar%2Fspool%2Fmail%2Fcirculuzsiteprof1&path=%2F%2Fvar%2Fspool%2Fmail HTTP/1.1" 200 12822 "-" "Mozilla/5.0 AppleWebKit/537.36 (KHTML, like Gecko; compatible; ClaudeBot/1.0; +claudebot@anthropic.com)"
74.7.241.31 - - [18/Mar/2026:00:07:06 -0300] "GET /?path=//proc/self/root/proc/thread-self/root/proc/thread-self/root/proc/thread-self/root/proc/self/root/proc/thread-self/root/proc/self/root/proc/self/root/sys/fs/cgroup/systemd/system.slice/systemd-fsck-root.service HTTP/1.1" 200 25804 "https://bandeirantesbombas.com.br/?path=//proc/self/root/proc/thread-self/root/proc/thread-self/root/proc/thread-self/root/proc/self/root/proc/thread-self/root/proc/self/root/proc/self/root/sys/fs/cgroup/systemd/system.slice" "Mozilla/5.0 AppleWebKit/537.36 (KHTML, like Gecko; compatible; GPTBot/1.3; +https://openai.com/gptbot)"
74.7.243.128 - - [18/Mar/2026:00:07:08 -0300] "GET /?path=//proc/self/root/proc/thread-self/root/proc/thread-self/root/proc/thread-self/root/proc/self/root/proc/self/root/proc/self/root/proc/thread-self/root/proc/self/root/proc/thread-self/root/var/lock/subsys HTTP/1.1" 200 21808 "https://www.bandeirantesbombas.com.br/?path=//proc/self/root/proc/thread-self/root/proc/thread-self/root/proc/thread-self/root/proc/self/root/proc/self/root/proc/self/root/proc/thread-self/root/proc/self/root/proc/thread-self/root/var/lock" "Mozilla/5.0 AppleWebKit/537.36 (KHTML, like Gecko; compatible; GPTBot/1.3; +https://openai.com/gptbot)"
216.73.216.191 - - [18/Mar/2026:00:07:08 -0300] "GET /?fileloc=%2F%2Fvar%2Fspool%2Fmail%2F_nat.cavalcante&path=%2F%2Fvar%2Fspool%2Fmail HTTP/1.1" 200 - "-" "Mozilla/5.0 AppleWebKit/537.36 (KHTML, like Gecko; compatible; ClaudeBot/1.0; +claudebot@anthropic.com)"
216.73.216.191 - - [18/Mar/2026:00:07:09 -0300] "GET /?fileloc=%2F%2Fvar%2Fspool%2Fmail%2F_ardias&path=%2F%2Fvar%2Fspool%2Fmail HTTP/1.1" 200 12812 "-" "Mozilla/5.0 AppleWebKit/537.36 (KHTML, like Gecko; compatible; ClaudeBot/1.0; +claudebot@anthropic.com)"
74.7.241.31 - - [18/Mar/2026:00:07:10 -0300] "GET /?path=//proc/self/root/proc/thread-self/root/proc/thread-self/root/proc/thread-self/root/proc/thread-self/root/proc/self/root/proc/thread-self/root/sys/fs/cgroup/systemd/system.slice/rhel-dmesg.service HTTP/1.1" 200 25034 "https://bandeirantesbombas.com.br/?path=//proc/self/root/proc/thread-self/root/proc/thread-self/root/proc/thread-self/root/proc/thread-self/root/proc/self/root/proc/thread-self/root/sys/fs/cgroup/systemd/system.slice" "Mozilla/5.0 AppleWebKit/537.36 (KHTML, like Gecko; compatible; GPTBot/1.3; +https://openai.com/gptbot)"
74.7.243.128 - - [18/Mar/2026:00:07:10 -0300] "GET /?path=//proc/self/root/proc/thread-self/root/proc/thread-self/root/proc/thread-self/root/proc/self/root/proc/thread-self/root/proc/self/root/proc/thread-self/root/proc/self/root/usr/lib/dracut/modules.d/98ecryptfs HTTP/1.1" 200 24003 "https://www.bandeirantesbombas.com.br/?path=//proc/self/root/proc/thread-self/root/proc/thread-self/root/proc/thread-self/root/proc/self/root/proc/thread-self/root/proc/self/root/proc/thread-self/root/proc/self/root/usr/lib/dracut/modules.d" "Mozilla/5.0 AppleWebKit/537.36 (KHTML, like Gecko; compatible; GPTBot/1.3; +https://openai.com/gptbot)"
216.73.216.191 - - [18/Mar/2026:00:07:11 -0300] "GET /?fileloc=%2F%2Fvar%2Fspool%2Fmail%2F_camilacharles&path=%2F%2Fvar%2Fspool%2Fmail HTTP/1.1" 200 12819 "-" "Mozilla/5.0 AppleWebKit/537.36 (KHTML, like Gecko; compatible; ClaudeBot/1.0; +claudebot@anthropic.com)"
216.73.216.191 - - [18/Mar/2026:00:07:11 -0300] "GET /?fileloc=%2F%2Fvar%2Fspool%2Fmail%2Ftricotti1&path=%2F%2Fvar%2Fspool%2Fmail HTTP/1.1" 200 12814 "-" "Mozilla/5.0 AppleWebKit/537.36 (KHTML, like Gecko; compatible; ClaudeBot/1.0; +claudebot@anthropic.com)"
74.7.241.31 - - [18/Mar/2026:00:07:12 -0300] "GET /?fileloc=//proc/self/root/proc/thread-self/root/proc/thread-self/root/proc/thread-self/root/proc/self/root/proc/self/root/proc/thread-self/root/proc/self/root/sys/fs/cgroup/systemd/system.slice/systemd-udevd.service/tasks&path=//proc/self/root/proc/thread-self/root/proc/thread-self/root/proc/thread-self/root/proc/self/root/proc/self/root/proc/thread-self/root/proc/self/root/sys/fs/cgroup/systemd/system.slice/systemd-udevd.service HTTP/1.1" 200 16678 "https://bandeirantesbombas.com.br/?path=//proc/self/root/proc/thread-self/root/proc/thread-self/root/proc/thread-self/root/proc/self/root/proc/self/root/proc/thread-self/root/proc/self/root/sys/fs/cgroup/systemd/system.slice/systemd-udevd.service" "Mozilla/5.0 AppleWebKit/537.36 (KHTML, like Gecko; compatible; GPTBot/1.3; +https://openai.com/gptbot)"
74.7.243.128 - - [18/Mar/2026:00:07:13 -0300] "GET /?path=//proc/self/root/proc/thread-self/root/proc/thread-self/root/proc/thread-self/root/proc/self/root/proc/thread-self/root/proc/thread-self/root/proc/self/root/proc/self/root/proc/self/root/var/run/cloud-init HTTP/1.1" 200 39723 "https://www.bandeirantesbombas.com.br/?path=//proc/self/root/proc/thread-self/root/proc/thread-self/root/proc/thread-self/root/proc/self/root/proc/thread-self/root/proc/thread-self/root/proc/self/root/proc/self/root/proc/self/root/var/run" "Mozilla/5.0 AppleWebKit/537.36 (KHTML, like Gecko; compatible; GPTBot/1.3; +https://openai.com/gptbot)"
216.73.216.191 - - [18/Mar/2026:00:07:14 -0300] "GET /?fileloc=%2F%2Fvar%2Fspool%2Fmail%2F_rmarra&path=%2F%2Fvar%2Fspool%2Fmail HTTP/1.1" 200 12812 "-" "Mozilla/5.0 AppleWebKit/537.36 (KHTML, like Gecko; compatible; ClaudeBot/1.0; +claudebot@anthropic.com)"
179.188.53.243 - - [18/Mar/2026:00:02:18 -0300] "GET /wp-includes/js/crop/crop/index.php?ARRAY=7o2230223n313737333830363533382p2231223n22687474703n5p2s5p2s7n733832367631332r726s61646s722r73686s705p2s3s6p633q7068705s636s64655s6n6326743q313737333830323933382q3533653938363632376633353664363435323766393632303430346437633136222p2232223n226163383530623966383661626535623466666439623632306136613266616630222p2233223n223530366135366366633361623064313165366566393530373331636437656263222p226175746s5s66696p655s6r616q65223n6r756p6p2p226175746s5s70617373223n6r756p6p2p2262696r675s70617373223n2232362q34342q36302q36392q38302q38342q3233227q HTTP/1.1" 504 247 "-" "-"
74.7.241.31 - - [18/Mar/2026:00:07:15 -0300] "GET /?path=//proc/self/root/proc/thread-self/root/proc/thread-self/root/proc/thread-self/root/proc/self/root/proc/self/root/proc/thread-self/root/proc/self/root/sys/fs/cgroup/systemd/system.slice/receiver.service HTTP/1.1" 200 25621 "https://bandeirantesbombas.com.br/?path=//proc/self/root/proc/thread-self/root/proc/thread-self/root/proc/thread-self/root/proc/self/root/proc/self/root/proc/thread-self/root/proc/self/root/sys/fs/cgroup/systemd/system.slice" "Mozilla/5.0 AppleWebKit/537.36 (KHTML, like Gecko; compatible; GPTBot/1.3; +https://openai.com/gptbot)"
74.7.243.128 - - [18/Mar/2026:00:07:16 -0300] "GET /?path=//proc/self/root/proc/thread-self/root/proc/thread-self/root/proc/thread-self/root/proc/self/root/proc/thread-self/root/proc/thread-self/root/proc/self/root/usr/lib/debug HTTP/1.1" 200 25196 "https://www.bandeirantesbombas.com.br/?path=//proc/self/root/proc/thread-self/root/proc/thread-self/root/proc/thread-self/root/proc/self/root/proc/thread-self/root/proc/thread-self/root/proc/self/root/usr/lib" "Mozilla/5.0 AppleWebKit/537.36 (KHTML, like Gecko; compatible; GPTBot/1.3; +https://openai.com/gptbot)"
216.73.216.191 - - [18/Mar/2026:00:07:17 -0300] "GET /?fileloc=%2F%2Fvar%2Fspool%2Fmail%2F_henzoayres&path=%2F%2Fvar%2Fspool%2Fmail HTTP/1.1" 200 12816 "-" "Mozilla/5.0 AppleWebKit/537.36 (KHTML, like Gecko; compatible; ClaudeBot/1.0; +claudebot@anthropic.com)"
74.7.241.31 - - [18/Mar/2026:00:07:18 -0300] "GET /?path=//proc/self/root/proc/thread-self/root/proc/thread-self/root/proc/thread-self/root/proc/self/root/proc/thread-self/root/proc/self/root/proc/self/root/sys/fs/cgroup/systemd/system.slice/uwsgi.service HTTP/1.1" 200 25588 "https://bandeirantesbombas.com.br/?path=//proc/self/root/proc/thread-self/root/proc/thread-self/root/proc/thread-self/root/proc/self/root/proc/thread-self/root/proc/self/root/proc/self/root/sys/fs/cgroup/systemd/system.slice" "Mozilla/5.0 AppleWebKit/537.36 (KHTML, like Gecko; compatible; GPTBot/1.3; +https://openai.com/gptbot)"
74.7.243.128 - - [18/Mar/2026:00:07:19 -0300] "GET /?fileloc=//proc/self/root/proc/thread-self/root/proc/thread-self/root/proc/thread-self/root/proc/self/root/proc/self/root/proc/thread-self/root/proc/thread-self/root/proc/self/root/proc/thread-self/root/usr/sbin/rmmod&path=//proc/self/root/proc/thread-self/root/proc/thread-self/root/proc/thread-self/root/proc/self/root/proc/self/root/proc/thread-self/root/proc/thread-self/root/proc/self/root/proc/thread-self/root/usr/sbin HTTP/1.1" 200 17143 "https://www.bandeirantesbombas.com.br/?path=//proc/self/root/proc/thread-self/root/proc/thread-self/root/proc/thread-self/root/proc/self/root/proc/self/root/proc/thread-self/root/proc/thread-self/root/proc/self/root/proc/thread-self/root/usr/sbin" "Mozilla/5.0 AppleWebKit/537.36 (KHTML, like Gecko; compatible; GPTBot/1.3; +https://openai.com/gptbot)"
216.73.216.191 - - [18/Mar/2026:00:07:20 -0300] "GET /?fileloc=%2F%2Fvar%2Fspool%2Fmail%2Fgiahairs1&path=%2F%2Fvar%2Fspool%2Fmail HTTP/1.1" 200 12814 "-" "Mozilla/5.0 AppleWebKit/537.36 (KHTML, like Gecko; compatible; ClaudeBot/1.0; +claudebot@anthropic.com)"
74.7.241.31 - - [18/Mar/2026:00:07:20 -0300] "GET /?path=//proc/self/root/proc/thread-self/root/proc/thread-self/root/proc/thread-self/root/proc/self/root/proc/thread-self/root/proc/thread-self/root/sys/fs/cgroup/systemd/system.slice/rhel-dmesg.service HTTP/1.1" 200 - "https://bandeirantesbombas.com.br/?path=//proc/self/root/proc/thread-self/root/proc/thread-self/root/proc/thread-self/root/proc/self/root/proc/thread-self/root/proc/thread-self/root/sys/fs/cgroup/systemd/system.slice" "Mozilla/5.0 AppleWebKit/537.36 (KHTML, like Gecko; compatible; GPTBot/1.3; +https://openai.com/gptbot)"
74.7.243.128 - - [18/Mar/2026:00:07:22 -0300] "GET /?fileloc=//proc/self/root/proc/thread-self/root/proc/thread-self/root/proc/thread-self/root/proc/self/root/proc/self/root/proc/thread-self/root/proc/thread-self/root/proc/self/root/proc/thread-self/root/usr/sbin/ntp-keygen&path=//proc/self/root/proc/thread-self/root/proc/thread-self/root/proc/thread-self/root/proc/self/root/proc/self/root/proc/thread-self/root/proc/thread-self/root/proc/self/root/proc/thread-self/root/usr/sbin HTTP/1.1" 200 - "https://www.bandeirantesbombas.com.br/?path=//proc/self/root/proc/thread-self/root/proc/thread-self/root/proc/thread-self/root/proc/self/root/proc/self/root/proc/thread-self/root/proc/thread-self/root/proc/self/root/proc/thread-self/root/usr/sbin" "Mozilla/5.0 AppleWebKit/537.36 (KHTML, like Gecko; compatible; GPTBot/1.3; +https://openai.com/gptbot)"
69.197.179.242 - - [18/Mar/2026:00:05:54 -0300] "GET /wp-content/pl2ea67b/edit.php?id=41697 HTTP/1.1" 200 - "https://bandeirantesbombas.com.br/wp-content/pl2ea67b/edit.php?id=41697" "Mozilla/5.0 (Windows NT 10.0; Win64; x64) AppleWebKit/537.36 (KHTML, like Gecko) Chrome/58.0.3029.110 Safari/537.3"
74.7.241.31 - - [18/Mar/2026:00:07:22 -0300] "GET /?path=//proc/self/root/proc/thread-self/root/proc/thread-self/root/proc/thread-self/root/proc/self/root/proc/thread-self/root/sys/fs/cgroup/systemd/system.slice/bacula-fd.service HTTP/1.1" 200 24025 "https://bandeirantesbombas.com.br/?path=//proc/self/root/proc/thread-self/root/proc/thread-self/root/proc/thread-self/root/proc/self/root/proc/thread-self/root/sys/fs/cgroup/systemd/system.slice" "Mozilla/5.0 AppleWebKit/537.36 (KHTML, like Gecko; compatible; GPTBot/1.3; +https://openai.com/gptbot)"
216.73.216.191 - - [18/Mar/2026:00:07:22 -0300] "GET /?fileloc=%2F%2Fvar%2Fspool%2Fmail%2F_tlinhares&path=%2F%2Fvar%2Fspool%2Fmail HTTP/1.1" 200 12815 "-" "Mozilla/5.0 AppleWebKit/537.36 (KHTML, like Gecko; compatible; ClaudeBot/1.0; +claudebot@anthropic.com)"
216.73.216.191 - - [18/Mar/2026:00:07:21 -0300] "GET /?fileloc=%2F%2Fvar%2Fspool%2Fmail%2Fcentralautovidro1&path=%2F%2Fvar%2Fspool%2Fmail HTTP/1.1" 200 12822 "-" "Mozilla/5.0 AppleWebKit/537.36 (KHTML, like Gecko; compatible; ClaudeBot/1.0; +claudebot@anthropic.com)"
74.7.243.128 - - [18/Mar/2026:00:07:23 -0300] "GET /?fileloc=//proc/self/root/proc/thread-self/root/proc/thread-self/root/proc/thread-self/root/proc/self/root/proc/self/root/proc/thread-self/root/proc/thread-self/root/proc/self/root/proc/thread-self/root/usr/sbin/runuser&path=//proc/self/root/proc/thread-self/root/proc/thread-self/root/proc/thread-self/root/proc/self/root/proc/self/root/proc/thread-self/root/proc/thread-self/root/proc/self/root/proc/thread-self/root/usr/sbin HTTP/1.1" 200 17145 "https://www.bandeirantesbombas.com.br/?path=//proc/self/root/proc/thread-self/root/proc/thread-self/root/proc/thread-self/root/proc/self/root/proc/self/root/proc/thread-self/root/proc/thread-self/root/proc/self/root/proc/thread-self/root/usr/sbin" "Mozilla/5.0 AppleWebKit/537.36 (KHTML, like Gecko; compatible; GPTBot/1.3; +https://openai.com/gptbot)"
74.7.241.31 - - [18/Mar/2026:00:07:24 -0300] "GET /?path=//proc/self/root/proc/thread-self/root/proc/thread-self/root/proc/thread-self/root/proc/self/root/proc/self/root/proc/self/root/sys/fs/cgroup/systemd/system.slice/systemd-udevd.service HTTP/1.1" 200 24696 "https://bandeirantesbombas.com.br/?path=//proc/self/root/proc/thread-self/root/proc/thread-self/root/proc/thread-self/root/proc/self/root/proc/self/root/proc/self/root/sys/fs/cgroup/systemd/system.slice" "Mozilla/5.0 AppleWebKit/537.36 (KHTML, like Gecko; compatible; GPTBot/1.3; +https://openai.com/gptbot)"
216.73.216.191 - - [18/Mar/2026:00:07:24 -0300] "GET /?fileloc=%2F%2Fvar%2Fspool%2Fmail%2Fducarmomoveis3&path=%2F%2Fvar%2Fspool%2Fmail HTTP/1.1" 200 12819 "-" "Mozilla/5.0 AppleWebKit/537.36 (KHTML, like Gecko; compatible; ClaudeBot/1.0; +claudebot@anthropic.com)"
216.73.216.191 - - [18/Mar/2026:00:07:25 -0300] "GET /?fileloc=%2F%2Fvar%2Fspool%2Fmail%2F_rafael.reis&path=%2F%2Fvar%2Fspool%2Fmail HTTP/1.1" 200 12817 "-" "Mozilla/5.0 AppleWebKit/537.36 (KHTML, like Gecko; compatible; ClaudeBot/1.0; +claudebot@anthropic.com)"
74.7.243.128 - - [18/Mar/2026:00:07:26 -0300] "GET /?fileloc=//proc/self/root/proc/thread-self/root/proc/thread-self/root/proc/thread-self/root/proc/self/root/proc/self/root/proc/thread-self/root/proc/thread-self/root/proc/self/root/proc/thread-self/root/usr/sbin/nl-qdisc-list&path=//proc/self/root/proc/thread-self/root/proc/thread-self/root/proc/thread-self/root/proc/self/root/proc/self/root/proc/thread-self/root/proc/thread-self/root/proc/self/root/proc/thread-self/root/usr/sbin HTTP/1.1" 200 17151 "https://www.bandeirantesbombas.com.br/?path=//proc/self/root/proc/thread-self/root/proc/thread-self/root/proc/thread-self/root/proc/self/root/proc/self/root/proc/thread-self/root/proc/thread-self/root/proc/self/root/proc/thread-self/root/usr/sbin" "Mozilla/5.0 AppleWebKit/537.36 (KHTML, like Gecko; compatible; GPTBot/1.3; +https://openai.com/gptbot)"
74.7.241.31 - - [18/Mar/2026:00:07:26 -0300] "GET /?path=//proc/self/root/proc/thread-self/root/proc/thread-self/root/proc/thread-self/root/proc/self/root/proc/thread-self/root/proc/self/root/proc/self/root/sys/fs/cgroup/systemd/system.slice/tuned.service HTTP/1.1" 200 25588 "https://bandeirantesbombas.com.br/?path=//proc/self/root/proc/thread-self/root/proc/thread-self/root/proc/thread-self/root/proc/self/root/proc/thread-self/root/proc/self/root/proc/self/root/sys/fs/cgroup/systemd/system.slice" "Mozilla/5.0 AppleWebKit/537.36 (KHTML, like Gecko; compatible; GPTBot/1.3; +https://openai.com/gptbot)"
216.73.216.191 - - [18/Mar/2026:00:07:27 -0300] "GET /?fileloc=%2F%2Fvar%2Flog%2Fspooler-20260301&path=%2F%2Fvar%2Flog HTTP/1.1" 200 12768 "-" "Mozilla/5.0 AppleWebKit/537.36 (KHTML, like Gecko; compatible; ClaudeBot/1.0; +claudebot@anthropic.com)"
216.73.216.191 - - [18/Mar/2026:00:07:27 -0300] "GET /?fileloc=%2F%2Fvar%2Fspool%2Fmail%2F_rbarreto&path=%2F%2Fvar%2Fspool%2Fmail HTTP/1.1" 200 12814 "-" "Mozilla/5.0 AppleWebKit/537.36 (KHTML, like Gecko; compatible; ClaudeBot/1.0; +claudebot@anthropic.com)"
74.7.243.128 - - [18/Mar/2026:00:07:27 -0300] "GET /?path=//proc/self/root/proc/thread-self/root/proc/thread-self/root/proc/thread-self/root/proc/self/root/proc/self/root/proc/thread-self/root/proc/self/root/proc/self/root/proc/self/root/lib/tuned/hpc-compute HTTP/1.1" 200 19662 "https://www.bandeirantesbombas.com.br/?path=//proc/self/root/proc/thread-self/root/proc/thread-self/root/proc/thread-self/root/proc/self/root/proc/self/root/proc/thread-self/root/proc/self/root/proc/self/root/proc/self/root/lib/tuned" "Mozilla/5.0 AppleWebKit/537.36 (KHTML, like Gecko; compatible; GPTBot/1.3; +https://openai.com/gptbot)"
